{"id":128,"date":"2016-07-08T18:59:14","date_gmt":"2016-07-08T18:59:14","guid":{"rendered":"https:\/\/www.trespass.network\/?page_id=128"},"modified":"2016-07-08T18:59:14","modified_gmt":"2016-07-08T18:59:14","slug":"llamamiento-a-articulos","status":"publish","type":"page","link":"https:\/\/blogs.sindominio.net\/trespass\/es\/llamamiento-a-articulos\/","title":{"rendered":"Llamada a comunicaciones"},"content":{"rendered":"<p><span id=\"result_box\" class=\"\" lang=\"es\"><strong><span class=\"\">Trespass<\/span><\/strong> <span class=\"\">tiene dos<\/span> secciones<span class=\"\">, a saber,<\/span> la teor\u00eda y las intervenciones:<\/span><\/p>\n<p><span class=\"\">La<\/span><strong><span class=\"\"> Teor\u00eda<\/span><\/strong> <span class=\"alt-edited\">consiste en<\/span> <span class=\"alt-edited\">ediciones de la revista<\/span>.<\/p>\n<p><span id=\"result_box\" class=\"\" lang=\"es\">Esta secci\u00f3n te\u00f3rica <span class=\"\">es<\/span> <span class=\"\">revisada por pares<\/span><span class=\"\">,<\/span> <span class=\"\">lo que significa que<\/span> <span class=\"\">los<\/span> <span class=\"\">art\u00edculos seleccionados<\/span> <span class=\"\">por el equipo editorial<\/span> <span class=\"\">recibir\u00e1n<\/span> la <span class=\"alt-edited\">cr\u00edtica<\/span> <span class=\"\">an\u00f3nima de dos personas<\/span>. <span class=\"\">Los autores deben<\/span> <span class=\"\">incorporar los elementos<\/span> <span class=\"\">que consideren<\/span> <span class=\"\">pertinentes<\/span><span class=\"\">,<\/span> <span class=\"\">antes de enviar el<\/span> <span class=\"\">texto de nuevo<\/span> <span class=\"\">para una<\/span> <span class=\"\">evaluaci\u00f3n final<\/span>.<\/span><\/p>\n<p><span class=\"\">Aunque el sistema<\/span> <span class=\"\">de revisi\u00f3n por pares<\/span> <span class=\"\">es com\u00fan en el<\/span> mundo acad\u00e9mico, <span class=\"\">no tenemos la intenci\u00f3n<\/span> <span class=\"\">de privilegiar<\/span> <span class=\"\">el formato<\/span> <span class=\"\">acad\u00e9mico<\/span>, <span class=\"alt-edited\">sino m\u00e1s bien<\/span> <span class=\"\">tener un mecanismo para<\/span> <span class=\"\">mejorar la<\/span> <span class=\"\">calidad de los textos<\/span> <span class=\"\">gracias al esfuerzo<\/span> <span class=\"\">desinteresado de<\/span> <span class=\"alt-edited\">revisores<\/span> <span class=\"\">an\u00f3nimos<\/span>.<\/p>\n<p><span class=\"\">Al menos<\/span> <span class=\"\">uno de los revisores<\/span> <span class=\"\">estar\u00e1 vinculado al territorio<\/span><span class=\"\">.<\/span> <span class=\"\">El revisor<\/span> <span class=\"alt-edited\">local de<\/span> <span class=\"\">se asegurar\u00e1 de que<\/span> <span class=\"\">el contenido del<\/span> <span class=\"\">art\u00edculo se ajusta<\/span> <span class=\"\">a la realidad<\/span> <span class=\"\">que describe,<\/span> <span class=\"\">bas\u00e1ndose <\/span><span class=\"\">en su experiencia concreta<\/span> <span class=\"\">en las luchas<\/span>. L<span class=\"\">os colaboradores<\/span> <span class=\"\">no locales<\/span> <span class=\"\">se asegurar\u00e1n de que<\/span> est\u00e9n presentes <span class=\"\">los elementos contextuales<\/span><span class=\"\"> necesarios para<\/span> <span class=\"\">entender<\/span> los contenidos.<\/p>\n<p><span id=\"result_box\" class=\"\" lang=\"es\">Preferimos textos de entre 4.000 y 10.000 palabras.<\/span><\/p>\n<p><span id=\"result_box\" class=\"\" lang=\"es\"><span class=\"\">Las <strong>Intervenciones<\/strong><\/span> <span class=\"\">consisten en<\/span> <span class=\"\">entradas de la bit\u00e1cora<\/span> <span class=\"\">bajo consideraci\u00f3n<\/span> editorial <span class=\"\">(no<\/span> <span class=\"\">revisada por pares<\/span><span class=\"\">)<\/span> <span class=\"\">y est\u00e1n abiertas<\/span> <span class=\"\">a todo tipo de formatos<\/span>: <span class=\"\">comunicados<\/span>; <span class=\"\">im\u00e1genes;<\/span> <span class=\"\">manifiestos<\/span><span class=\"\">;<\/span> <span class=\"\">noticias;<\/span> <span class=\"alt-edited\">llamamientos a la solidaridad<\/span>; <span class=\"\">etc. El <\/span><span class=\"alt-edited\">enfoque est\u00e1 en<\/span> <span class=\"\">facilitar la comunicaci\u00f3n entre<\/span> <span class=\"\">okupantes<\/span> <span class=\"alt-edited\">y activistas<\/span> <span class=\"alt-edited\">a nivel mundial<\/span><span class=\"\">,<\/span> <span class=\"\">y en<\/span> contribuir a <span class=\"\">las<\/span> <span class=\"\">redes<\/span> <span class=\"\">que est\u00e1n alineadas con<\/span> <span class=\"\">la okupaci\u00f3n<\/span><span class=\"\">, para ampliar<\/span> <span class=\"\">la visibilidad de<\/span> <span class=\"\">sus<\/span> <span class=\"\">demandas y acciones<\/span>.<\/span><\/p>\n<p><span class=\"\">En la secci\u00f3n de Intervenciones tambi\u00e9n<\/span> <span class=\"\">se<\/span> <span class=\"alt-edited\">incluyen respuestas<\/span> <span class=\"\">a las comunicaciones y cartas<\/span> anteriormente publicadas en la revista.\u00a0<span class=\"\">Este tipo de<\/span> <span class=\"\">intervenciones<\/span> se a\u00f1adir\u00e1n a la versi\u00f3n impresa.<\/p>\n<p><span id=\"result_box\" class=\"\" lang=\"es\"><span class=\"\">Se invita los colectivos e individuos<\/span> interesados<span class=\"\"> a compartir<\/span> sus textos en cualquiera de <span class=\"\">las lenguas utilizadas por<\/span> <span class=\"\">Trespass.<\/span> <span class=\"\">Tambi\u00e9n damos la bienvenida<\/span> a materiales referentes a <span class=\"\">conocimientos pr\u00e1cticos<\/span> como <span class=\"\">manuales de okupaci\u00f3n y de<\/span> asesor\u00eda jur\u00eddica.<\/span><\/p>\n<p><a href=\"https:\/\/www.trespass.network\/?page_id=134&amp;lang=es\"><span class=\"alt-edited\">L\u00ednea editorial<\/span><\/a><br \/>\nPara contactar con los <span class=\"\">editores, escribir a <\/span>editor@trespass.network<\/p>\n","protected":false},"excerpt":{"rendered":"<p>Trespass tiene dos secciones, a saber, la teor\u00eda y las intervenciones: La Teor\u00eda consiste en ediciones de la revista. Esta secci\u00f3n te\u00f3rica es revisada por pares, lo que significa que los art\u00edculos seleccionados por el equipo editorial recibir\u00e1n la cr\u00edtica &hellip;<\/p>\n<p class=\"read-more\"> <a class=\"more-link\" href=\"https:\/\/blogs.sindominio.net\/trespass\/es\/llamamiento-a-articulos\/\"> <span class=\"screen-reader-text\">Llamada a comunicaciones<\/span> Leer m\u00e1s \u00bb<\/a><\/p>\n","protected":false},"author":177,"featured_media":0,"parent":0,"menu_order":0,"comment_status":"closed","ping_status":"closed","template":"","meta":{"footnotes":""},"class_list":["post-128","page","type-page","status-publish","hentry"],"_links":{"self":[{"href":"https:\/\/blogs.sindominio.net\/trespass\/wp-json\/wp\/v2\/pages\/128","targetHints":{"allow":["GET"]}}],"collection":[{"href":"https:\/\/blogs.sindominio.net\/trespass\/wp-json\/wp\/v2\/pages"}],"about":[{"href":"https:\/\/blogs.sindominio.net\/trespass\/wp-json\/wp\/v2\/types\/page"}],"author":[{"embeddable":true,"href":"https:\/\/blogs.sindominio.net\/trespass\/wp-json\/wp\/v2\/users\/177"}],"replies":[{"embeddable":true,"href":"https:\/\/blogs.sindominio.net\/trespass\/wp-json\/wp\/v2\/comments?post=128"}],"version-history":[{"count":0,"href":"https:\/\/blogs.sindominio.net\/trespass\/wp-json\/wp\/v2\/pages\/128\/revisions"}],"wp:attachment":[{"href":"https:\/\/blogs.sindominio.net\/trespass\/wp-json\/wp\/v2\/media?parent=128"}],"curies":[{"name":"wp","href":"https:\/\/api.w.org\/{rel}","templated":true}]}}