{"id":92,"date":"2024-08-21T02:39:39","date_gmt":"2024-08-21T00:39:39","guid":{"rendered":"https:\/\/blogs.sindominio.net\/tallerlacloaca\/?page_id=92"},"modified":"2025-03-12T12:11:52","modified_gmt":"2025-03-12T11:11:52","slug":"ferramentes","status":"publish","type":"page","link":"https:\/\/blogs.sindominio.net\/tallerlacloaca\/ferramentes\/","title":{"rendered":"Ferramentes"},"content":{"rendered":"\n<h2 class=\"wp-block-heading has-text-color has-link-color wp-elements-2816bd27590964d7c09ad20943abda0d\" style=\"color:#190b25\">Ferramentes<\/h2>\n\n\n\n<div class=\"wp-block-group alignwide has-global-padding is-layout-constrained wp-block-group-is-layout-constrained\">\n<p class=\"has-contrast-color has-text-color has-link-color has-body-font-family has-medium-font-size wp-elements-4824664b3af559a1d79fb607c5bd512d\">Ac\u00ed mostrem les ferramentes m\u00e9s importants que tenim. \u00c9s una llista en constant actualitzaci\u00f3.<\/p>\n<\/div>\n\n\n\n<div class=\"wp-block-group alignfull has-base-2-background-color has-background has-global-padding is-layout-constrained wp-container-core-group-is-layout-b25ccd55 wp-block-group-is-layout-constrained\" style=\"margin-top:0;margin-bottom:0;padding-top:var(--wp--preset--spacing--50);padding-right:var(--wp--preset--spacing--50);padding-bottom:var(--wp--preset--spacing--50);padding-left:var(--wp--preset--spacing--50)\">\n<div class=\"wp-block-media-text is-stacked-on-mobile\"><figure class=\"wp-block-media-text__media\"><img loading=\"lazy\" decoding=\"async\" width=\"1024\" height=\"768\" src=\"https:\/\/blogs.sindominio.net\/tallerlacloaca\/files\/2024\/09\/signal-2024-09-12-21-40-21-449-22-1-1024x768.jpg\" alt=\"\" class=\"wp-image-226 size-full\" srcset=\"https:\/\/blogs.sindominio.net\/tallerlacloaca\/files\/2024\/09\/signal-2024-09-12-21-40-21-449-22-1-1024x768.jpg 1024w, https:\/\/blogs.sindominio.net\/tallerlacloaca\/files\/2024\/09\/signal-2024-09-12-21-40-21-449-22-1-300x225.jpg 300w, https:\/\/blogs.sindominio.net\/tallerlacloaca\/files\/2024\/09\/signal-2024-09-12-21-40-21-449-22-1-768x576.jpg 768w, https:\/\/blogs.sindominio.net\/tallerlacloaca\/files\/2024\/09\/signal-2024-09-12-21-40-21-449-22-1-1536x1152.jpg 1536w, https:\/\/blogs.sindominio.net\/tallerlacloaca\/files\/2024\/09\/signal-2024-09-12-21-40-21-449-22-1.jpg 1600w\" sizes=\"auto, (max-width: 1024px) 100vw, 1024px\" \/><\/figure><div class=\"wp-block-media-text__content\">\n<p>Espai de treball d&#8217;electr\u00f2nica.<\/p>\n<\/div><\/div>\n\n\n\n<div class=\"wp-block-media-text is-stacked-on-mobile\"><figure class=\"wp-block-media-text__media\"><img loading=\"lazy\" decoding=\"async\" width=\"1024\" height=\"877\" src=\"https:\/\/blogs.sindominio.net\/tallerlacloaca\/files\/2025\/03\/Screenshot-2025-03-12-at-11.49.44-1024x877.png\" alt=\"\" class=\"wp-image-371 size-full\" srcset=\"https:\/\/blogs.sindominio.net\/tallerlacloaca\/files\/2025\/03\/Screenshot-2025-03-12-at-11.49.44-1024x877.png 1024w, https:\/\/blogs.sindominio.net\/tallerlacloaca\/files\/2025\/03\/Screenshot-2025-03-12-at-11.49.44-300x257.png 300w, https:\/\/blogs.sindominio.net\/tallerlacloaca\/files\/2025\/03\/Screenshot-2025-03-12-at-11.49.44-768x658.png 768w, https:\/\/blogs.sindominio.net\/tallerlacloaca\/files\/2025\/03\/Screenshot-2025-03-12-at-11.49.44.png 1322w\" sizes=\"auto, (max-width: 1024px) 100vw, 1024px\" \/><\/figure><div class=\"wp-block-media-text__content\">\n<p>Espai de treball de bricolatge.<\/p>\n<\/div><\/div>\n\n\n\n<div class=\"wp-block-media-text is-stacked-on-mobile\"><figure class=\"wp-block-media-text__media\"><img loading=\"lazy\" decoding=\"async\" width=\"1024\" height=\"777\" src=\"https:\/\/blogs.sindominio.net\/tallerlacloaca\/files\/2024\/09\/foto_01-1024x777.jpg\" alt=\"\" class=\"wp-image-277 size-full\" srcset=\"https:\/\/blogs.sindominio.net\/tallerlacloaca\/files\/2024\/09\/foto_01-1024x777.jpg 1024w, https:\/\/blogs.sindominio.net\/tallerlacloaca\/files\/2024\/09\/foto_01-300x228.jpg 300w, https:\/\/blogs.sindominio.net\/tallerlacloaca\/files\/2024\/09\/foto_01-768x582.jpg 768w, https:\/\/blogs.sindominio.net\/tallerlacloaca\/files\/2024\/09\/foto_01-1536x1165.jpg 1536w, https:\/\/blogs.sindominio.net\/tallerlacloaca\/files\/2024\/09\/foto_01.jpg 1556w\" sizes=\"auto, (max-width: 1024px) 100vw, 1024px\" \/><\/figure><div class=\"wp-block-media-text__content\">\n<p>3\u00ba espai de treball.<\/p>\n<\/div><\/div>\n\n\n\n<div class=\"wp-block-media-text is-stacked-on-mobile\"><figure class=\"wp-block-media-text__media\"><img loading=\"lazy\" decoding=\"async\" width=\"948\" height=\"772\" src=\"https:\/\/blogs.sindominio.net\/tallerlacloaca\/files\/2025\/03\/Screenshot-2025-03-12-at-12.00.06.png\" alt=\"\" class=\"wp-image-374 size-full\" srcset=\"https:\/\/blogs.sindominio.net\/tallerlacloaca\/files\/2025\/03\/Screenshot-2025-03-12-at-12.00.06.png 948w, https:\/\/blogs.sindominio.net\/tallerlacloaca\/files\/2025\/03\/Screenshot-2025-03-12-at-12.00.06-300x244.png 300w, https:\/\/blogs.sindominio.net\/tallerlacloaca\/files\/2025\/03\/Screenshot-2025-03-12-at-12.00.06-768x625.png 768w\" sizes=\"auto, (max-width: 948px) 100vw, 948px\" \/><\/figure><div class=\"wp-block-media-text__content\">\n<p>Equip de soldadura amb el\u00e8ctrode.<\/p>\n<\/div><\/div>\n\n\n\n<div class=\"wp-block-media-text is-stacked-on-mobile\"><figure class=\"wp-block-media-text__media\"><img loading=\"lazy\" decoding=\"async\" width=\"1024\" height=\"768\" src=\"https:\/\/blogs.sindominio.net\/tallerlacloaca\/files\/2024\/09\/signal-2024-09-12-21-40-21-449-7-1024x768.jpg\" alt=\"\" class=\"wp-image-175 size-full\" srcset=\"https:\/\/blogs.sindominio.net\/tallerlacloaca\/files\/2024\/09\/signal-2024-09-12-21-40-21-449-7-1024x768.jpg 1024w, https:\/\/blogs.sindominio.net\/tallerlacloaca\/files\/2024\/09\/signal-2024-09-12-21-40-21-449-7-300x225.jpg 300w, https:\/\/blogs.sindominio.net\/tallerlacloaca\/files\/2024\/09\/signal-2024-09-12-21-40-21-449-7-768x576.jpg 768w, https:\/\/blogs.sindominio.net\/tallerlacloaca\/files\/2024\/09\/signal-2024-09-12-21-40-21-449-7-1536x1152.jpg 1536w, https:\/\/blogs.sindominio.net\/tallerlacloaca\/files\/2024\/09\/signal-2024-09-12-21-40-21-449-7.jpg 1600w\" sizes=\"auto, (max-width: 1024px) 100vw, 1024px\" \/><\/figure><div class=\"wp-block-media-text__content\">\n<p>Serra de taula.<\/p>\n<\/div><\/div>\n\n\n\n<div class=\"wp-block-media-text is-stacked-on-mobile\"><figure class=\"wp-block-media-text__media\"><img loading=\"lazy\" decoding=\"async\" width=\"1024\" height=\"768\" src=\"https:\/\/blogs.sindominio.net\/tallerlacloaca\/files\/2024\/09\/signal-2024-09-12-21-40-21-449-1024x768.jpg\" alt=\"\" class=\"wp-image-178 size-full\" srcset=\"https:\/\/blogs.sindominio.net\/tallerlacloaca\/files\/2024\/09\/signal-2024-09-12-21-40-21-449-1024x768.jpg 1024w, https:\/\/blogs.sindominio.net\/tallerlacloaca\/files\/2024\/09\/signal-2024-09-12-21-40-21-449-300x225.jpg 300w, https:\/\/blogs.sindominio.net\/tallerlacloaca\/files\/2024\/09\/signal-2024-09-12-21-40-21-449-768x576.jpg 768w, https:\/\/blogs.sindominio.net\/tallerlacloaca\/files\/2024\/09\/signal-2024-09-12-21-40-21-449-1536x1152.jpg 1536w, https:\/\/blogs.sindominio.net\/tallerlacloaca\/files\/2024\/09\/signal-2024-09-12-21-40-21-449.jpg 1600w\" sizes=\"auto, (max-width: 1024px) 100vw, 1024px\" \/><\/figure><div class=\"wp-block-media-text__content\">\n<p>Soldadors per a electr\u00f2nica.<\/p>\n<\/div><\/div>\n\n\n\n<div class=\"wp-block-media-text is-stacked-on-mobile\"><figure class=\"wp-block-media-text__media\"><img loading=\"lazy\" decoding=\"async\" width=\"900\" height=\"1024\" src=\"https:\/\/blogs.sindominio.net\/tallerlacloaca\/files\/2024\/09\/signal-2024-09-12-21-40-21-449-19-1-900x1024.jpg\" alt=\"\" class=\"wp-image-180 size-full\" srcset=\"https:\/\/blogs.sindominio.net\/tallerlacloaca\/files\/2024\/09\/signal-2024-09-12-21-40-21-449-19-1-900x1024.jpg 900w, https:\/\/blogs.sindominio.net\/tallerlacloaca\/files\/2024\/09\/signal-2024-09-12-21-40-21-449-19-1-264x300.jpg 264w, https:\/\/blogs.sindominio.net\/tallerlacloaca\/files\/2024\/09\/signal-2024-09-12-21-40-21-449-19-1-768x874.jpg 768w, https:\/\/blogs.sindominio.net\/tallerlacloaca\/files\/2024\/09\/signal-2024-09-12-21-40-21-449-19-1.jpg 1200w\" sizes=\"auto, (max-width: 900px) 100vw, 900px\" \/><\/figure><div class=\"wp-block-media-text__content\">\n<p>Tornavisos de precisi\u00f3.<\/p>\n<\/div><\/div>\n\n\n\n<div class=\"wp-block-media-text is-stacked-on-mobile\"><figure class=\"wp-block-media-text__media\"><img loading=\"lazy\" decoding=\"async\" width=\"1024\" height=\"723\" src=\"https:\/\/blogs.sindominio.net\/tallerlacloaca\/files\/2024\/09\/signal-2024-09-12-21-40-21-449-9-1024x723.jpg\" alt=\"\" class=\"wp-image-183 size-full\" srcset=\"https:\/\/blogs.sindominio.net\/tallerlacloaca\/files\/2024\/09\/signal-2024-09-12-21-40-21-449-9-1024x723.jpg 1024w, https:\/\/blogs.sindominio.net\/tallerlacloaca\/files\/2024\/09\/signal-2024-09-12-21-40-21-449-9-300x212.jpg 300w, https:\/\/blogs.sindominio.net\/tallerlacloaca\/files\/2024\/09\/signal-2024-09-12-21-40-21-449-9-768x543.jpg 768w, https:\/\/blogs.sindominio.net\/tallerlacloaca\/files\/2024\/09\/signal-2024-09-12-21-40-21-449-9.jpg 1264w\" sizes=\"auto, (max-width: 1024px) 100vw, 1024px\" \/><\/figure><div class=\"wp-block-media-text__content\">\n<p>Trepants el\u00e8ctrics de paret.<\/p>\n<\/div><\/div>\n\n\n\n<div class=\"wp-block-media-text is-stacked-on-mobile\"><figure class=\"wp-block-media-text__media\"><img loading=\"lazy\" decoding=\"async\" width=\"768\" height=\"1024\" src=\"https:\/\/blogs.sindominio.net\/tallerlacloaca\/files\/2024\/09\/signal-2024-09-12-21-40-21-449-20-768x1024.jpg\" alt=\"\" class=\"wp-image-182 size-full\" srcset=\"https:\/\/blogs.sindominio.net\/tallerlacloaca\/files\/2024\/09\/signal-2024-09-12-21-40-21-449-20-768x1024.jpg 768w, https:\/\/blogs.sindominio.net\/tallerlacloaca\/files\/2024\/09\/signal-2024-09-12-21-40-21-449-20-225x300.jpg 225w, https:\/\/blogs.sindominio.net\/tallerlacloaca\/files\/2024\/09\/signal-2024-09-12-21-40-21-449-20-1152x1536.jpg 1152w, https:\/\/blogs.sindominio.net\/tallerlacloaca\/files\/2024\/09\/signal-2024-09-12-21-40-21-449-20.jpg 1200w\" sizes=\"auto, (max-width: 768px) 100vw, 768px\" \/><\/figure><div class=\"wp-block-media-text__content\">\n<p>Caragol de banc.<\/p>\n<\/div><\/div>\n\n\n\n<div class=\"wp-block-media-text is-stacked-on-mobile\"><figure class=\"wp-block-media-text__media\"><img loading=\"lazy\" decoding=\"async\" width=\"594\" height=\"1024\" src=\"https:\/\/blogs.sindominio.net\/tallerlacloaca\/files\/2024\/09\/signal-2024-09-12-21-40-21-449-21-1-594x1024.jpg\" alt=\"\" class=\"wp-image-181 size-full\" srcset=\"https:\/\/blogs.sindominio.net\/tallerlacloaca\/files\/2024\/09\/signal-2024-09-12-21-40-21-449-21-1-594x1024.jpg 594w, https:\/\/blogs.sindominio.net\/tallerlacloaca\/files\/2024\/09\/signal-2024-09-12-21-40-21-449-21-1-174x300.jpg 174w, https:\/\/blogs.sindominio.net\/tallerlacloaca\/files\/2024\/09\/signal-2024-09-12-21-40-21-449-21-1-768x1324.jpg 768w, https:\/\/blogs.sindominio.net\/tallerlacloaca\/files\/2024\/09\/signal-2024-09-12-21-40-21-449-21-1-891x1536.jpg 891w, https:\/\/blogs.sindominio.net\/tallerlacloaca\/files\/2024\/09\/signal-2024-09-12-21-40-21-449-21-1.jpg 900w\" sizes=\"auto, (max-width: 594px) 100vw, 594px\" \/><\/figure><div class=\"wp-block-media-text__content\">\n<p>Malet\u00ed multiferramenta.<\/p>\n<\/div><\/div>\n\n\n\n<div class=\"wp-block-media-text is-stacked-on-mobile\"><figure class=\"wp-block-media-text__media\"><img loading=\"lazy\" decoding=\"async\" width=\"1024\" height=\"751\" src=\"https:\/\/blogs.sindominio.net\/tallerlacloaca\/files\/2024\/09\/signal-2024-09-12-21-40-21-449-12-1024x751.jpg\" alt=\"\" class=\"wp-image-228 size-full\" srcset=\"https:\/\/blogs.sindominio.net\/tallerlacloaca\/files\/2024\/09\/signal-2024-09-12-21-40-21-449-12-1024x751.jpg 1024w, https:\/\/blogs.sindominio.net\/tallerlacloaca\/files\/2024\/09\/signal-2024-09-12-21-40-21-449-12-300x220.jpg 300w, https:\/\/blogs.sindominio.net\/tallerlacloaca\/files\/2024\/09\/signal-2024-09-12-21-40-21-449-12-768x563.jpg 768w, https:\/\/blogs.sindominio.net\/tallerlacloaca\/files\/2024\/09\/signal-2024-09-12-21-40-21-449-12.jpg 1304w\" sizes=\"auto, (max-width: 1024px) 100vw, 1024px\" \/><\/figure><div class=\"wp-block-media-text__content\">\n<p>Tornav\u00eds el\u00e8ctric.<\/p>\n<\/div><\/div>\n\n\n\n<div class=\"wp-block-media-text is-stacked-on-mobile\"><figure class=\"wp-block-media-text__media\"><img loading=\"lazy\" decoding=\"async\" width=\"1024\" height=\"733\" src=\"https:\/\/blogs.sindominio.net\/tallerlacloaca\/files\/2024\/09\/signal-2024-09-12-21-40-21-449-10-1024x733.jpg\" alt=\"\" class=\"wp-image-229 size-full\" srcset=\"https:\/\/blogs.sindominio.net\/tallerlacloaca\/files\/2024\/09\/signal-2024-09-12-21-40-21-449-10-1024x733.jpg 1024w, https:\/\/blogs.sindominio.net\/tallerlacloaca\/files\/2024\/09\/signal-2024-09-12-21-40-21-449-10-300x215.jpg 300w, https:\/\/blogs.sindominio.net\/tallerlacloaca\/files\/2024\/09\/signal-2024-09-12-21-40-21-449-10-768x550.jpg 768w, https:\/\/blogs.sindominio.net\/tallerlacloaca\/files\/2024\/09\/signal-2024-09-12-21-40-21-449-10-1536x1099.jpg 1536w, https:\/\/blogs.sindominio.net\/tallerlacloaca\/files\/2024\/09\/signal-2024-09-12-21-40-21-449-10.jpg 1548w\" sizes=\"auto, (max-width: 1024px) 100vw, 1024px\" \/><\/figure><div class=\"wp-block-media-text__content\">\n<p>Fregadora el\u00e8ctrica.<\/p>\n<\/div><\/div>\n\n\n\n<div class=\"wp-block-media-text is-stacked-on-mobile\"><figure class=\"wp-block-media-text__media\"><img loading=\"lazy\" decoding=\"async\" width=\"1024\" height=\"536\" src=\"https:\/\/blogs.sindominio.net\/tallerlacloaca\/files\/2024\/09\/signal-2024-09-12-21-40-21-449-15-1024x536.jpg\" alt=\"\" class=\"wp-image-230 size-full\" srcset=\"https:\/\/blogs.sindominio.net\/tallerlacloaca\/files\/2024\/09\/signal-2024-09-12-21-40-21-449-15-1024x536.jpg 1024w, https:\/\/blogs.sindominio.net\/tallerlacloaca\/files\/2024\/09\/signal-2024-09-12-21-40-21-449-15-300x157.jpg 300w, https:\/\/blogs.sindominio.net\/tallerlacloaca\/files\/2024\/09\/signal-2024-09-12-21-40-21-449-15-768x402.jpg 768w, https:\/\/blogs.sindominio.net\/tallerlacloaca\/files\/2024\/09\/signal-2024-09-12-21-40-21-449-15-1536x804.jpg 1536w, https:\/\/blogs.sindominio.net\/tallerlacloaca\/files\/2024\/09\/signal-2024-09-12-21-40-21-449-15.jpg 1576w\" sizes=\"auto, (max-width: 1024px) 100vw, 1024px\" \/><\/figure><div class=\"wp-block-media-text__content\">\n<p>Radial de paret.<\/p>\n<\/div><\/div>\n\n\n\n<div class=\"wp-block-media-text is-stacked-on-mobile\"><figure class=\"wp-block-media-text__media\"><img loading=\"lazy\" decoding=\"async\" width=\"1024\" height=\"745\" src=\"https:\/\/blogs.sindominio.net\/tallerlacloaca\/files\/2024\/09\/signal-2024-09-12-21-40-21-449-1-1024x745.jpg\" alt=\"\" class=\"wp-image-231 size-full\" srcset=\"https:\/\/blogs.sindominio.net\/tallerlacloaca\/files\/2024\/09\/signal-2024-09-12-21-40-21-449-1-1024x745.jpg 1024w, https:\/\/blogs.sindominio.net\/tallerlacloaca\/files\/2024\/09\/signal-2024-09-12-21-40-21-449-1-300x218.jpg 300w, https:\/\/blogs.sindominio.net\/tallerlacloaca\/files\/2024\/09\/signal-2024-09-12-21-40-21-449-1-768x559.jpg 768w, https:\/\/blogs.sindominio.net\/tallerlacloaca\/files\/2024\/09\/signal-2024-09-12-21-40-21-449-1.jpg 1327w\" sizes=\"auto, (max-width: 1024px) 100vw, 1024px\" \/><\/figure><div class=\"wp-block-media-text__content\">\n<p>Pistola de silicona.<\/p>\n<\/div><\/div>\n\n\n\n<div class=\"wp-block-media-text is-stacked-on-mobile\"><figure class=\"wp-block-media-text__media\"><img loading=\"lazy\" decoding=\"async\" width=\"970\" height=\"846\" src=\"https:\/\/blogs.sindominio.net\/tallerlacloaca\/files\/2024\/11\/Screenshot-2024-11-10-at-19.21.09.png\" alt=\"\" class=\"wp-image-359 size-full\" srcset=\"https:\/\/blogs.sindominio.net\/tallerlacloaca\/files\/2024\/11\/Screenshot-2024-11-10-at-19.21.09.png 970w, https:\/\/blogs.sindominio.net\/tallerlacloaca\/files\/2024\/11\/Screenshot-2024-11-10-at-19.21.09-300x262.png 300w, https:\/\/blogs.sindominio.net\/tallerlacloaca\/files\/2024\/11\/Screenshot-2024-11-10-at-19.21.09-768x670.png 768w\" sizes=\"auto, (max-width: 970px) 100vw, 970px\" \/><\/figure><div class=\"wp-block-media-text__content\">\n<p>M\u00e0quina de cosir.<\/p>\n<\/div><\/div>\n\n\n\n<div class=\"wp-block-media-text is-stacked-on-mobile\"><figure class=\"wp-block-media-text__media\"><img loading=\"lazy\" decoding=\"async\" width=\"838\" height=\"758\" src=\"https:\/\/blogs.sindominio.net\/tallerlacloaca\/files\/2024\/11\/Screenshot-2024-11-10-at-19.21.21.png\" alt=\"\" class=\"wp-image-360 size-full\" srcset=\"https:\/\/blogs.sindominio.net\/tallerlacloaca\/files\/2024\/11\/Screenshot-2024-11-10-at-19.21.21.png 838w, https:\/\/blogs.sindominio.net\/tallerlacloaca\/files\/2024\/11\/Screenshot-2024-11-10-at-19.21.21-300x271.png 300w, https:\/\/blogs.sindominio.net\/tallerlacloaca\/files\/2024\/11\/Screenshot-2024-11-10-at-19.21.21-768x695.png 768w\" sizes=\"auto, (max-width: 838px) 100vw, 838px\" \/><\/figure><div class=\"wp-block-media-text__content\">\n<p>Font d&#8217;alimentaci\u00f3 regulable.<\/p>\n<\/div><\/div>\n\n\n\n<div class=\"wp-block-media-text is-stacked-on-mobile\"><figure class=\"wp-block-media-text__media\"><img loading=\"lazy\" decoding=\"async\" width=\"976\" height=\"742\" src=\"https:\/\/blogs.sindominio.net\/tallerlacloaca\/files\/2025\/01\/Screenshot-2025-01-23-at-13.23.27.png\" alt=\"\" class=\"wp-image-365 size-full\" srcset=\"https:\/\/blogs.sindominio.net\/tallerlacloaca\/files\/2025\/01\/Screenshot-2025-01-23-at-13.23.27.png 976w, https:\/\/blogs.sindominio.net\/tallerlacloaca\/files\/2025\/01\/Screenshot-2025-01-23-at-13.23.27-300x228.png 300w, https:\/\/blogs.sindominio.net\/tallerlacloaca\/files\/2025\/01\/Screenshot-2025-01-23-at-13.23.27-768x584.png 768w\" sizes=\"auto, (max-width: 976px) 100vw, 976px\" \/><\/figure><div class=\"wp-block-media-text__content\">\n<p>Set Arduino UNO R3<\/p>\n<\/div><\/div>\n\n\n\n<div class=\"wp-block-media-text is-stacked-on-mobile\"><figure class=\"wp-block-media-text__media\"><img loading=\"lazy\" decoding=\"async\" width=\"840\" height=\"814\" src=\"https:\/\/blogs.sindominio.net\/tallerlacloaca\/files\/2025\/01\/Screenshot-2025-01-23-at-13.26.37.png\" alt=\"\" class=\"wp-image-368 size-full\" srcset=\"https:\/\/blogs.sindominio.net\/tallerlacloaca\/files\/2025\/01\/Screenshot-2025-01-23-at-13.26.37.png 840w, https:\/\/blogs.sindominio.net\/tallerlacloaca\/files\/2025\/01\/Screenshot-2025-01-23-at-13.26.37-300x291.png 300w, https:\/\/blogs.sindominio.net\/tallerlacloaca\/files\/2025\/01\/Screenshot-2025-01-23-at-13.26.37-768x744.png 768w\" sizes=\"auto, (max-width: 840px) 100vw, 840px\" \/><\/figure><div class=\"wp-block-media-text__content\">\n<p>Compressor d&#8217;aire<\/p>\n<\/div><\/div>\n\n\n\n<div class=\"wp-block-media-text is-stacked-on-mobile\"><figure class=\"wp-block-media-text__media\"><img loading=\"lazy\" decoding=\"async\" width=\"742\" height=\"662\" src=\"https:\/\/blogs.sindominio.net\/tallerlacloaca\/files\/2024\/11\/Screenshot-2024-11-10-at-19.21.29.png\" alt=\"\" class=\"wp-image-361 size-full\" srcset=\"https:\/\/blogs.sindominio.net\/tallerlacloaca\/files\/2024\/11\/Screenshot-2024-11-10-at-19.21.29.png 742w, https:\/\/blogs.sindominio.net\/tallerlacloaca\/files\/2024\/11\/Screenshot-2024-11-10-at-19.21.29-300x268.png 300w\" sizes=\"auto, (max-width: 742px) 100vw, 742px\" \/><\/figure><div class=\"wp-block-media-text__content\">\n<p>Gravadora de fusta.<\/p>\n<\/div><\/div>\n\n\n\n<div class=\"wp-block-media-text is-stacked-on-mobile\"><figure class=\"wp-block-media-text__media\"><img loading=\"lazy\" decoding=\"async\" width=\"854\" height=\"1024\" src=\"https:\/\/blogs.sindominio.net\/tallerlacloaca\/files\/2025\/03\/Screenshot-2025-03-12-at-11.49.33-854x1024.png\" alt=\"\" class=\"wp-image-373 size-full\" srcset=\"https:\/\/blogs.sindominio.net\/tallerlacloaca\/files\/2025\/03\/Screenshot-2025-03-12-at-11.49.33-854x1024.png 854w, https:\/\/blogs.sindominio.net\/tallerlacloaca\/files\/2025\/03\/Screenshot-2025-03-12-at-11.49.33-250x300.png 250w, https:\/\/blogs.sindominio.net\/tallerlacloaca\/files\/2025\/03\/Screenshot-2025-03-12-at-11.49.33-768x921.png 768w, https:\/\/blogs.sindominio.net\/tallerlacloaca\/files\/2025\/03\/Screenshot-2025-03-12-at-11.49.33.png 914w\" sizes=\"auto, (max-width: 854px) 100vw, 854px\" \/><\/figure><div class=\"wp-block-media-text__content\">\n<p>Aspiradora de treball.<\/p>\n<\/div><\/div>\n\n\n\n<p class=\"has-large-font-size\"><\/p>\n\n\n\n<ul class=\"wp-block-list\">\n<li class=\"has-medium-font-size\">Trepant Dremel<\/li>\n\n\n\n<li class=\"has-medium-font-size\">Trepant manual<\/li>\n\n\n\n<li class=\"has-medium-font-size\">Tornav\u00eds de precisi\u00f3<\/li>\n\n\n\n<li class=\"has-medium-font-size\">Mult\u00edmetre<\/li>\n\n\n\n<li class=\"has-medium-font-size\">Buscapolos<\/li>\n\n\n\n<li class=\"has-medium-font-size\">Bufadors<\/li>\n\n\n\n<li class=\"has-medium-font-size\">Ordinadors<\/li>\n\n\n\n<li class=\"has-medium-font-size\">Lupa led<\/li>\n\n\n\n<li class=\"has-medium-font-size\">Extractor d&#8217;aire<\/li>\n<\/ul>\n<\/div>\n","protected":false},"excerpt":{"rendered":"<p>Ferramentes Ac\u00ed mostrem les ferramentes m\u00e9s importants que tenim. \u00c9s una llista en constant actualitzaci\u00f3. Espai de treball d&#8217;electr\u00f2nica. Espai de treball de bricolatge. 3\u00ba espai de treball. Equip de soldadura amb el\u00e8ctrode. Serra de taula. Soldadors per a electr\u00f2nica. Tornavisos de precisi\u00f3. Trepants el\u00e8ctrics de paret. Caragol de banc. Malet\u00ed multiferramenta. Tornav\u00eds el\u00e8ctric. Fregadora [&hellip;]<\/p>\n","protected":false},"author":246,"featured_media":0,"parent":0,"menu_order":0,"comment_status":"closed","ping_status":"closed","template":"","meta":{"footnotes":""},"class_list":["post-92","page","type-page","status-publish","hentry"],"_links":{"self":[{"href":"https:\/\/blogs.sindominio.net\/tallerlacloaca\/wp-json\/wp\/v2\/pages\/92","targetHints":{"allow":["GET"]}}],"collection":[{"href":"https:\/\/blogs.sindominio.net\/tallerlacloaca\/wp-json\/wp\/v2\/pages"}],"about":[{"href":"https:\/\/blogs.sindominio.net\/tallerlacloaca\/wp-json\/wp\/v2\/types\/page"}],"author":[{"embeddable":true,"href":"https:\/\/blogs.sindominio.net\/tallerlacloaca\/wp-json\/wp\/v2\/users\/246"}],"replies":[{"embeddable":true,"href":"https:\/\/blogs.sindominio.net\/tallerlacloaca\/wp-json\/wp\/v2\/comments?post=92"}],"version-history":[{"count":17,"href":"https:\/\/blogs.sindominio.net\/tallerlacloaca\/wp-json\/wp\/v2\/pages\/92\/revisions"}],"predecessor-version":[{"id":375,"href":"https:\/\/blogs.sindominio.net\/tallerlacloaca\/wp-json\/wp\/v2\/pages\/92\/revisions\/375"}],"wp:attachment":[{"href":"https:\/\/blogs.sindominio.net\/tallerlacloaca\/wp-json\/wp\/v2\/media?parent=92"}],"curies":[{"name":"wp","href":"https:\/\/api.w.org\/{rel}","templated":true}]}}