{"id":257,"date":"2026-03-12T17:30:31","date_gmt":"2026-03-12T16:30:31","guid":{"rendered":"https:\/\/salalaferidadocu.wordpress.com\/?page_id=257"},"modified":"2026-03-25T11:34:52","modified_gmt":"2026-03-25T10:34:52","slug":"el-documental","status":"publish","type":"page","link":"https:\/\/blogs.sindominio.net\/salalaferidadocu\/el-documental\/","title":{"rendered":"Documental"},"content":{"rendered":"\n<div class=\"wp-block-group is-layout-flow wp-block-group-is-layout-flow\">\n<figure class=\"wp-block-embed is-type-video is-provider-youtube wp-block-embed-youtube wp-embed-aspect-16-9 wp-has-aspect-ratio\" style=\"margin-top:var(--wp--preset--spacing--20);margin-right:var(--wp--preset--spacing--40);margin-bottom:var(--wp--preset--spacing--20);margin-left:var(--wp--preset--spacing--40)\"><div class=\"wp-block-embed__wrapper\">\n<iframe loading=\"lazy\" title=\"SAL A LA FERIDA: Israel Chemicals Limited (ICL) i la guerra per l&#039;aigua a Catalunya\" width=\"500\" height=\"281\" src=\"https:\/\/www.youtube.com\/embed\/6d17MzThhOc?feature=oembed\" frameborder=\"0\" allow=\"accelerometer; autoplay; clipboard-write; encrypted-media; gyroscope; picture-in-picture; web-share\" referrerpolicy=\"strict-origin-when-cross-origin\" allowfullscreen><\/iframe>\n<\/div><\/figure>\n\n\n\n<div style=\"height:20px\" aria-hidden=\"true\" class=\"wp-block-spacer\"><\/div>\n\n\n\n<div class=\"wp-block-media-text is-stacked-on-mobile is-vertically-aligned-top has-x-large-font-size\" style=\"border-style:none;border-width:0px;margin-right:var(--wp--preset--spacing--30);margin-left:var(--wp--preset--spacing--30);padding-top:0;padding-right:var(--wp--preset--spacing--30);padding-bottom:0;padding-left:var(--wp--preset--spacing--30);grid-template-columns:37% auto\"><figure class=\"wp-block-media-text__media\"><img decoding=\"async\" src=\"https:\/\/blogs.sindominio.net\/salalaferidadocu\/files\/2026\/03\/sal-a-la-ferida_poster-bo-1.png?w=724\" alt=\"\" class=\"wp-image-200 size-full\" \/><\/figure><div class=\"wp-block-media-text__content\">\n<p class=\"has-x-large-font-size\"><strong>Sinopsi<\/strong><\/p>\n\n\n\n<blockquote class=\"wp-block-quote has-x-large-font-size is-layout-flow wp-block-quote-is-layout-flow\">\n<p class=\"has-large-font-size\">L&#8217;any 1998, les mines de potassa i sal del Bages s\u00f3n privatitzades per <strong>ICL Iberia<\/strong>, filial espanyola de l&#8217;empresa <strong>Israel Chemicals Limited<\/strong>, especialitzada en la fabricaci\u00f3 de fertilitzants agr\u00edcoles i altres aplicatius qu\u00edmics industrials. Aquest documental recorre els impactes de les activitats de la multinacional, des de la <strong>salinitzaci\u00f3 de la conca del Llobregat<\/strong> fins a l&#8217;<strong>elevada sinistralitat laboral<\/strong>; examina els seus <strong>lligams amb el r\u00e8gim d&#8217;apartheid israeli\u00e0<\/strong>, concretament el seu rol en la cadena de distribuci\u00f3 de <strong>f\u00f2sfor blanc<\/strong>; i retrata la creixent <strong>mobilitzaci\u00f3 social contra l&#8217;empresa<\/strong>, liderada per la campanya <strong>Boicot ICL<\/strong>.<\/p>\n<\/blockquote>\n\n\n\n<p class=\"has-x-large-font-size\" style=\"line-height:0.7\"><strong>Fitxa t\u00e8cnica<\/strong><\/p>\n\n\n\n<blockquote class=\"wp-block-quote has-large-font-size is-layout-flow wp-block-quote-is-layout-flow\">\n<p class=\"has-large-font-size\" style=\"line-height:1.4\">Direcci\u00f3: <strong>Lee Beritutti<\/strong><br>Gravaci\u00f3 i muntatge: <strong>Mar Sala<\/strong><br>So: <strong>fgtuaten<\/strong><br>Producci\u00f3: <strong>Moritz Drumel<\/strong><br>Assistents de producci\u00f3: <strong>Oski <\/strong>i<strong> Isaura<\/strong><br>M\u00fasica: <strong>Birch<\/strong> i<strong> fgtuaten<\/strong><br>Durada: <strong>40&#8242;<\/strong><\/p>\n\n\n\n<p class=\"has-large-font-size\">Amb el suport de: <strong>El Salto<\/strong><\/p>\n<\/blockquote>\n\n\n\n<div style=\"height:19px\" aria-hidden=\"true\" class=\"wp-block-spacer\"><\/div>\n\n\n\n<p class=\"has-text-align-center has-large-font-size\"><em>A continuaci\u00f3 teniu una versi\u00f3 del documental descarregable : )<\/em><\/p>\n\n\n\n<div class=\"wp-block-buttons is-content-justification-center is-layout-flex wp-container-core-buttons-is-layout-fe1bbffc wp-block-buttons-is-layout-flex\" style=\"padding-top:var(--wp--preset--spacing--30);padding-bottom:var(--wp--preset--spacing--30)\">\n<div class=\"wp-block-button is-style-outline is-style-outline--1\"><a class=\"wp-block-button__link has-medium-font-size has-custom-font-size wp-element-button\" href=\"https:\/\/humo.sindominio.net\/s\/Wzo6YGnSNgM6ni9\" style=\"font-style:normal;font-weight:1000\"><strong>Descarrega el documental<\/strong><\/a><\/div>\n<\/div>\n<\/div><\/div>\n<\/div>\n","protected":false},"excerpt":{"rendered":"<p>Sinopsi L&#8217;any 1998, les mines de potassa i sal del Bages s\u00f3n privatitzades per ICL Iberia, filial espanyola de l&#8217;empresa Israel Chemicals Limited, especialitzada en la fabricaci\u00f3 de fertilitzants agr\u00edcoles i altres aplicatius qu\u00edmics industrials. Aquest documental recorre els impactes de les activitats de la multinacional, des de la salinitzaci\u00f3 de la conca del Llobregat [&hellip;]<\/p>\n","protected":false},"author":279,"featured_media":0,"parent":0,"menu_order":0,"comment_status":"closed","ping_status":"closed","template":"p-gina-base","meta":{"footnotes":""},"class_list":["post-257","page","type-page","status-publish","hentry"],"jetpack_sharing_enabled":true,"_links":{"self":[{"href":"https:\/\/blogs.sindominio.net\/salalaferidadocu\/wp-json\/wp\/v2\/pages\/257","targetHints":{"allow":["GET"]}}],"collection":[{"href":"https:\/\/blogs.sindominio.net\/salalaferidadocu\/wp-json\/wp\/v2\/pages"}],"about":[{"href":"https:\/\/blogs.sindominio.net\/salalaferidadocu\/wp-json\/wp\/v2\/types\/page"}],"author":[{"embeddable":true,"href":"https:\/\/blogs.sindominio.net\/salalaferidadocu\/wp-json\/wp\/v2\/users\/279"}],"replies":[{"embeddable":true,"href":"https:\/\/blogs.sindominio.net\/salalaferidadocu\/wp-json\/wp\/v2\/comments?post=257"}],"version-history":[{"count":29,"href":"https:\/\/blogs.sindominio.net\/salalaferidadocu\/wp-json\/wp\/v2\/pages\/257\/revisions"}],"predecessor-version":[{"id":587,"href":"https:\/\/blogs.sindominio.net\/salalaferidadocu\/wp-json\/wp\/v2\/pages\/257\/revisions\/587"}],"wp:attachment":[{"href":"https:\/\/blogs.sindominio.net\/salalaferidadocu\/wp-json\/wp\/v2\/media?parent=257"}],"curies":[{"name":"wp","href":"https:\/\/api.w.org\/{rel}","templated":true}]}}