{"id":250,"date":"2026-03-12T17:19:59","date_gmt":"2026-03-12T16:19:59","guid":{"rendered":"https:\/\/salalaferidadocu.wordpress.com\/?page_id=250"},"modified":"2026-03-17T10:13:04","modified_gmt":"2026-03-17T09:13:04","slug":"boicot-icl","status":"publish","type":"page","link":"https:\/\/blogs.sindominio.net\/salalaferidadocu\/boicot-icl\/","title":{"rendered":"Boicot ICL"},"content":{"rendered":"\n<div class=\"wp-block-group is-layout-flow wp-block-group-is-layout-flow\" style=\"padding-right:var(--wp--preset--spacing--50);padding-left:var(--wp--preset--spacing--50)\">\n<h2 class=\"wp-block-heading has-text-align-center has-foreground-color has-text-color has-link-color wp-elements-4270886bb52c66ab9e9c016e0a385541\" style=\"font-size:clamp(28.836px, 1.802rem + ((1vw - 3.2px) * 2.075), 50px);text-transform:none\"><strong>CAMPANYA DE BOICOT ICL<\/strong><\/h2>\n\n\n\n<div class=\"wp-block-media-text is-stacked-on-mobile\" style=\"margin-right:var(--wp--preset--spacing--30);margin-left:var(--wp--preset--spacing--30);padding-right:0;padding-left:0;grid-template-columns:32% auto\"><figure class=\"wp-block-media-text__media\"><img loading=\"lazy\" decoding=\"async\" width=\"724\" height=\"1024\" src=\"https:\/\/blogs.sindominio.net\/salalaferidadocu\/files\/2026\/03\/cartell-boicot-icl-2-compressed.jpg\" alt=\"\" class=\"wp-image-90 size-full\" srcset=\"https:\/\/blogs.sindominio.net\/salalaferidadocu\/files\/2026\/03\/cartell-boicot-icl-2-compressed.jpg 724w, https:\/\/blogs.sindominio.net\/salalaferidadocu\/files\/2026\/03\/cartell-boicot-icl-2-compressed-212x300.jpg 212w\" sizes=\"auto, (max-width: 724px) 100vw, 724px\" \/><\/figure><div class=\"wp-block-media-text__content\">\n<p style=\"font-size:clamp(15.197px, 0.95rem + ((1vw - 3.2px) * 0.765), 23px);\">La campanya de Boicot a ICL pret\u00e9n <strong>denunciar i impedir <\/strong>que aquesta multinacional israeliana mantingui les seves activitats econ\u00f2miques al nostre territori mentre segueixi el seu vincle amb <strong>l&#8217;ocupaci\u00f3 militar i el genocidi a Palestina, i mentre contamini el territori i vulneri els drets laborals<\/strong> de les treballadores.<\/p>\n\n\n\n<blockquote class=\"wp-block-quote is-layout-flow wp-block-quote-is-layout-flow\">\n<p style=\"font-size:clamp(14px, 0.875rem + ((1vw - 3.2px) * 0.588), 20px);\">&#8220;<em>Per aix\u00f2, demanem a tots els agents econ\u00f2mics, pol\u00edtics i socials que mantinguin vincles amb aquesta empresa que els aturin. I a tothom que pugui difondre la campanya de den\u00fancia que ho faci. Perqu\u00e8 contribuir a aturar la font d&#8217;alimentaci\u00f3 del genocidi a Palestina hauria de ser un deure d&#8217;imperatiu moral. I perqu\u00e8 no podem permetre que les multinacionals ens contaminin el territori i ens facin xantatge amb els llocs de treball.<\/em>&#8220;<\/p>\n<\/blockquote>\n\n\n\n<div class=\"wp-block-buttons is-content-justification-center is-layout-flex wp-container-core-buttons-is-layout-21af7aa4 wp-block-buttons-is-layout-flex\" style=\"margin-top:var(--wp--preset--spacing--40);margin-bottom:var(--wp--preset--spacing--40);padding-top:var(--wp--preset--spacing--30);padding-bottom:var(--wp--preset--spacing--30)\">\n<div class=\"wp-block-button is-style-outline is-style-outline--1\"><a class=\"wp-block-button__link has-background-color has-foreground-background-color has-text-color has-background has-link-color has-inter-font-family has-text-align-center has-medium-font-size has-custom-font-size wp-element-button\" href=\"https:\/\/boicoticl.org\/\" style=\"font-style:normal;font-weight:700;line-height:1.3;text-transform:uppercase\">M\u00e9s informaci\u00f3<\/a><\/div>\n<\/div>\n<\/div><\/div>\n<\/div>\n","protected":false},"excerpt":{"rendered":"<p>CAMPANYA DE BOICOT ICL La campanya de Boicot a ICL pret\u00e9n denunciar i impedir que aquesta multinacional israeliana mantingui les seves activitats econ\u00f2miques al nostre territori mentre segueixi el seu vincle amb l&#8217;ocupaci\u00f3 militar i el genocidi a Palestina, i mentre contamini el territori i vulneri els drets laborals de les treballadores. &#8220;Per aix\u00f2, demanem [&hellip;]<\/p>\n","protected":false},"author":279,"featured_media":0,"parent":0,"menu_order":0,"comment_status":"closed","ping_status":"closed","template":"p-gina-base","meta":{"footnotes":""},"class_list":["post-250","page","type-page","status-publish","hentry"],"jetpack_sharing_enabled":true,"_links":{"self":[{"href":"https:\/\/blogs.sindominio.net\/salalaferidadocu\/wp-json\/wp\/v2\/pages\/250","targetHints":{"allow":["GET"]}}],"collection":[{"href":"https:\/\/blogs.sindominio.net\/salalaferidadocu\/wp-json\/wp\/v2\/pages"}],"about":[{"href":"https:\/\/blogs.sindominio.net\/salalaferidadocu\/wp-json\/wp\/v2\/types\/page"}],"author":[{"embeddable":true,"href":"https:\/\/blogs.sindominio.net\/salalaferidadocu\/wp-json\/wp\/v2\/users\/279"}],"replies":[{"embeddable":true,"href":"https:\/\/blogs.sindominio.net\/salalaferidadocu\/wp-json\/wp\/v2\/comments?post=250"}],"version-history":[{"count":8,"href":"https:\/\/blogs.sindominio.net\/salalaferidadocu\/wp-json\/wp\/v2\/pages\/250\/revisions"}],"predecessor-version":[{"id":493,"href":"https:\/\/blogs.sindominio.net\/salalaferidadocu\/wp-json\/wp\/v2\/pages\/250\/revisions\/493"}],"wp:attachment":[{"href":"https:\/\/blogs.sindominio.net\/salalaferidadocu\/wp-json\/wp\/v2\/media?parent=250"}],"curies":[{"name":"wp","href":"https:\/\/api.w.org\/{rel}","templated":true}]}}