{"id":28,"date":"2023-10-17T23:08:03","date_gmt":"2023-10-17T21:08:03","guid":{"rendered":"https:\/\/blogs.sindominio.net\/nus-llibertari\/?page_id=28"},"modified":"2023-10-19T19:15:55","modified_gmt":"2023-10-19T17:15:55","slug":"suport","status":"publish","type":"page","link":"https:\/\/blogs.sindominio.net\/nus-llibertari\/suport\/","title":{"rendered":""},"content":{"rendered":"\n<div style=\"height:123px\" aria-hidden=\"true\" class=\"wp-block-spacer\"><\/div>\n\n\n\n<div class=\"wp-block-buttons has-custom-font-size is-horizontal is-layout-flex wp-block-buttons-is-layout-flex\" style=\"font-size:18px\">\n<div class=\"wp-block-button\"><a class=\"wp-block-button__link wp-element-button\" href=\"https:\/\/blogs.sindominio.net\/nus-llibertari\/\">NUS LLIBERTARI<\/a><\/div>\n\n\n\n<div class=\"wp-block-button\"><a class=\"wp-block-button__link wp-element-button\" href=\"https:\/\/blogs.sindominio.net\/nus-llibertari\/drogas-y-militancia-politica\/\">DROGAS Y MILITANCIA POL\u00cdTICA<\/a><\/div>\n\n\n\n<div class=\"wp-block-button\"><a class=\"wp-block-button__link wp-element-button\" href=\"https:\/\/blogs.sindominio.net\/nus-llibertari\/contacte\/\">CONTACTE<\/a><\/div>\n<\/div>\n\n\n\n<h2 class=\"wp-block-heading has-vivid-green-cyan-color has-text-color\">SUPORT<\/h2>\n\n\n\n<div style=\"height:39px\" aria-hidden=\"true\" class=\"wp-block-spacer\"><\/div>\n\n\n\n<p>Todo el material generado por Nus Llibertari, ser\u00e1 distribuido de manera gratuita de forma que pueda moverse lo m\u00e1s r\u00e1pido posible entre los c\u00edrculos pertinentes, el no tener dinero no debe ser una raz\u00f3n para no disponer de estos trabajos. Pero eso no significa que no tenga costes. Muy al contrario. Como en toda militancia, se invierten cientos o miles de horas de trabajo forma gratuita, sin que tengan una visibilidad fuerte para la gente que ve el resultado avanzado de los proyectos.<\/p>\n\n\n\n<p>Para poder continuar dedic\u00e1ndole tiempo a estudiar, leer, escribir, grabar, organizar, dise\u00f1ar y a divulgar en general un pensamiento cr\u00edtico y libertario, y si dispones de medios para ello, invitamos a hacer una aportaci\u00f3n econ\u00f3mica para sobrellevar los gastos derivados de la impresi\u00f3n de estos fanzines, los traslados para las entrevistas, o para apoyar gastos de mantenimiento varios.<\/p>\n\n\n\n<p>Tanto si te llega el material directamente por Nus Llibertari, como si te ha llegado por otras v\u00edas, damos la posibilidad de donar la voluntad en efectivo, o por medio de una transferencia.<\/p>\n\n\n\n<p class=\"has-text-align-center has-light-green-cyan-color has-text-color\"><strong>ES79 1550 0001 2100 1789 7927<\/strong><\/p>\n\n\n\n<p>Por supuesto, tengas o no medios para aportar, quieras o no, otras formas igualmente valiosas son el de ayudar a difundir este trabajo, llev\u00e1ndolo a tus espacios, colectivos, organizaciones y amigues.<\/p>\n\n\n\n<p>Y muchas gracias por adelantado.<\/p>\n","protected":false},"excerpt":{"rendered":"<p>SUPORT Todo el material generado por Nus Llibertari, ser\u00e1 distribuido de manera gratuita de forma que pueda moverse lo m\u00e1s r\u00e1pido posible entre los c\u00edrculos pertinentes, el no tener dinero no debe ser una raz\u00f3n para no disponer de estos trabajos. Pero eso no significa que no tenga costes. Muy al contrario. Como en toda [&hellip;]<\/p>\n","protected":false},"author":237,"featured_media":0,"parent":0,"menu_order":0,"comment_status":"closed","ping_status":"closed","template":"","meta":{"footnotes":""},"class_list":["post-28","page","type-page","status-publish","hentry"],"_links":{"self":[{"href":"https:\/\/blogs.sindominio.net\/nus-llibertari\/wp-json\/wp\/v2\/pages\/28","targetHints":{"allow":["GET"]}}],"collection":[{"href":"https:\/\/blogs.sindominio.net\/nus-llibertari\/wp-json\/wp\/v2\/pages"}],"about":[{"href":"https:\/\/blogs.sindominio.net\/nus-llibertari\/wp-json\/wp\/v2\/types\/page"}],"author":[{"embeddable":true,"href":"https:\/\/blogs.sindominio.net\/nus-llibertari\/wp-json\/wp\/v2\/users\/237"}],"replies":[{"embeddable":true,"href":"https:\/\/blogs.sindominio.net\/nus-llibertari\/wp-json\/wp\/v2\/comments?post=28"}],"version-history":[{"count":8,"href":"https:\/\/blogs.sindominio.net\/nus-llibertari\/wp-json\/wp\/v2\/pages\/28\/revisions"}],"predecessor-version":[{"id":108,"href":"https:\/\/blogs.sindominio.net\/nus-llibertari\/wp-json\/wp\/v2\/pages\/28\/revisions\/108"}],"wp:attachment":[{"href":"https:\/\/blogs.sindominio.net\/nus-llibertari\/wp-json\/wp\/v2\/media?parent=28"}],"curies":[{"name":"wp","href":"https:\/\/api.w.org\/{rel}","templated":true}]}}