{"id":279,"date":"2022-02-14T12:43:30","date_gmt":"2022-02-14T12:43:30","guid":{"rendered":"https:\/\/blogs.sindominio.net\/niunamenosberlin\/?page_id=279"},"modified":"2022-04-21T21:11:37","modified_gmt":"2022-04-21T21:11:37","slug":"aborto","status":"publish","type":"page","link":"https:\/\/blogs.sindominio.net\/niunamenosberlin\/recursos\/aborto\/","title":{"rendered":"Aborto"},"content":{"rendered":"\n<p class=\"has-medium-font-size\"><strong>Interrupci\u00f3n Voluntaria del Embarazo (IVE)<\/strong><\/p>\n\n\n\n<p><strong>\u00bfC\u00f3mo acceder a ella?<\/strong><\/p>\n\n\n\n<p>Ante un embarazo no planeado, es tu derecho recibir apoyo y asesoramiento para tomar una decisi\u00f3n informada.<\/p>\n\n\n\n<p>A continuaci\u00f3n, te proveemos los pasos generales a seguir en caso de que est\u00e9s considerando o hayas decidido interrumpir tu embarazo de manera voluntaria.<\/p>\n\n\n\n<p>Recuerda:<\/p>\n\n\n\n<p>La decisi\u00f3n de continuar o interrumpir tu embarazo es solamente tuya.<\/p>\n\n\n\n<p><strong>1-<\/strong> <strong>Confirma tu embarazo m\u00e9dicamente<\/strong><\/p>\n\n\n\n<p>Si deseas practicarte una IVE, lo m\u00e1s conveniente es obtener primero la confirmaci\u00f3n m\u00e9dica de tu embarazo.<\/p>\n\n\n\n<p>A partir de all\u00ed se te facilitar\u00e1 en las oficinas correspondientes informaci\u00f3n m\u00e1s concreta sobre los pasos a seguir.<\/p>\n\n\n\n<p>Si no tienes seguro para acudir con le&nbsp;&nbsp; ginec\u00f3logue, los Centros de Salud Sexual y Planificaci\u00f3n Familiar enlistados al final pueden atenderte y confirmar tu embarazo de manera gratuita.<\/p>\n\n\n\n<p><strong>2-<\/strong> <strong>Acude a un centro de asesoramiento<\/strong><\/p>\n\n\n\n<p>Una vez confirmado tu embarazo, el paso obligatorio para acceder a una IVE es acudir a \u201cCentro de Asesoramiento sobre Conflictos de Embarazo\u00bb reconocido por el Estado o un consultorio autorizado.<\/p>\n\n\n\n<p>All\u00ed te informar\u00e1n sobre el proceso, aclarar\u00e1n tus dudas, y te pueden asesorar sobre los apoyos disponibles en caso de que desees continuar con el embarazo.<\/p>\n\n\n\n<p>Al final te deben entregar un CERTIFICADO DE CONSULTA (Beratungsschein).<\/p>\n\n\n\n<p>Cons\u00e9rvalo pues es necesario para acceder al procedimiento.<\/p>\n\n\n\n<p>La consulta puede ser an\u00f3nima y puedes ir acompa\u00f1ada de una persona de confianza o traductor si lo necesitas.<\/p>\n\n\n\n<p><strong>Plazos importantes:<\/strong><\/p>\n\n\n\n<p>Por ley, luego de obtener el certificado de consulta, debes esperar 3 d\u00edas completos, considerados como un \u201cperiodo de reflexi\u00f3n\u201d, antes de la intervenci\u00f3n.<\/p>\n\n\n\n<p>El certificado y la IVE deben ser realizados por m\u00e9diques diferentes.<\/p>\n\n\n\n<p>Los 3 d\u00edas de espera no incluyen el d\u00eda del asesoramiento.<\/p>\n\n\n\n<figure class=\"wp-block-image size-large\"><img loading=\"lazy\" decoding=\"async\" width=\"800\" height=\"222\" src=\"https:\/\/blogs.sindominio.net\/niunamenosberlin\/files\/2022\/04\/aborto-800x222.png\" alt=\"\" class=\"wp-image-404\" srcset=\"https:\/\/blogs.sindominio.net\/niunamenosberlin\/files\/2022\/04\/aborto-800x222.png 800w, https:\/\/blogs.sindominio.net\/niunamenosberlin\/files\/2022\/04\/aborto-300x83.png 300w, https:\/\/blogs.sindominio.net\/niunamenosberlin\/files\/2022\/04\/aborto-768x213.png 768w, https:\/\/blogs.sindominio.net\/niunamenosberlin\/files\/2022\/04\/aborto.png 882w\" sizes=\"auto, (max-width: 800px) 100vw, 800px\" \/><\/figure>\n\n\n\n<p>El plazo m\u00e1ximo para poder realizar la IVE sin penalizaci\u00f3n, no deben no debe exceder las 12 semanas desde la fecundaci\u00f3n. Es decir, 14 semanas despu\u00e9s desde el primer d\u00eda de tu \u00faltima menstruaci\u00f3n.<\/p>\n\n\n\n<p>Por diversas razones, hay personas que no logran concretar la IVE en este plazo y deben ir al extranjero a realizarla. Es el caso de 1247 personas en el 2019 que viajaron a Holanda, donde el procedimiento es permitido hasta la semana 24. Sin embargo, esta opci\u00f3n no es accesible para todes.<\/p>\n\n\n\n<p><strong>Proceso de la IVE<\/strong><\/p>\n\n\n\n<p>Para que te realicen la IVE necesitas acudir a una consulta donde se te informar\u00e1 e idealmente se te dar\u00e1 a elegir entre los m\u00e9todos que se practiquen en ese lugar. All\u00ed se aclarar\u00e1n tus dudas respecto al proceso, consecuencias y otros riesgos asociados.<\/p>\n\n\n\n<p>Es necesario llevar a la consulta:<\/p>\n\n\n\n<p>&#8211; Certificado de asesoramiento<\/p>\n\n\n\n<p>&#8211; Tarjeta de seguro (si la tienes)<\/p>\n\n\n\n<p>&#8211; Certificado de asunci\u00f3n de costos o dinero en efectivo<\/p>\n\n\n\n<p>&#8211; La hoja de referencia de tu ginec\u00f3logue donde se confirma el embarazo<\/p>\n\n\n\n<p>All\u00ed se te pedir\u00e1 llenar un formulario de consentimiento, donde se te informa sobre riesgos y contraindicaciones, adem\u00e1s, tendr\u00e1s que proporcionar informaci\u00f3n sobre tu ciclo menstrual, as\u00ed como grupo sangu\u00edneo.<\/p>\n\n\n\n<p>Antes del aborto, se te realizar\u00e1 un examen de palpaci\u00f3n para determinar la posici\u00f3n y el tama\u00f1o del \u00fatero. Tambi\u00e9n se realiza una ecograf\u00eda para determinar la edad gestacional. Tambi\u00e9n aqu\u00ed puedes llevar acompa\u00f1amiento.<\/p>\n\n\n\n<p><strong>M\u00e9todos<\/strong><\/p>\n\n\n\n<div class=\"wp-block-columns is-layout-flex wp-container-core-columns-is-layout-9d6595d7 wp-block-columns-is-layout-flex\">\n<div class=\"wp-block-column is-layout-flow wp-block-column-is-layout-flow\">\n<figure class=\"wp-block-table is-style-stripes\"><table><tbody><tr><td>Con medicamentos<br><br>&#8211; En Alemania, este m\u00e9todo s\u00f3lo es posible hasta el d\u00eda 63 luego de la \u00faltima menstruaci\u00f3n, lo que corresponde a 7 semanas de gestaci\u00f3n.<br><br>&#8211; El f\u00e1rmaco utilizado es una hormona artificial (mifepristona) que bloquea el efecto de la hormona progesterona.<br><br>&#8211; Se toma en un plazo de 36 a 48 horas. Este m\u00e9todo suele requerir dos citas en la consulta m\u00e9dica.<br><br><br>&#8211; Aunque es menos invasivo y no requiere anestesia, no se ofrece siempre porque es administrativamente m\u00e1s complicado para les m\u00e9diques.<br><br>&#8211; Ambulatorio.<\/td><\/tr><\/tbody><\/table><\/figure>\n<\/div>\n\n\n\n<div class=\"wp-block-column is-layout-flow wp-block-column-is-layout-flow\">\n<figure class=\"wp-block-table is-style-stripes\"><table><tbody><tr><td>Quir\u00fargico<br><br>&#8211; Se realiza hasta el d\u00eda 98 luego de la \u00faltima menstruaci\u00f3n, lo que corresponde a la semana 12 de gestaci\u00f3n.<br><br>&#8211; El aborto por aspiraci\u00f3n, es el m\u00e1s com\u00fan en Alemania. Sin embargo, algunos lugares siguen practicando el m\u00e9todo del raspado uterino.<br><br>&#8211; El procedimiento en s\u00ed dura alrededor de 10 minutos. Si se incluye la preparaci\u00f3n y la relajaci\u00f3n posterior, son varias horas.<br><br>&#8211; Puede realizarse con anestesia local o general. Esto aumenta los costos de la interrupci\u00f3n, as\u00ed como el tiempo necesario para el procedimiento.<br><br>&#8211; Ambulatorio o en el hospital.<\/td><\/tr><\/tbody><\/table><\/figure>\n<\/div>\n<\/div>\n\n\n\n<p>IMPORTANTE:<\/p>\n\n\n\n<p>&#8211; No hay un m\u00e9todo ideal para todes. La decisi\u00f3n es personal, pero debe estar orientada por la informaci\u00f3n que te provea tu m\u00e9dique.<\/p>\n\n\n\n<p>&#8211; No todes les m\u00e9diques ofrecen ambos m\u00e9todos ni pueden informar al respecto en sus sitios web. \u00a1Te sugerimos pedir esta informaci\u00f3n cuando llames para concertar la cita!<\/p>\n\n\n\n<p><strong>Costos<\/strong><\/p>\n\n\n\n<p>El asesoramiento en los centros reconocidos por el estado es gratuito.<\/p>\n\n\n\n<p>Los costos del aborto suelen ser cubiertos por las cajas de enfermedad (Krankenkasse) y aseguradoras s\u00f3lo en casos de indicaci\u00f3n criminol\u00f3gica y m\u00e9dica.<\/p>\n\n\n\n<p>Para el caso del aborto voluntario les pacientes deben asumir los costes que oscilan entre los 350 y 600 euros.<\/p>\n\n\n\n<p>Te recomendamos informarte de los costos previo a tu cita para realizarte la IVE y aclarar cu\u00e1les honorarios son cubiertos por tu seguro y cu\u00e1les no.<\/p>\n\n\n\n<p><strong>\u00bfTus ingresos son bajos?<\/strong><\/p>\n\n\n\n<p>Es posible para este caso conseguir una cobertura si ganas menos de 1258 euros netos al mes (el l\u00edmite aumenta 298 euros por cada hijo que viva en el hogar o 368 euros si se paga un alquiler superior a esta cantidad).<\/p>\n\n\n\n<p>Este proceso se debe realizar antes del aborto a trav\u00e9s de tu aseguradora (Krankenkasse), por tel\u00e9fono o personalmente.<\/p>\n\n\n\n<p>Requisitos:<\/p>\n\n\n\n<p>Documento de identidad, c\u00e9dula de empadronamiento, pasaporte o tarjeta de residencia o de asilada, alg\u00fan documento que acredite tus ingresos (ej.: n\u00f3mina o un certificado de estar recibiendo una prestaci\u00f3n social de cualquier tipo). Si no tienes ingresos o c\u00f3mo acreditarlos pones 0 ingresos en el formulario.<\/p>\n\n\n\n<p>Los ingresos de tu pareja no son considerados para este tr\u00e1mite, s\u00f3lo los tuyos.<\/p>\n\n\n\n<p>*M\u00e1s informaci\u00f3n al respecto es dada durante la consulta de asesor\u00eda obligatoria.<\/p>\n\n\n\n<p><strong>\u00bfTus ingresos son bajos y no est\u00e1s asegurade?<\/strong><\/p>\n\n\n\n<p>Personas con ingresos bajos que desean acceder a una IVE pueden recibir apoyo independientemente de que est\u00e9n aseguradas o no.<\/p>\n\n\n\n<p>Si no est\u00e1s asegurade, pero tus ingresos son igualmente bajos; recibes asistencia social; o eres solicitante de asilo, los costos pueden ser cubiertos por una aseguradora p\u00fablica.<\/p>\n\n\n\n<p>Berl\u00edn cuenta con un fondo para estos casos.<\/p>\n\n\n\n<p>La persona que te d\u00e9 la asesor\u00eda deber contactarse con la organizaci\u00f3n que gestione la cobertura del aborto y certificar que no tienes seguro, ni ingresos propios y que, aunque no est\u00e9s empadronade, tienes tu lugar de residencia permanente en ese lugar.<\/p>\n\n\n\n<p>No hay una reglamentaci\u00f3n id\u00e9ntica para todos los estados de la federaci\u00f3n alemana.<\/p>\n\n\n\n<p>*M\u00e1s informaci\u00f3n al respecto es dada durante la consulta de asesor\u00eda obligatoria.<\/p>\n\n\n\n<p><strong>Centros de Asesoramientos sobre el Embarazo Reconocidos en Berl\u00edn (Schwangerschaftsberatungsstelle)<\/strong><\/p>\n\n\n\n<p>Centros especializados:<\/p>\n\n\n\n<ul class=\"wp-block-list\"><li>Pro familia &#8211; Sch\u00f6neberg: <\/li><\/ul>\n\n\n\n<p>(030) 398 498 98 <\/p>\n\n\n\n<p><a href=\"https:\/\/www.profamilia.de\/angebote-vor-ort\/berlin\/beratungszentrum\">https:\/\/www.profamilia.de\/angebote-vor-ort\/berlin\/beratungszentrum<\/a><\/p>\n\n\n\n<ul class=\"wp-block-list\"><li>BALANCE &#8211; Lichtenberg: <\/li><\/ul>\n\n\n\n<p>(030) 577 958 22 <\/p>\n\n\n\n<p><a href=\"http:\/\/www.schwangerschaftsberatung-balance.de\/index.html\" data-type=\"URL\" data-id=\"http:\/\/www.schwangerschaftsberatung-balance.de\/index.html\">http:\/\/www.schwangerschaftsberatung-balance.de\/index.html<\/a><\/p>\n\n\n\n<p>Centros de Salud Sexual y Planificaci\u00f3n Familiar de los distritos:<\/p>\n\n\n\n<ul class=\"wp-block-list\"><li>Kreuzberg <\/li><\/ul>\n\n\n\n<p>(030) 9029-8863<\/p>\n\n\n\n<p><a href=\"https:\/\/www.berlin.de\/ba-friedrichshain-kreuzberg\/politik-und-verwaltung\/aemter\/gesundheitsamt\/zentrum-fuer-sexuelle-gesundheit-und-familienplanung\/artikel.1076813.php\" data-type=\"URL\" data-id=\"https:\/\/www.berlin.de\/ba-friedrichshain-kreuzberg\/politik-und-verwaltung\/aemter\/gesundheitsamt\/zentrum-fuer-sexuelle-gesundheit-und-familienplanung\/artikel.1076813.php\">https:\/\/www.berlin.de\/ba-friedrichshain-kreuzberg\/politik-und-verwaltung\/aemter\/gesundheitsamt\/zentrum-fuer-sexuelle-gesundheit-und-familienplanung\/artikel.1076813.php<\/a><\/p>\n\n\n\n<p><\/p>\n\n\n\n<ul class=\"wp-block-list\"><li>Charlottenburg-Wilmersdorf (Atenci\u00f3n en espa\u00f1ol) <\/li><\/ul>\n\n\n\n<p>(030) 9029-16880 <\/p>\n\n\n\n<p><a href=\"https:\/\/www.berlin.de\/ba-charlottenburg-wilmersdorf\/verwaltung\/aemter\/gesundheit\/zentrum-fuer-sexuelle-gesundheit-und-familienplanung\/artikel.626011.php\" data-type=\"URL\" data-id=\"https:\/\/www.berlin.de\/ba-charlottenburg-wilmersdorf\/verwaltung\/aemter\/gesundheit\/zentrum-fuer-sexuelle-gesundheit-und-familienplanung\/artikel.626011.php\">https:\/\/www.berlin.de\/ba-charlottenburg-wilmersdorf\/verwaltung\/aemter\/gesundheit\/zentrum-fuer-sexuelle-gesundheit-und-familienplanung\/artikel.626011.php<\/a><\/p>\n\n\n\n<ul class=\"wp-block-list\"><li>Marzahn <\/li><\/ul>\n\n\n\n<p>(030) 90293-3655 <\/p>\n\n\n\n<p><a href=\"https:\/\/www.berlin.de\/ba-marzahn-hellersdorf\/politik-und-verwaltung\/aemter\/gesundheitsamt\/sexualitaet-und-familienplanung\/\" data-type=\"URL\" data-id=\"https:\/\/www.berlin.de\/ba-marzahn-hellersdorf\/politik-und-verwaltung\/aemter\/gesundheitsamt\/sexualitaet-und-familienplanung\/\">https:\/\/www.berlin.de\/ba-marzahn-hellersdorf\/politik-und-verwaltung\/aemter\/gesundheitsamt\/sexualitaet-und-familienplanung\/<\/a><\/p>\n\n\n\n<ul class=\"wp-block-list\"><li>Mitte <\/li><\/ul>\n\n\n\n<p>(030) 9018 44115<\/p>\n\n\n\n<p><a href=\"https:\/\/www.berlin.de\/ba-mitte\/politik-und-verwaltung\/aemter\/gesundheitsamt\/zentren\/artikel.106172.php\">https:\/\/www.berlin.de\/ba-mitte\/politik-und-verwaltung\/aemter\/gesundheitsamt\/zentren\/artikel.106172.php<\/a><\/p>\n\n\n\n<ul class=\"wp-block-list\"><li>Steglitz &#8211; Zehlendorf <\/li><\/ul>\n\n\n\n<p>(030) 90299-1701 <\/p>\n\n\n\n<p><a href=\"https:\/\/www.berlin.de\/ba-steglitz-zehlendorf\/politik-und-verwaltung\/aemter\/gesundheitsamt\/zentrum-fuer-familienplanung\/artikel.29766.php\" data-type=\"URL\" data-id=\"https:\/\/www.berlin.de\/ba-steglitz-zehlendorf\/politik-und-verwaltung\/aemter\/gesundheitsamt\/zentrum-fuer-familienplanung\/artikel.29766.php\">https:\/\/www.berlin.de\/ba-steglitz-zehlendorf\/politik-und-verwaltung\/aemter\/gesundheitsamt\/zentrum-fuer-familienplanung\/artikel.29766.php<\/a><\/p>\n\n\n\n<p><strong>\u00bfD\u00f3nde practicarse la IVE?<\/strong><\/p>\n\n\n\n<p>1- La Asociaci\u00f3n M\u00e9dica Alemana (Bundes\u00e4rztekammer), enumera las direcciones de los m\u00e9dicos que practican abortos en todo el pa\u00eds.<\/p>\n\n\n\n<p>Aqu\u00ed puedes buscar por c\u00f3digo postal: <a href=\"https:\/\/liste.bundesaerztekammer.de\/suche\">https:\/\/liste.bundesaerztekammer.de\/suche<\/a><\/p>\n\n\n\n<p>2- El Departamento de Sanidad de Berl\u00edn tiene tambi\u00e9n una herramienta de b\u00fasqueda. En el siguiente link puedes ver la lista filtrada del personal que atiende en espa\u00f1ol: <a href=\"http:\/\/www.berlin.de\/sen\/gesundheit\/themen\/schwangerschaft-und-kindergesundheit\/schwangerschaft-und-familienplanung\/schwangerschaftskonfliktberatung\/arztpraxen-fuer-schwangerschaftsabbrueche\/?q=spanisch&amp;q_geo=&amp;q_radius=20000&amp;page=2#searchresultsberatung\">www.berlin.de\/sen\/gesundheit\/themen\/schwangerschaft-und-kindergesundheit\/schwangerschaft-und-familienplanung\/schwangerschaftskonfliktberatung\/arztpraxen-fuer-schwangerschaftsabbrueche\/?q=spanisch&amp;q_geo=&amp;q_radius=20000&amp;page=2#searchresultsberatung<\/a><\/p>\n\n\n\n<p>Desafortunadamente estas listas son confusas e incompletas, debido al art. 219\u00aa. Sin embargo, es la informaci\u00f3n oficial que se puede conseguir en l\u00ednea.<\/p>\n","protected":false},"excerpt":{"rendered":"<p>Interrupci\u00f3n Voluntaria del Embarazo (IVE) \u00bfC\u00f3mo acceder a ella? Ante un embarazo no planeado, es tu derecho recibir apoyo y asesoramiento para tomar una decisi\u00f3n informada. A continuaci\u00f3n, te proveemos los pasos generales a seguir en caso de que est\u00e9s considerando o hayas decidido interrumpir tu embarazo de manera voluntaria. Recuerda: La decisi\u00f3n de continuar [&hellip;]<\/p>\n","protected":false},"author":181,"featured_media":0,"parent":13,"menu_order":0,"comment_status":"closed","ping_status":"closed","template":"","meta":{"footnotes":""},"class_list":["post-279","page","type-page","status-publish","hentry"],"_links":{"self":[{"href":"https:\/\/blogs.sindominio.net\/niunamenosberlin\/wp-json\/wp\/v2\/pages\/279","targetHints":{"allow":["GET"]}}],"collection":[{"href":"https:\/\/blogs.sindominio.net\/niunamenosberlin\/wp-json\/wp\/v2\/pages"}],"about":[{"href":"https:\/\/blogs.sindominio.net\/niunamenosberlin\/wp-json\/wp\/v2\/types\/page"}],"author":[{"embeddable":true,"href":"https:\/\/blogs.sindominio.net\/niunamenosberlin\/wp-json\/wp\/v2\/users\/181"}],"replies":[{"embeddable":true,"href":"https:\/\/blogs.sindominio.net\/niunamenosberlin\/wp-json\/wp\/v2\/comments?post=279"}],"version-history":[{"count":5,"href":"https:\/\/blogs.sindominio.net\/niunamenosberlin\/wp-json\/wp\/v2\/pages\/279\/revisions"}],"predecessor-version":[{"id":409,"href":"https:\/\/blogs.sindominio.net\/niunamenosberlin\/wp-json\/wp\/v2\/pages\/279\/revisions\/409"}],"up":[{"embeddable":true,"href":"https:\/\/blogs.sindominio.net\/niunamenosberlin\/wp-json\/wp\/v2\/pages\/13"}],"wp:attachment":[{"href":"https:\/\/blogs.sindominio.net\/niunamenosberlin\/wp-json\/wp\/v2\/media?parent=279"}],"curies":[{"name":"wp","href":"https:\/\/api.w.org\/{rel}","templated":true}]}}