{"id":25751,"date":"2025-12-15T13:49:19","date_gmt":"2025-12-15T12:49:19","guid":{"rendered":"https:\/\/blogs.sindominio.net\/lacinetika\/?page_id=25751"},"modified":"2025-12-15T13:49:21","modified_gmt":"2025-12-15T12:49:21","slug":"veganisme","status":"publish","type":"page","link":"https:\/\/blogs.sindominio.net\/lacinetika\/veganisme\/","title":{"rendered":"VEGANISME"},"content":{"rendered":"\n<figure class=\"wp-block-image size-full\"><img loading=\"lazy\" decoding=\"async\" width=\"945\" height=\"590\" src=\"https:\/\/blogs.sindominio.net\/lacinetika\/files\/2025\/12\/9.png\" alt=\"\" class=\"wp-image-25752\" srcset=\"https:\/\/blogs.sindominio.net\/lacinetika\/files\/2025\/12\/9.png 945w, https:\/\/blogs.sindominio.net\/lacinetika\/files\/2025\/12\/9-300x187.png 300w, https:\/\/blogs.sindominio.net\/lacinetika\/files\/2025\/12\/9-768x479.png 768w\" sizes=\"auto, (max-width: 945px) 100vw, 945px\" \/><\/figure>\n\n\n\n<p>[CAT]La Cin\u00e8tika pret\u00e9n ser un espai lliure de maltractament animal, ja que som un centre social conscient de l&#8217;ab\u00fas que s&#8217;exerceix en la societat actual sobre els animals, i com aquest \u00e9s potenciat pel model capitalista. Per aix\u00f2, es va prendre la decisi\u00f3 des dels inicis de l&#8217;okupaci\u00f3 que en aquest espai no es consumiria menjar d&#8217;origen animal, i que en tots els menjadors el menjar que se serviria seria sempre vegana.<\/p>\n\n\n\n<p>Sim embargament, conscients de les tensions entre diferents lluites i models productius, com per exemple l&#8217;agricultura intensiva, l&#8217;espai no es defineix com antiespecista, ja que vol donar cabuda tamb\u00e9 a altres moviments com la lluita antidesenvolupista o ecologista, que a vegades pot estar confrontada amb la causa antiespecista. Sim embargament, existeix una clara intenci\u00f3 de fomentar la participaci\u00f3 antiespecista dins de la Cin\u00e8tika.<\/p>\n\n\n\n<p>Al llarg dels anys, han anat sorgint nous debats relacionats amb aquest tema. D&#8217;una banda, la creaci\u00f3 de la Xarxa d\u2019Aliments, de repartiment de menjar reciclat de grans superf\u00edcies i donacions i que es mant\u00e9 activa des de la pand\u00e8mia, ha ampliat el focus del debat quant als productes d&#8217;origen animal. Amb aquest nou projecte, es va introduir la necessitat de poder emmagatzemar i repartir menjar d&#8217;origen animal a les persones que assistien a la Xarxa. Aquest acord s&#8217;ha basat en el posicionament pol\u00edtic de voler compatibilitzar les bases de l&#8217;espai amb una mirada interseccional que atengu\u00e9s les necessitats de classe de les persones que venen a la Xarxa a la recerca d&#8217;aliment sense caure en moralismes paternalistes sobre quina classe de productes s&#8217;haurien de consumir expressats des d&#8217;un privilegi de classe.<\/p>\n\n\n\n<p>Finalment, en l\u00ednia amb el posicionament anticapitalista i en defensa del poble palest\u00ed, s&#8217;ha explicitat que m\u00e9s enll\u00e0 de no servir-se menjar d&#8217;origen animal, era important no fomentar el consum d&#8217;aliments, begudes i altres productes de grans marques multinacionals, prioritzant-se sempre els productes de marques blanques i lliures d&#8217;apartheid. De moment aquest acord nom\u00e9s s&#8217;aplica a les activitats internar, per\u00f2 \u00e9s recomanable que tamb\u00e9 ho facin les propostes externes.<\/p>\n\n\n\n<p>[CAST] La Cin\u00e8tika pretende ser un espacio libre de maltrato animal, ya que somos un centro social consciente del abuso que se ejerce en la sociedad actual sobre los animales, y como este es potenciado por el modelo capitalista. Por ello, se tom\u00f3 la decisi\u00f3n desde los inicios de la okupaci\u00f3n de que en este espacio no se consumir\u00eda comida de origen animal, y que en todos los comedores la comida que se servir\u00eda ser\u00eda siempre vegana.<\/p>\n\n\n\n<p>Sim embargo, conscientes de las tensiones entre diferentes luchas y modelos productivos, como por ejemplo la agricultura intensiva, el espacio no se define como antiespecista, ya que quiere dar cabida tambi\u00e9n a otros movimientos como la lucha antidesarrollista o ecologista, que en ocasiones puede estar confrontada con la causa antiespecista. Sim embargo, existe una clara intenci\u00f3n de fomentar la participaci\u00f3n antiespecista dentro de la Cin\u00e8tika.<\/p>\n\n\n\n<p>A lo largo de los a\u00f1os, han ido surgiendo nuevos debates relacionados con este tema. Por un lado, la creaci\u00f3n de la Xarxa d\u2019Aliments, de reparto de comida reciclada de grandes superficies y donaciones y que se mantiene activa desde la pandemia, ha ampliado el foco del debate en cuanto a los productos de origen animal. Con este nuevo proyecto, se introdujo la necesidad de poder almacenar y repartir comida de origen animal a las personas que asist\u00edan a la Xarxa. Este acuerdo se ha basado en el posicionamiento pol\u00edtico de querer compatibilizar las bases del espacio con una mirada interseccional que atendiese a las necesidades de clase de las personas que vienen a la Xarxa en busca de alimento sin caer en moralismos paternalistas sobre qu\u00e9 clase de productos se deber\u00edan consumir expresados desde un privilegio de clase. Por \u00faltimo, en l\u00ednea con el posicionamiento anticapitalista y en defensa del pueblo palestino, se ha explicitado que m\u00e1s all\u00e1 de no servirse comida de origen animal, era importante no fomentar el consumo de alimentos, bebidas y otros productos de grandes marcas multinacionales, prioriz\u00e1ndose siempre los productos de marcas blancas y libres de apartheid. De momento este acuerdo solo se aplica a las actividades internar, pero es recomendable que tambi\u00e9n lo hagan las propuestas externas.<\/p>\n","protected":false},"excerpt":{"rendered":"<div class=\"mh-excerpt\"><p>[CAT]La Cin\u00e8tika pret\u00e9n ser un espai lliure de maltractament animal, ja que som un centre social conscient de l&#8217;ab\u00fas que s&#8217;exerceix en la societat actual sobre els animals, i com aquest \u00e9s potenciat pel model capitalista. Per aix\u00f2, es va prendre la decisi\u00f3 des dels inicis de l&#8217;okupaci\u00f3 que en <a class=\"mh-excerpt-more\" href=\"https:\/\/blogs.sindominio.net\/lacinetika\/veganisme\/\" title=\"VEGANISME\">[&#8230;]<\/a><\/p>\n<\/div>","protected":false},"author":261,"featured_media":0,"parent":0,"menu_order":0,"comment_status":"closed","ping_status":"closed","template":"","meta":{"footnotes":""},"class_list":["post-25751","page","type-page","status-publish","hentry"],"jetpack_sharing_enabled":true,"_links":{"self":[{"href":"https:\/\/blogs.sindominio.net\/lacinetika\/wp-json\/wp\/v2\/pages\/25751","targetHints":{"allow":["GET"]}}],"collection":[{"href":"https:\/\/blogs.sindominio.net\/lacinetika\/wp-json\/wp\/v2\/pages"}],"about":[{"href":"https:\/\/blogs.sindominio.net\/lacinetika\/wp-json\/wp\/v2\/types\/page"}],"author":[{"embeddable":true,"href":"https:\/\/blogs.sindominio.net\/lacinetika\/wp-json\/wp\/v2\/users\/261"}],"replies":[{"embeddable":true,"href":"https:\/\/blogs.sindominio.net\/lacinetika\/wp-json\/wp\/v2\/comments?post=25751"}],"version-history":[{"count":1,"href":"https:\/\/blogs.sindominio.net\/lacinetika\/wp-json\/wp\/v2\/pages\/25751\/revisions"}],"predecessor-version":[{"id":25753,"href":"https:\/\/blogs.sindominio.net\/lacinetika\/wp-json\/wp\/v2\/pages\/25751\/revisions\/25753"}],"wp:attachment":[{"href":"https:\/\/blogs.sindominio.net\/lacinetika\/wp-json\/wp\/v2\/media?parent=25751"}],"curies":[{"name":"wp","href":"https:\/\/api.w.org\/{rel}","templated":true}]}}

<figure class="wp-block-image size-full"><img loading="lazy" decoding="async" width="945" height="590" src="https://blogs.sindominio.net/lacinetika/files/2025/12/9.png" alt="" class="wp-image-25752" srcset="https://blogs.sindominio.net/lacinetika/files/2025/12/9.png 945w, https://blogs.sindominio.net/lacinetika/files/2025/12/9-300x187.png 300w, https://blogs.sindominio.net/lacinetika/files/2025/12/9-768x479.png 768w" sizes="auto, (max-width: 945px) 100vw, 945px" /></figure>



<p>[CAT]La Cinètika pretén ser un espai lliure de maltractament animal, ja que som un centre social conscient de l&#8217;abús que s&#8217;exerceix en la societat actual sobre els animals, i com aquest és potenciat pel model capitalista. Per això, es va prendre la decisió des dels inicis de l&#8217;okupació que en aquest espai no es consumiria menjar d&#8217;origen animal, i que en tots els menjadors el menjar que se serviria seria sempre vegana.</p>



<p>Sim embargament, conscients de les tensions entre diferents lluites i models productius, com per exemple l&#8217;agricultura intensiva, l&#8217;espai no es defineix com antiespecista, ja que vol donar cabuda també a altres moviments com la lluita antidesenvolupista o ecologista, que a vegades pot estar confrontada amb la causa antiespecista. Sim embargament, existeix una clara intenció de fomentar la participació antiespecista dins de la Cinètika.</p>



<p>Al llarg dels anys, han anat sorgint nous debats relacionats amb aquest tema. D&#8217;una banda, la creació de la Xarxa d’Aliments, de repartiment de menjar reciclat de grans superfícies i donacions i que es manté activa des de la pandèmia, ha ampliat el focus del debat quant als productes d&#8217;origen animal. Amb aquest nou projecte, es va introduir la necessitat de poder emmagatzemar i repartir menjar d&#8217;origen animal a les persones que assistien a la Xarxa. Aquest acord s&#8217;ha basat en el posicionament polític de voler compatibilitzar les bases de l&#8217;espai amb una mirada interseccional que atengués les necessitats de classe de les persones que venen a la Xarxa a la recerca d&#8217;aliment sense caure en moralismes paternalistes sobre quina classe de productes s&#8217;haurien de consumir expressats des d&#8217;un privilegi de classe.</p>



<p>Finalment, en línia amb el posicionament anticapitalista i en defensa del poble palestí, s&#8217;ha explicitat que més enllà de no servir-se menjar d&#8217;origen animal, era important no fomentar el consum d&#8217;aliments, begudes i altres productes de grans marques multinacionals, prioritzant-se sempre els productes de marques blanques i lliures d&#8217;apartheid. De moment aquest acord només s&#8217;aplica a les activitats internar, però és recomanable que també ho facin les propostes externes.</p>



<p>[CAST] La Cinètika pretende ser un espacio libre de maltrato animal, ya que somos un centro social consciente del abuso que se ejerce en la sociedad actual sobre los animales, y como este es potenciado por el modelo capitalista. Por ello, se tomó la decisión desde los inicios de la okupación de que en este espacio no se consumiría comida de origen animal, y que en todos los comedores la comida que se serviría sería siempre vegana.</p>



<p>Sim embargo, conscientes de las tensiones entre diferentes luchas y modelos productivos, como por ejemplo la agricultura intensiva, el espacio no se define como antiespecista, ya que quiere dar cabida también a otros movimientos como la lucha antidesarrollista o ecologista, que en ocasiones puede estar confrontada con la causa antiespecista. Sim embargo, existe una clara intención de fomentar la participación antiespecista dentro de la Cinètika.</p>



<p>A lo largo de los años, han ido surgiendo nuevos debates relacionados con este tema. Por un lado, la creación de la Xarxa d’Aliments, de reparto de comida reciclada de grandes superficies y donaciones y que se mantiene activa desde la pandemia, ha ampliado el foco del debate en cuanto a los productos de origen animal. Con este nuevo proyecto, se introdujo la necesidad de poder almacenar y repartir comida de origen animal a las personas que asistían a la Xarxa. Este acuerdo se ha basado en el posicionamiento político de querer compatibilizar las bases del espacio con una mirada interseccional que atendiese a las necesidades de clase de las personas que vienen a la Xarxa en busca de alimento sin caer en moralismos paternalistas sobre qué clase de productos se deberían consumir expresados desde un privilegio de clase. Por último, en línea con el posicionamiento anticapitalista y en defensa del pueblo palestino, se ha explicitado que más allá de no servirse comida de origen animal, era importante no fomentar el consumo de alimentos, bebidas y otros productos de grandes marcas multinacionales, priorizándose siempre los productos de marcas blancas y libres de apartheid. De momento este acuerdo solo se aplica a las actividades internar, pero es recomendable que también lo hagan las propuestas externas.</p>

<div class="mh-excerpt"><p>[CAT]La Cinètika pretén ser un espai lliure de maltractament animal, ja que som un centre social conscient de l&#8217;abús que s&#8217;exerceix en la societat actual sobre els animals, i com aquest és potenciat pel model capitalista. Per això, es va prendre la decisió des dels inicis de l&#8217;okupació que en <a class="mh-excerpt-more" href="https://blogs.sindominio.net/lacinetika/veganisme/" title="VEGANISME">[&#8230;]</a></p>
</div>
