{"id":25739,"date":"2025-12-15T13:37:39","date_gmt":"2025-12-15T12:37:39","guid":{"rendered":"https:\/\/blogs.sindominio.net\/lacinetika\/?page_id=25739"},"modified":"2025-12-15T13:37:41","modified_gmt":"2025-12-15T12:37:41","slug":"antipunitivisme-i-justicia-transformativa","status":"publish","type":"page","link":"https:\/\/blogs.sindominio.net\/lacinetika\/antipunitivisme-i-justicia-transformativa\/","title":{"rendered":"ANTIPUNITIVISME I JUST\u00cdCIA TRANSFORMATIVA"},"content":{"rendered":"\n<figure class=\"wp-block-image size-full\"><img loading=\"lazy\" decoding=\"async\" width=\"945\" height=\"590\" src=\"https:\/\/blogs.sindominio.net\/lacinetika\/files\/2025\/12\/7.png\" alt=\"\" class=\"wp-image-25740\" srcset=\"https:\/\/blogs.sindominio.net\/lacinetika\/files\/2025\/12\/7.png 945w, https:\/\/blogs.sindominio.net\/lacinetika\/files\/2025\/12\/7-300x187.png 300w, https:\/\/blogs.sindominio.net\/lacinetika\/files\/2025\/12\/7-768x479.png 768w\" sizes=\"auto, (max-width: 945px) 100vw, 945px\" \/><\/figure>\n\n\n\n<p>[CAT]Malgrat que l&#8217;enfocament feminista sempre ha estat una de les prioritats de l&#8217;espai, al llarg dels anys i les experi\u00e8ncies adquirides en la gesti\u00f3 de diferents situacions de viol\u00e8ncia des de la Cin\u00e8tika, s&#8217;han anat desenvolupant una s\u00e8rie de reflexions i posicionaments que han portat a adoptar una perspectiva antipunitivista i basada en la just\u00edcia transformativa.<\/p>\n\n\n\n<p>L&#8217;enfocament antipunitivista fuig de la l\u00f2gica del c\u00e0stig, buscant altres maneres d&#8217;abordar, facilitar i aproximar-se a situacions de conflicte o de viol\u00e8ncia. Aquest enfocament pretendre trencar amb les l\u00f2giques, tan arrelades en el sistema capitalista, per la qual davant cada situaci\u00f3 de conflicte ha d&#8217;haver-hi una retribuci\u00f3. Com espai que funciona sobre la base d&#8217;idees llibert\u00e0ries, i sent conscients que les l\u00f2giques punitives colpegen m\u00e9s a aquelles persones que se situen en les dissid\u00e8ncies, no ens semblava coherent perpetuar aquest model de just\u00edcia en la resoluci\u00f3 dels conflictes que pogu\u00e9s haver-hi dins de l&#8217;espai.<\/p>\n\n\n\n<p>Aprofundint en aquest enfocament, s&#8217;han explorat altres models de just\u00edcia, fins finalment descobrir en l&#8217;enfocament de la just\u00edcia transformativa, aquell que reflecteix als valors de l&#8217;espai i de com volem funcionar.<\/p>\n\n\n\n<p>Definim just\u00edcia transformativa com aquella que busca reparar el mal causat, aix\u00ed com transformar les condicions que han portat al fet que sorgeixi aquesta viol\u00e8ncia, responsabilitzant no sols a la persona que ha exercit la viol\u00e8ncia, sin\u00f3 tamb\u00e9 a la comunitat.<\/p>\n\n\n\n<p>Es diferencia de la just\u00edcia retributiva que aquesta cerca retornar el mal, sense atendre la reparaci\u00f3 del mateix o la transformaci\u00f3 de les seves causes subjacents.<\/p>\n\n\n\n<p>Tamb\u00e9 s&#8217;allunya de la just\u00edcia restaurativa o restauradora, en qu\u00e8 aquesta se centra en la reparaci\u00f3 de la persona danyada, sense atendre la transformaci\u00f3 de les causes subjacents i estructurals que van portar a la situaci\u00f3 de viol\u00e8ncia.<\/p>\n\n\n\n<p>Per tant, la just\u00edcia transformativa s&#8217;allunya d&#8217;una banda de plantejaments punitivistas perqu\u00e8 posa el focus en les causes estructurals que van portar a la viol\u00e8ncia, allunyant-se d&#8217;una mirada que individualitzi la responsabilitat en aquestes situacions. Per l&#8217;altre costat, estableix una perspectiva interseccional en els processos de responsabilitzaci\u00f3, atenent no sols el mal causat, sin\u00f3 tamb\u00e9 a la circumst\u00e0ncies i estructures d&#8217;opressi\u00f3 que operen sobre totes les parts implicades.<\/p>\n\n\n\n<p>La comissi\u00f3 de g\u00e8nere \u00e9s l&#8217;\u00f2rgan permanent en l&#8217;estructura organitzativa de la Cin\u00e8tika que s&#8217;encarrega de:<br>\u2022 Prevenir que sorgeixin viol\u00e8ncies en l&#8217;espai mitjan\u00e7ant formacions, tallers i altres activitats per a treballa una perspectiva transfeminista del g\u00e8nere.<br>\u2022 La gesti\u00f3 dels processos de responsabilitzaci\u00f3 davant situacions de viol\u00e8ncia de g\u00e8nere.<br>\u2022 Donar a con\u00e8ixer els plantejaments transformadors i antipunitivistas de l&#8217;espai, aix\u00ed com la guia d&#8217;abordatge de viol\u00e8ncies.<br>\u00c9s un \u00f2rgan format per persones dels diferents projectes de l&#8217;espai, que t\u00e9 car\u00e0cter rotatiu. Aquesta comissi\u00f3 no existia des dels inicis, sin\u00f3 que va sorgir per la necessitat de tenir una estructura org\u00e0nica capa\u00e7 de fer front a l&#8217;abordatge de les situacions de viol\u00e8ncia de g\u00e8nere dins de l&#8217;espai de manera seriosa i rigorosa. D&#8217;aquesta manera s&#8217;assegurar l&#8217;abordatge de les situacions de viol\u00e8ncia al llarg del temps, atorgant una estructura permanent, que garanteixi la seva gesti\u00f3 per a les persones afectades.<\/p>\n\n\n\n<ul class=\"wp-block-list\">\n<li>Aquesta comissi\u00f3 \u00e9s de composici\u00f3 mixta i oberta a totes les identitats i expressions de g\u00e8nere, inclosos els homes cis. Aquesta decisi\u00f3 neix per tres motivacions:<\/li>\n\n\n\n<li>Transgredir la c\u00e0rrega de treball de cures que s&#8217;atribueix hist\u00f2ricament a les dones cis, i que en la nostra experi\u00e8ncia era els qui es fan normalment c\u00e0rrec d&#8217;atendre aquest tipus de gestions, quan no existeix una estructura formal.<\/li>\n\n\n\n<li>Servir de plataforma d&#8217;aprenentatge i conscienciaci\u00f3 per a homes cis i altres identitats, de manera que puguin familiaritzar-se amb l&#8217;abordatge de viol\u00e8ncies de g\u00e8nere i es responsabilitzin de la gesti\u00f3 d&#8217;aquestes.<\/li>\n\n\n\n<li>Trencar amb la creen\u00e7a que les viol\u00e8ncies de g\u00e8nere nom\u00e9s les reben dones cis, i per tant fer de la comissi\u00f3 de g\u00e8nere un espai m\u00e9s acollidor tamb\u00e9 a altres identitats i expressions de g\u00e8nere, que tamb\u00e9 sofreixen viol\u00e8ncies.<\/li>\n<\/ul>\n\n\n\n<p>Al final d&#8217;aquest apartat est\u00e0 en enlla\u00e7 a la Guia per a la prevenci\u00f3 i actuaci\u00f3 enfront de les viol\u00e8ncies patriarcals a l&#8217;entorn del CSOA La Cin\u00e8tika.<\/p>\n\n\n\n<p>Deixem aqu\u00ed l&#8217;enlla\u00e7 als diferents textos que s&#8217;han anat traient sobre aquest tema al llarg dels anys:<br>\u2022 Guia de g\u00e8nere de la Cin\u00e8tika: https:\/\/blogs.sindominio.net\/lacinetika\/comissio-de-genere\/<br>\u2022 Posicionament feminista: https:\/\/blogs.sindominio.net\/lacinetika\/2019\/04\/01\/posicionament-feminista\/<br>\u2022 Just\u00edcia transformativa: de la dita al fet https:\/\/zonaestrategia.net\/justicia-transformativa-del-dicho-al-hecho\/<\/p>\n\n\n\n<p>Finalment, hem desenvolupat una guia per a l&#8217;abordatge d&#8217;una altra mena de conflictes que puguin succeir entre l&#8217;espai i altres persones i col\u00b7lectius, tamb\u00e9 basada en la just\u00edcia transformativa.<\/p>\n\n\n\n<p>[CAST] Pese a que el enfoque feminista siempre ha sido una de las prioridades del espacio, a lo largo de los a\u00f1os y las experiencias adquiridas en la gesti\u00f3n de diferentes situaciones de violencia desde la Cin\u00e8tika, se han ido desarrollando una serie de reflexiones y posicionamientos que han llevado a adoptar una perspectiva antipunitivista y basada en la justicia transformativa.<\/p>\n\n\n\n<p>El enfoque antipunitivista huye de la l\u00f3gica del castigo, buscando otras maneras de abordar, facilitar y aproximarse a situaciones de conflicto o de violencia. Este enfoque pretender romper con las l\u00f3gicas, tan arraigadas en el sistema capitalista, por la cual ante cada situaci\u00f3n de conflicto debe haber una retribuci\u00f3n. C\u00f3mo espacio que funciona en base a ideas libertarias, y siendo conscientes que las l\u00f3gicas punitivas golpean m\u00e1s a aquellas personas que se sit\u00faan en las disidencias, no nos parec\u00eda coherente perpetuar este modelo de justicia en la resoluci\u00f3n de los conflictos que pudiese haber dentro del espacio.<\/p>\n\n\n\n<p>Profundizando en este enfoque, se han explorado otros modelos de justicia, hasta finalmente descubrir en el enfoque de la justicia transformativa, aquel que refleja a los valores del espacio y de c\u00f3mo queremos funcionar.<\/p>\n\n\n\n<p>Definimos justicia transformativa como aquella que busca reparar el da\u00f1o causado, as\u00ed como transformar las condiciones que han llevado a que surja esa violencia, responsabilizando no solo a la persona que ha ejercido la violencia, sino tambi\u00e9n a la comunidad.<\/p>\n\n\n\n<p>Se diferencia de la justicia retributiva en que esta busca devolver el da\u00f1o, sin atender a la reparaci\u00f3n del mismo o la transformaci\u00f3n de sus causas subyacentes.<\/p>\n\n\n\n<p>Tambi\u00e9n se aleja de la justicia restaurativa o restauradora, en que esta se centra en la reparaci\u00f3n de la persona da\u00f1ada, sin atender a la transformaci\u00f3n de las causas subyacentes y estructurales que llevaron a la situaci\u00f3n de violencia.<\/p>\n\n\n\n<p>Por tanto, la justicia transformativa se aleja por un lado de planteamientos punitivistas porque pone el foco en las causas estructurales que llevaron a la violencia, alej\u00e1ndose de una mirada que individualice la responsabilidad en estas situaciones. Por el otro lado, establece una perspectiva interseccional en los procesos de responsabilizaci\u00f3n, atendiendo no s\u00f3lo al da\u00f1o causado, sino tambi\u00e9n a la circunstancias y estructuras de opresi\u00f3n que operan sobre todas las partes implicadas.<\/p>\n\n\n\n<p>La comisi\u00f3n de g\u00e9nero es el \u00f3rgano permanente en la estructura organizativa de la Cin\u00e8tika que se encarga de:<\/p>\n\n\n\n<ul class=\"wp-block-list\">\n<li>Prevenir que surjan violencias en el espacio mediante formaciones, talleres y otras actividades para trabaja una perspectiva transfeminista del g\u00e9nero.<\/li>\n\n\n\n<li>La gesti\u00f3n de los procesos de responsabilizaci\u00f3n ante situaciones de violencia de g\u00e9nero.<\/li>\n\n\n\n<li>Dar a conocer los planteamientos transformadores y antipunitivistas del espacio, as\u00ed como la gu\u00eda de abordaje de violencias.<\/li>\n<\/ul>\n\n\n\n<p>Es un \u00f3rgano formado por personas de los diferentes proyectos del espacio, que tiene car\u00e1cter rotativo. Dicha comisi\u00f3n no exist\u00eda desde los inicios, sino que surgi\u00f3 por la necesidad de tener una estructura org\u00e1nica capaz de hacer frente al abordaje de las situaciones de violencia de g\u00e9nero dentro del espacio de manera seria y rigurosa. De esta manera se asegurar el abordaje de las situaciones de violencia a lo largo del tiempo, otorgando una estructura permanente, que garantice su gesti\u00f3n para las personas afectadas.<\/p>\n\n\n\n<p>Esta comisi\u00f3n es de composici\u00f3n mixta y abierta a todas las identidades y expresiones de g\u00e9nero, incluidos los hombres cis. Esta decisi\u00f3n nace por tres motivaciones:<\/p>\n\n\n\n<ul class=\"wp-block-list\">\n<li>Transgredir la carga de trabajo de cuidados que se atribuye hist\u00f3ricamente a las mujeres cis, y que en nuestra experiencia era quienes se hacen normalmente cargo de atender este tipo de gestiones, cuando no existe una estructura formal.<\/li>\n\n\n\n<li>Servir de plataforma de aprendizaje y concienciaci\u00f3n para hombres cis y otras identidades, de manera que puedan familiarizarse con el abordaje de violencias de g\u00e9nero y se responsabilicen de la gesti\u00f3n de estas.<\/li>\n\n\n\n<li>Romper con la creencia de que las violencias de g\u00e9nero solo las reciben mujeres cis, y por tanto hacer de la comisi\u00f3n de g\u00e9nero un espacio m\u00e1s acogedor tambi\u00e9n a otras identidades y expresiones de g\u00e9nero, que tambi\u00e9n sufren violencias.<\/li>\n<\/ul>\n\n\n\n<p>Al final de este apartado est\u00e1 en enlace a la Gu\u00eda para la prevenci\u00f3n y actuaci\u00f3n frente a las violencias patriarcales en el entorno del CSOA La Cin\u00e8tika.<\/p>\n\n\n\n<p>Dejamos aqu\u00ed el enlace a los diferentes textos que se han ido sacando sobre este tema a lo largo de los a\u00f1os:<\/p>\n\n\n\n<ul class=\"wp-block-list\">\n<li>Gu\u00eda de g\u00e9nero de la Cin\u00e8tika: <a href=\"https:\/\/blogs.sindominio.net\/lacinetika\/comissio-de-genere\/\">https:\/\/blogs.sindominio.net\/lacinetika\/comissio-de-genere\/<\/a><\/li>\n\n\n\n<li>Posicionamiento feminista: <a href=\"https:\/\/blogs.sindominio.net\/lacinetika\/2019\/04\/01\/posicionament-feminista\/\">https:\/\/blogs.sindominio.net\/lacinetika\/2019\/04\/01\/posicionament-feminista\/<\/a><\/li>\n\n\n\n<li>Justicia transformativa: del dicho al hecho <a href=\"https:\/\/zonaestrategia.net\/justicia-transformativa-del-dicho-al-hecho\/\">https:\/\/zonaestrategia.net\/justicia-transformativa-del-dicho-al-hecho\/<\/a><\/li>\n<\/ul>\n\n\n\n<p>Finalmente, hemos desarrollado una gu\u00eda para el abordaje de otro tipo de conflictos que puedan suceder entre el espacio y otras personas y colectivos, tambi\u00e9n basada en la justicia transformativa.<\/p>\n","protected":false},"excerpt":{"rendered":"<div class=\"mh-excerpt\"><p>[CAT]Malgrat que l&#8217;enfocament feminista sempre ha estat una de les prioritats de l&#8217;espai, al llarg dels anys i les experi\u00e8ncies adquirides en la gesti\u00f3 de diferents situacions de viol\u00e8ncia des de la Cin\u00e8tika, s&#8217;han anat desenvolupant una s\u00e8rie de reflexions i posicionaments que han portat a adoptar una perspectiva antipunitivista <a class=\"mh-excerpt-more\" href=\"https:\/\/blogs.sindominio.net\/lacinetika\/antipunitivisme-i-justicia-transformativa\/\" title=\"ANTIPUNITIVISME I JUST\u00cdCIA TRANSFORMATIVA\">[&#8230;]<\/a><\/p>\n<\/div>","protected":false},"author":261,"featured_media":0,"parent":0,"menu_order":0,"comment_status":"closed","ping_status":"closed","template":"","meta":{"footnotes":""},"class_list":["post-25739","page","type-page","status-publish","hentry"],"jetpack_sharing_enabled":true,"_links":{"self":[{"href":"https:\/\/blogs.sindominio.net\/lacinetika\/wp-json\/wp\/v2\/pages\/25739","targetHints":{"allow":["GET"]}}],"collection":[{"href":"https:\/\/blogs.sindominio.net\/lacinetika\/wp-json\/wp\/v2\/pages"}],"about":[{"href":"https:\/\/blogs.sindominio.net\/lacinetika\/wp-json\/wp\/v2\/types\/page"}],"author":[{"embeddable":true,"href":"https:\/\/blogs.sindominio.net\/lacinetika\/wp-json\/wp\/v2\/users\/261"}],"replies":[{"embeddable":true,"href":"https:\/\/blogs.sindominio.net\/lacinetika\/wp-json\/wp\/v2\/comments?post=25739"}],"version-history":[{"count":1,"href":"https:\/\/blogs.sindominio.net\/lacinetika\/wp-json\/wp\/v2\/pages\/25739\/revisions"}],"predecessor-version":[{"id":25741,"href":"https:\/\/blogs.sindominio.net\/lacinetika\/wp-json\/wp\/v2\/pages\/25739\/revisions\/25741"}],"wp:attachment":[{"href":"https:\/\/blogs.sindominio.net\/lacinetika\/wp-json\/wp\/v2\/media?parent=25739"}],"curies":[{"name":"wp","href":"https:\/\/api.w.org\/{rel}","templated":true}]}}

ANTIPUNITIVISME I JUSTÍCIA TRANSFORMATIVA

<figure class="wp-block-image size-full"><img loading="lazy" decoding="async" width="945" height="590" src="https://blogs.sindominio.net/lacinetika/files/2025/12/7.png" alt="" class="wp-image-25740" srcset="https://blogs.sindominio.net/lacinetika/files/2025/12/7.png 945w, https://blogs.sindominio.net/lacinetika/files/2025/12/7-300x187.png 300w, https://blogs.sindominio.net/lacinetika/files/2025/12/7-768x479.png 768w" sizes="auto, (max-width: 945px) 100vw, 945px" /></figure>



<p>[CAT]Malgrat que l&#8217;enfocament feminista sempre ha estat una de les prioritats de l&#8217;espai, al llarg dels anys i les experiències adquirides en la gestió de diferents situacions de violència des de la Cinètika, s&#8217;han anat desenvolupant una sèrie de reflexions i posicionaments que han portat a adoptar una perspectiva antipunitivista i basada en la justícia transformativa.</p>



<p>L&#8217;enfocament antipunitivista fuig de la lògica del càstig, buscant altres maneres d&#8217;abordar, facilitar i aproximar-se a situacions de conflicte o de violència. Aquest enfocament pretendre trencar amb les lògiques, tan arrelades en el sistema capitalista, per la qual davant cada situació de conflicte ha d&#8217;haver-hi una retribució. Com espai que funciona sobre la base d&#8217;idees llibertàries, i sent conscients que les lògiques punitives colpegen més a aquelles persones que se situen en les dissidències, no ens semblava coherent perpetuar aquest model de justícia en la resolució dels conflictes que pogués haver-hi dins de l&#8217;espai.</p>



<p>Aprofundint en aquest enfocament, s&#8217;han explorat altres models de justícia, fins finalment descobrir en l&#8217;enfocament de la justícia transformativa, aquell que reflecteix als valors de l&#8217;espai i de com volem funcionar.</p>



<p>Definim justícia transformativa com aquella que busca reparar el mal causat, així com transformar les condicions que han portat al fet que sorgeixi aquesta violència, responsabilitzant no sols a la persona que ha exercit la violència, sinó també a la comunitat.</p>



<p>Es diferencia de la justícia retributiva que aquesta cerca retornar el mal, sense atendre la reparació del mateix o la transformació de les seves causes subjacents.</p>



<p>També s&#8217;allunya de la justícia restaurativa o restauradora, en què aquesta se centra en la reparació de la persona danyada, sense atendre la transformació de les causes subjacents i estructurals que van portar a la situació de violència.</p>



<p>Per tant, la justícia transformativa s&#8217;allunya d&#8217;una banda de plantejaments punitivistas perquè posa el focus en les causes estructurals que van portar a la violència, allunyant-se d&#8217;una mirada que individualitzi la responsabilitat en aquestes situacions. Per l&#8217;altre costat, estableix una perspectiva interseccional en els processos de responsabilització, atenent no sols el mal causat, sinó també a la circumstàncies i estructures d&#8217;opressió que operen sobre totes les parts implicades.</p>



<p>La comissió de gènere és l&#8217;òrgan permanent en l&#8217;estructura organitzativa de la Cinètika que s&#8217;encarrega de:<br>• Prevenir que sorgeixin violències en l&#8217;espai mitjançant formacions, tallers i altres activitats per a treballa una perspectiva transfeminista del gènere.<br>• La gestió dels processos de responsabilització davant situacions de violència de gènere.<br>• Donar a conèixer els plantejaments transformadors i antipunitivistas de l&#8217;espai, així com la guia d&#8217;abordatge de violències.<br>És un òrgan format per persones dels diferents projectes de l&#8217;espai, que té caràcter rotatiu. Aquesta comissió no existia des dels inicis, sinó que va sorgir per la necessitat de tenir una estructura orgànica capaç de fer front a l&#8217;abordatge de les situacions de violència de gènere dins de l&#8217;espai de manera seriosa i rigorosa. D&#8217;aquesta manera s&#8217;assegurar l&#8217;abordatge de les situacions de violència al llarg del temps, atorgant una estructura permanent, que garanteixi la seva gestió per a les persones afectades.</p>



<ul class="wp-block-list">
<li>Aquesta comissió és de composició mixta i oberta a totes les identitats i expressions de gènere, inclosos els homes cis. Aquesta decisió neix per tres motivacions:</li>



<li>Transgredir la càrrega de treball de cures que s&#8217;atribueix històricament a les dones cis, i que en la nostra experiència era els qui es fan normalment càrrec d&#8217;atendre aquest tipus de gestions, quan no existeix una estructura formal.</li>



<li>Servir de plataforma d&#8217;aprenentatge i conscienciació per a homes cis i altres identitats, de manera que puguin familiaritzar-se amb l&#8217;abordatge de violències de gènere i es responsabilitzin de la gestió d&#8217;aquestes.</li>



<li>Trencar amb la creença que les violències de gènere només les reben dones cis, i per tant fer de la comissió de gènere un espai més acollidor també a altres identitats i expressions de gènere, que també sofreixen violències.</li>
</ul>



<p>Al final d&#8217;aquest apartat està en enllaç a la Guia per a la prevenció i actuació enfront de les violències patriarcals a l&#8217;entorn del CSOA La Cinètika.</p>



<p>Deixem aquí l&#8217;enllaç als diferents textos que s&#8217;han anat traient sobre aquest tema al llarg dels anys:<br>• Guia de gènere de la Cinètika: https://blogs.sindominio.net/lacinetika/comissio-de-genere/<br>• Posicionament feminista: https://blogs.sindominio.net/lacinetika/2019/04/01/posicionament-feminista/<br>• Justícia transformativa: de la dita al fet https://zonaestrategia.net/justicia-transformativa-del-dicho-al-hecho/</p>



<p>Finalment, hem desenvolupat una guia per a l&#8217;abordatge d&#8217;una altra mena de conflictes que puguin succeir entre l&#8217;espai i altres persones i col·lectius, també basada en la justícia transformativa.</p>



<p>[CAST] Pese a que el enfoque feminista siempre ha sido una de las prioridades del espacio, a lo largo de los años y las experiencias adquiridas en la gestión de diferentes situaciones de violencia desde la Cinètika, se han ido desarrollando una serie de reflexiones y posicionamientos que han llevado a adoptar una perspectiva antipunitivista y basada en la justicia transformativa.</p>



<p>El enfoque antipunitivista huye de la lógica del castigo, buscando otras maneras de abordar, facilitar y aproximarse a situaciones de conflicto o de violencia. Este enfoque pretender romper con las lógicas, tan arraigadas en el sistema capitalista, por la cual ante cada situación de conflicto debe haber una retribución. Cómo espacio que funciona en base a ideas libertarias, y siendo conscientes que las lógicas punitivas golpean más a aquellas personas que se sitúan en las disidencias, no nos parecía coherente perpetuar este modelo de justicia en la resolución de los conflictos que pudiese haber dentro del espacio.</p>



<p>Profundizando en este enfoque, se han explorado otros modelos de justicia, hasta finalmente descubrir en el enfoque de la justicia transformativa, aquel que refleja a los valores del espacio y de cómo queremos funcionar.</p>



<p>Definimos justicia transformativa como aquella que busca reparar el daño causado, así como transformar las condiciones que han llevado a que surja esa violencia, responsabilizando no solo a la persona que ha ejercido la violencia, sino también a la comunidad.</p>



<p>Se diferencia de la justicia retributiva en que esta busca devolver el daño, sin atender a la reparación del mismo o la transformación de sus causas subyacentes.</p>



<p>También se aleja de la justicia restaurativa o restauradora, en que esta se centra en la reparación de la persona dañada, sin atender a la transformación de las causas subyacentes y estructurales que llevaron a la situación de violencia.</p>



<p>Por tanto, la justicia transformativa se aleja por un lado de planteamientos punitivistas porque pone el foco en las causas estructurales que llevaron a la violencia, alejándose de una mirada que individualice la responsabilidad en estas situaciones. Por el otro lado, establece una perspectiva interseccional en los procesos de responsabilización, atendiendo no sólo al daño causado, sino también a la circunstancias y estructuras de opresión que operan sobre todas las partes implicadas.</p>



<p>La comisión de género es el órgano permanente en la estructura organizativa de la Cinètika que se encarga de:</p>



<ul class="wp-block-list">
<li>Prevenir que surjan violencias en el espacio mediante formaciones, talleres y otras actividades para trabaja una perspectiva transfeminista del género.</li>



<li>La gestión de los procesos de responsabilización ante situaciones de violencia de género.</li>



<li>Dar a conocer los planteamientos transformadores y antipunitivistas del espacio, así como la guía de abordaje de violencias.</li>
</ul>



<p>Es un órgano formado por personas de los diferentes proyectos del espacio, que tiene carácter rotativo. Dicha comisión no existía desde los inicios, sino que surgió por la necesidad de tener una estructura orgánica capaz de hacer frente al abordaje de las situaciones de violencia de género dentro del espacio de manera seria y rigurosa. De esta manera se asegurar el abordaje de las situaciones de violencia a lo largo del tiempo, otorgando una estructura permanente, que garantice su gestión para las personas afectadas.</p>



<p>Esta comisión es de composición mixta y abierta a todas las identidades y expresiones de género, incluidos los hombres cis. Esta decisión nace por tres motivaciones:</p>



<ul class="wp-block-list">
<li>Transgredir la carga de trabajo de cuidados que se atribuye históricamente a las mujeres cis, y que en nuestra experiencia era quienes se hacen normalmente cargo de atender este tipo de gestiones, cuando no existe una estructura formal.</li>



<li>Servir de plataforma de aprendizaje y concienciación para hombres cis y otras identidades, de manera que puedan familiarizarse con el abordaje de violencias de género y se responsabilicen de la gestión de estas.</li>



<li>Romper con la creencia de que las violencias de género solo las reciben mujeres cis, y por tanto hacer de la comisión de género un espacio más acogedor también a otras identidades y expresiones de género, que también sufren violencias.</li>
</ul>



<p>Al final de este apartado está en enlace a la Guía para la prevención y actuación frente a las violencias patriarcales en el entorno del CSOA La Cinètika.</p>



<p>Dejamos aquí el enlace a los diferentes textos que se han ido sacando sobre este tema a lo largo de los años:</p>



<ul class="wp-block-list">
<li>Guía de género de la Cinètika: <a href="https://blogs.sindominio.net/lacinetika/comissio-de-genere/">https://blogs.sindominio.net/lacinetika/comissio-de-genere/</a></li>



<li>Posicionamiento feminista: <a href="https://blogs.sindominio.net/lacinetika/2019/04/01/posicionament-feminista/">https://blogs.sindominio.net/lacinetika/2019/04/01/posicionament-feminista/</a></li>



<li>Justicia transformativa: del dicho al hecho <a href="https://zonaestrategia.net/justicia-transformativa-del-dicho-al-hecho/">https://zonaestrategia.net/justicia-transformativa-del-dicho-al-hecho/</a></li>
</ul>



<p>Finalmente, hemos desarrollado una guía para el abordaje de otro tipo de conflictos que puedan suceder entre el espacio y otras personas y colectivos, también basada en la justicia transformativa.</p>

<div class="mh-excerpt"><p>[CAT]Malgrat que l&#8217;enfocament feminista sempre ha estat una de les prioritats de l&#8217;espai, al llarg dels anys i les experiències adquirides en la gestió de diferents situacions de violència des de la Cinètika, s&#8217;han anat desenvolupant una sèrie de reflexions i posicionaments que han portat a adoptar una perspectiva antipunitivista <a class="mh-excerpt-more" href="https://blogs.sindominio.net/lacinetika/antipunitivisme-i-justicia-transformativa/" title="ANTIPUNITIVISME I JUSTÍCIA TRANSFORMATIVA">[&#8230;]</a></p>
</div>
