{"id":25727,"date":"2025-12-15T13:06:01","date_gmt":"2025-12-15T12:06:01","guid":{"rendered":"https:\/\/blogs.sindominio.net\/lacinetika\/?page_id=25727"},"modified":"2025-12-15T13:06:03","modified_gmt":"2025-12-15T12:06:03","slug":"financament-i-gratuitat","status":"publish","type":"page","link":"https:\/\/blogs.sindominio.net\/lacinetika\/financament-i-gratuitat\/","title":{"rendered":"FINAN\u00c7AMENT I GRATU\u00efTAT"},"content":{"rendered":"\n<figure class=\"wp-block-image size-full\"><img loading=\"lazy\" decoding=\"async\" width=\"945\" height=\"590\" src=\"https:\/\/blogs.sindominio.net\/lacinetika\/files\/2025\/12\/4.png\" alt=\"\" class=\"wp-image-25728\" srcset=\"https:\/\/blogs.sindominio.net\/lacinetika\/files\/2025\/12\/4.png 945w, https:\/\/blogs.sindominio.net\/lacinetika\/files\/2025\/12\/4-300x187.png 300w, https:\/\/blogs.sindominio.net\/lacinetika\/files\/2025\/12\/4-768x479.png 768w\" sizes=\"auto, (max-width: 945px) 100vw, 945px\" \/><\/figure>\n\n\n\n<p>[CAT] Com a centre social aut\u00f2nom, la Cin\u00e8tika no accepta subvencions d&#8217;entitats p\u00fabliques o empreses privades, i d&#8217;aquesta manera evita inger\u00e8ncies i manipulacions pol\u00edtiques.<\/p>\n\n\n\n<p>M\u00e9s enll\u00e0 d&#8217;aix\u00f2 i amb la intenci\u00f3 de generar un espai obert a qualsevol persona que desitgi participar independentment del seu poder adquisitiu o la seva classe social, les activitats de la Cin\u00e8tika s\u00f3n lliures i gratu\u00eftes.<\/p>\n\n\n\n<p>Aquest criteri inclou totes les activitats de l&#8217;espai, tant entrenaments, projeccions o menjadors. Amb l&#8217;objectiu de cobrir les despeses de cost d&#8217;aquestes iniciatives, es pot posar una taquilla inversa al final de l&#8217;activitat, de car\u00e0cter voluntari, o un preu recomanat que en cap cas pot superar els 3 \u20ac i que sempre ser\u00e0 voluntari.<\/p>\n\n\n\n<p>A m\u00e9s, com a espai anticapitalista ens plantegem que trencar amb el sistema, implica tamb\u00e9 q\u00fcestionar la l\u00f2gica de l&#8217;intercanvi. Rebutgem la idea que qualsevol acci\u00f3 hagi d&#8217;anar seguida d&#8217;una contrapartida, encara que aquesta no sigui monet\u00e0ria, ja que aquesta \u00e9s la base del capitalisme. Per aix\u00f2, s&#8217;intenta fomentar l&#8217;altruisme militant i la donaci\u00f3 enfront de l&#8217;intercanvi.<\/p>\n\n\n\n<p>Finalment, sent conscients del creixent consumisme que ens envolta i de la sobreproducci\u00f3 de b\u00e9ns de consum en les nostres latituds, intentem buscar vies de finan\u00e7ament per als projectes pol\u00edtics de l&#8217;espai m\u00e9s creativa que la mera venda b\u00e9ns, marxandatge o comestibles.<\/p>\n\n\n\n<p>[CAST] Como centro social aut\u00f3nomo, la Cin\u00e8tika no acepta subvenciones de entidades p\u00fablicas o empresas privadas, y de esta manera evita injerencias y manipulaciones pol\u00edticas.<\/p>\n\n\n\n<p>M\u00e1s all\u00e1 de esto y con la intenci\u00f3n de generar un espacio abierto a cualquier persona que desee participar independientemente de su poder adquisitivo o su clase social, las actividades de la Cin\u00e8tika son libres y gratuitas.<\/p>\n\n\n\n<p>Este criterio incluye todas las actividades del espacio, tanto entrenamientos, proyecciones o comedores. Con el objetivo de cubrir los gastos de coste de dichas iniciativas, se puede poner una taquilla inversa al final de la actividad, de car\u00e1cter voluntario, o un precio recomendado que en ning\u00fan caso puede superar los 3 \u20ac y que siempre ser\u00e1 voluntario.<\/p>\n\n\n\n<p>Adem\u00e1s, como espacio anticapitalista nos planteamos que romper con el sistema, implica tambi\u00e9n cuestionar la l\u00f3gica del intercambio. Rechazamos la idea de que cualquier acci\u00f3n deba ir seguida de una contrapartida, aunque esta no sea monetaria, ya que esta es la base del capitalismo. Por ello, se intenta fomentar el altruismo militante y la donaci\u00f3n frente al intercambio.<\/p>\n\n\n\n<p>Finalmente, siendo conscientes del creciente consumismo que nos rodea y de la sobreproducci\u00f3n de bienes de consumo en nuestras latitudes, intentamos buscar v\u00edas de financiaci\u00f3n para los proyectos pol\u00edticos del espacio m\u00e1s creativa que la mera venta bienes, merchandising o comestibles.<\/p>\n","protected":false},"excerpt":{"rendered":"<div class=\"mh-excerpt\"><p>[CAT] Com a centre social aut\u00f2nom, la Cin\u00e8tika no accepta subvencions d&#8217;entitats p\u00fabliques o empreses privades, i d&#8217;aquesta manera evita inger\u00e8ncies i manipulacions pol\u00edtiques. M\u00e9s enll\u00e0 d&#8217;aix\u00f2 i amb la intenci\u00f3 de generar un espai obert a qualsevol persona que desitgi participar independentment del seu poder adquisitiu o la seva <a class=\"mh-excerpt-more\" href=\"https:\/\/blogs.sindominio.net\/lacinetika\/financament-i-gratuitat\/\" title=\"FINAN\u00c7AMENT I GRATU\u00efTAT\">[&#8230;]<\/a><\/p>\n<\/div>","protected":false},"author":261,"featured_media":0,"parent":0,"menu_order":0,"comment_status":"closed","ping_status":"closed","template":"","meta":{"footnotes":""},"class_list":["post-25727","page","type-page","status-publish","hentry"],"jetpack_sharing_enabled":true,"_links":{"self":[{"href":"https:\/\/blogs.sindominio.net\/lacinetika\/wp-json\/wp\/v2\/pages\/25727","targetHints":{"allow":["GET"]}}],"collection":[{"href":"https:\/\/blogs.sindominio.net\/lacinetika\/wp-json\/wp\/v2\/pages"}],"about":[{"href":"https:\/\/blogs.sindominio.net\/lacinetika\/wp-json\/wp\/v2\/types\/page"}],"author":[{"embeddable":true,"href":"https:\/\/blogs.sindominio.net\/lacinetika\/wp-json\/wp\/v2\/users\/261"}],"replies":[{"embeddable":true,"href":"https:\/\/blogs.sindominio.net\/lacinetika\/wp-json\/wp\/v2\/comments?post=25727"}],"version-history":[{"count":1,"href":"https:\/\/blogs.sindominio.net\/lacinetika\/wp-json\/wp\/v2\/pages\/25727\/revisions"}],"predecessor-version":[{"id":25729,"href":"https:\/\/blogs.sindominio.net\/lacinetika\/wp-json\/wp\/v2\/pages\/25727\/revisions\/25729"}],"wp:attachment":[{"href":"https:\/\/blogs.sindominio.net\/lacinetika\/wp-json\/wp\/v2\/media?parent=25727"}],"curies":[{"name":"wp","href":"https:\/\/api.w.org\/{rel}","templated":true}]}}