{"id":25714,"date":"2025-12-15T12:50:42","date_gmt":"2025-12-15T11:50:42","guid":{"rendered":"https:\/\/blogs.sindominio.net\/lacinetika\/?page_id=25714"},"modified":"2026-02-11T16:54:32","modified_gmt":"2026-02-11T15:54:32","slug":"autonomia-i-autogestio","status":"publish","type":"page","link":"https:\/\/blogs.sindominio.net\/lacinetika\/autonomia-i-autogestio\/","title":{"rendered":"AUTONOMIA I AUTOGESTI\u00d3"},"content":{"rendered":"\n<figure class=\"wp-block-image size-full\"><img loading=\"lazy\" decoding=\"async\" width=\"945\" height=\"590\" src=\"https:\/\/blogs.sindominio.net\/lacinetika\/files\/2025\/12\/1.png\" alt=\"\" class=\"wp-image-25715\" srcset=\"https:\/\/blogs.sindominio.net\/lacinetika\/files\/2025\/12\/1.png 945w, https:\/\/blogs.sindominio.net\/lacinetika\/files\/2025\/12\/1-300x187.png 300w, https:\/\/blogs.sindominio.net\/lacinetika\/files\/2025\/12\/1-768x479.png 768w\" sizes=\"auto, (max-width: 945px) 100vw, 945px\" \/><\/figure>\n\n\n\n<p>[CAT] La Cin\u00e8tika, neix definint-se expl\u00edcitament com un espai aut\u00f2nom, en un context general a Barcelona en el qual s&#8217;havien comen\u00e7at a donar processos d&#8217;institucionalitzaci\u00f3 de diferents espais. Els espais institucionalitzats en dependre d&#8217;una cessi\u00f3 de l&#8217;administraci\u00f3 p\u00fablica, han de plegar-se als requisits que aquesta imposi, i, per tant, limitar la seva activitat als criteris que expl\u00edcita o impl\u00edcitament es vulguin establir.<\/p>\n\n\n\n<p>Aquest proc\u00e9s d&#8217;institucionalitzaci\u00f3 d&#8217;espais populars, anava (i continua anant) acompanyat d&#8217;un altre proc\u00e9s, que \u00e9s el de desallotjament dels centres socials okupats, establint-se d&#8217;aquesta manera una clara distinci\u00f3 entro les iniciatives ve\u00efnals considerades socialment acceptables i aquelles mal vistes a ulls de l&#8217;opini\u00f3 p\u00fablica.<\/p>\n\n\n\n<p>En aquest context, la Cin\u00e8tika neix amb la vocaci\u00f3 expl\u00edcita de fer-li front a aquestes din\u00e0miques, amb l&#8217;objectiu de crear un espai pol\u00edtic de resist\u00e8ncia, on l&#8217;activitat que es duu a terme, pugui ser totalment independent de les inger\u00e8ncies estatals, burocr\u00e0tiques i partidistes.<\/p>\n\n\n\n<p>En l&#8217;\u00e9sser un espai okupat, no sols mantenim autonomia respecte a les institucions p\u00fabliques, sin\u00f3 que tamb\u00e9 es pr\u00e0ctica la propaganda pel fet, en expropiar-se un edifici de mans de la propietat privada, i posar-se a la disposici\u00f3 del com\u00fa.<\/p>\n\n\n\n<p>L&#8217;autogesti\u00f3 i l&#8217;autonomia s\u00f3n caracter\u00edstiques que solen anar de bracet. Quan no existeixen inger\u00e8ncies externes en la gesti\u00f3 d&#8217;un espai, \u00e9s el mateix espai qui s&#8217;autoresponsabilitza del seu manteniment quotidi\u00e0, en el nostre cas, a trav\u00e9s d&#8217;estructures organitzatives horitzontals, com l&#8217;assemblea general i les comissions de treball.<\/p>\n\n\n\n<p>L&#8217;aposta per l&#8217;autogesti\u00f3, \u00e9s una aposta per l&#8217;horitzontalitat i la sobirania col\u00b7lectiva, trencant amb les din\u00e0miques individualizantes del model neoliberal. Aquesta autogesti\u00f3 ens impulsa a m\u00e9s a trencar amb les din\u00e0miques consumistes i sovint mandroses que tendeixen a buscar les solucions del dia a dies en el mercat, l&#8217;intercanvi monetari i l&#8217;externalitzaci\u00f3 dels treballs, prioritzant-se sempre les solucions comunit\u00e0ries basades en l&#8217;aprenentatge col\u00b7lectiu, el suport mutu i la filosofia del \u201cFes-ho tu mateixi\u201d.<\/p>\n\n\n\n<p>Finalment, com s&#8217;ha anat veient en altres ciutats europees, el lent proc\u00e9s d&#8217;institucionalitzaci\u00f3, ha generat que, en moltes d&#8217;aquestes ciutats, els espais pr\u00e8viament cedits, hagin estat desallotjats anys m\u00e9s tard, sense tot just resist\u00e8ncia, en haver-se perdut en la \u201ccomoditat\u201d d&#8217;aquesta cessi\u00f3 els aprenentatges i el m\u00fascul militant que s&#8217;entrena dia a dia en els espais autogestionats, donant lloc a ciutats mortes i mancades d&#8217;iniciatives pol\u00edtiques transformadores. L&#8217;autogesti\u00f3, per tant, \u00e9s tamb\u00e9 una eina de entramiento pol\u00edtic per als moments de lluita i de resist\u00e8ncia, que com a projecte pol\u00edtic anticapitalista que som sabem que enfrontarem.<\/p>\n\n\n\n<p>En resum, L&#8217;autonomia i l&#8217;autogesti\u00f3 ens porten a rebutjar frontalment els pactes i cessions amb la propietat privada, independentment de si aquesta \u00e9s patrimoni p\u00fablic o privatiu. D&#8217;aquesta manera garantim que la Cin\u00e8tika \u00e9s un espai amb independ\u00e8ncia pol\u00edtica, no subjecta a manipulaci\u00f3 partidista o xantatge institucional.<\/p>\n\n\n\n<p>I, d&#8217;altra banda, el projecte pol\u00edtic de la Cin\u00e8tika es nodreix a trav\u00e9s de l&#8217;autogesti\u00f3 i l&#8217;autonomia d&#8217;una milit\u00e0ncia conscient capa\u00e7 de fer front a les lluites de manera creativa, col\u00b7lectiva i sostinguda en el temps.<\/p>\n\n\n\n<p><\/p>\n\n\n\n<p>[CAST] La Cin\u00e8tika, nace defini\u00e9ndose expl\u00edcitamente como un espacio aut\u00f3nomo, en un contexto general en Barcelona en el que se hab\u00edan empezado a dar procesos de institucionalizaci\u00f3n de diferentes espacios. Los espacios institucionalizados al depender de una cesi\u00f3n de la administraci\u00f3n p\u00fablica, deben plegarse a los requisitos que est\u00e1 imponga, y, por tanto, limitar su actividad a los criterios que expl\u00edcita o impl\u00edcitamente se quieran establecer.<\/p>\n\n\n\n<p>Este proceso de institucionalizaci\u00f3n de espacios populares, iba (y sigue yendo) acompa\u00f1ado de otro proceso que es el de desalojo de los centros sociales okupados, estableci\u00e9ndose de esta manera una clara distinci\u00f3n entro las iniciativas vecinales consideradas socialmente aceptables y aquellas mal vistas a ojos de la opini\u00f3n p\u00fablica.<\/p>\n\n\n\n<p>En este contexto, la Cin\u00e8tika nace con la vocaci\u00f3n expl\u00edcita de hacerle frente a estas din\u00e1micas, con el objetivo de crear un espacio pol\u00edtico de resistencia, donde la actividad que se lleva a cabo, pudiese ser totalmente independiente de las injerencias estatales, burocr\u00e1ticas y partidistas.<\/p>\n\n\n\n<p>Al ser un espacio okupado no solo mantenemos autonom\u00eda respecto a las instituciones p\u00fablicas, sino que tambi\u00e9n se practica la propaganda por el hecho, al expropiarse un edificio de manos de la propiedad privada, y ponerse a disposici\u00f3n del com\u00fan.<\/p>\n\n\n\n<p>La autogesti\u00f3n y la autonom\u00eda son caracter\u00edsticas que suelen ir de la mano. Cuando no existen injerencias externas en la gesti\u00f3n de un espacio, es el mismo espacio quien se autoresponsabiliza de su mantenimiento cotidiano, en nuestro caso, a trav\u00e9s de estructuras organizativas horizontales, como la asamblea general y las comisiones de trabajo.<\/p>\n\n\n\n<p>La apuesta por la autogesti\u00f3n, es una apuesta por la horizontalidad y la soberan\u00eda colectiva, rompiendo con las din\u00e1micas individualizantes del modelo neoliberal. Esta autogesti\u00f3n nos impulsa adem\u00e1s a romper con las din\u00e1micas consumistas y a menudo perezosas que tienden a buscar las soluciones del d\u00eda a d\u00edas en el mercado, el intercambio monetario y la externalizaci\u00f3n de los trabajos, prioriz\u00e1ndose siempre las soluciones comunitarias basadas en el aprendizaje colectivo, el apoyo mutuo y la filosof\u00eda del \u201cHazlo tu mismx\u201d.<\/p>\n\n\n\n<p>Finalmente, como se ha ido viendo en otras ciudades europeas, el lento proceso de institucionalizaci\u00f3n, ha generado que, en muchas de estas ciudades, los espacios previamente cedidos, hayan sido desalojados a\u00f1os m\u00e1s tarde, sin apenas resistencia, al haberse perdido en la \u201ccomodidad\u201d de dicha cesi\u00f3n los aprendizajes y el m\u00fasculo militante que se entrena d\u00eda a d\u00eda en los espacios autogestionados, dando lugar a ciudades muertas y carentes de iniciativas pol\u00edticas transformadoras. La autogesti\u00f3n, por tanto, es tambi\u00e9n una herramienta de entramiento pol\u00edtico para los momentos de lucha y de resistencia, que como proyecto pol\u00edtico anticapitalista que somos sabemos que vamos a enfrentar.<\/p>\n\n\n\n<p>En resumen, La autonom\u00eda y la autogesti\u00f3n nos llevan a rechazar frontalmente los pactos y cesiones con la propiedad privada, independientemente de si esta es patrimonio p\u00fablico o privativo. De esta manera garantizamos que la Cin\u00e8tika es un espacio con independencia pol\u00edtica, no sujeta a manipulaci\u00f3n partidista o chantaje institucional.<\/p>\n\n\n\n<p>Y, por otro lado, el proyecto pol\u00edtico de la Cin\u00e8tika se nutre a trav\u00e9s de la autogesti\u00f3n y la autonom\u00eda de una militancia consciente capaz de hacer frente a las luchas de manera creativa, colectiva y sostenida en el tiempo.<\/p>\n","protected":false},"excerpt":{"rendered":"<div class=\"mh-excerpt\"><p>[CAT] La Cin\u00e8tika, neix definint-se expl\u00edcitament com un espai aut\u00f2nom, en un context general a Barcelona en el qual s&#8217;havien comen\u00e7at a donar processos d&#8217;institucionalitzaci\u00f3 de diferents espais. Els espais institucionalitzats en dependre d&#8217;una cessi\u00f3 de l&#8217;administraci\u00f3 p\u00fablica, han de plegar-se als requisits que aquesta imposi, i, per tant, limitar <a class=\"mh-excerpt-more\" href=\"https:\/\/blogs.sindominio.net\/lacinetika\/autonomia-i-autogestio\/\" title=\"AUTONOMIA I AUTOGESTI\u00d3\">[&#8230;]<\/a><\/p>\n<\/div>","protected":false},"author":261,"featured_media":0,"parent":0,"menu_order":0,"comment_status":"closed","ping_status":"closed","template":"","meta":{"footnotes":""},"class_list":["post-25714","page","type-page","status-publish","hentry"],"jetpack_sharing_enabled":true,"_links":{"self":[{"href":"https:\/\/blogs.sindominio.net\/lacinetika\/wp-json\/wp\/v2\/pages\/25714","targetHints":{"allow":["GET"]}}],"collection":[{"href":"https:\/\/blogs.sindominio.net\/lacinetika\/wp-json\/wp\/v2\/pages"}],"about":[{"href":"https:\/\/blogs.sindominio.net\/lacinetika\/wp-json\/wp\/v2\/types\/page"}],"author":[{"embeddable":true,"href":"https:\/\/blogs.sindominio.net\/lacinetika\/wp-json\/wp\/v2\/users\/261"}],"replies":[{"embeddable":true,"href":"https:\/\/blogs.sindominio.net\/lacinetika\/wp-json\/wp\/v2\/comments?post=25714"}],"version-history":[{"count":3,"href":"https:\/\/blogs.sindominio.net\/lacinetika\/wp-json\/wp\/v2\/pages\/25714\/revisions"}],"predecessor-version":[{"id":26719,"href":"https:\/\/blogs.sindominio.net\/lacinetika\/wp-json\/wp\/v2\/pages\/25714\/revisions\/26719"}],"wp:attachment":[{"href":"https:\/\/blogs.sindominio.net\/lacinetika\/wp-json\/wp\/v2\/media?parent=25714"}],"curies":[{"name":"wp","href":"https:\/\/api.w.org\/{rel}","templated":true}]}}