{"id":24977,"date":"2025-11-13T12:00:12","date_gmt":"2025-11-13T11:00:12","guid":{"rendered":"https:\/\/blogs.sindominio.net\/lacinetika\/?page_id=24977"},"modified":"2025-12-09T15:30:24","modified_gmt":"2025-12-09T14:30:24","slug":"jocsdetaula_jornades1312","status":"publish","type":"page","link":"https:\/\/blogs.sindominio.net\/lacinetika\/jocsdetaula_jornades1312\/","title":{"rendered":"JOCS DE TAULA"},"content":{"rendered":"\n<p>Durant les jornades, <strong>des de les 10h fins les 18h<\/strong> podreu jugar a diferents jocs. Hi haur\u00e0 persones que us podran explicar com jugar-hi.<\/p>\n\n\n\n<p>Si tens algun joc de tem\u00e0tica social\/revolucionaria i el vols portar i explicar com es juga, no dubtis en contactar-nos. <strong>rol_cinetika@riseup.net<\/strong><\/p>\n\n\n\n<h2 class=\"wp-block-heading\"><strong>Okupa t\u00fa tamb\u00e9<\/strong><\/h2>\n\n\n\n<div class=\"wp-block-media-text is-stacked-on-mobile\" style=\"grid-template-columns:40% auto\"><figure class=\"wp-block-media-text__media\"><img loading=\"lazy\" decoding=\"async\" width=\"474\" height=\"284\" src=\"https:\/\/blogs.sindominio.net\/lacinetika\/files\/2025\/11\/OKUPA.jpg\" alt=\"\" class=\"wp-image-25163 size-full\" srcset=\"https:\/\/blogs.sindominio.net\/lacinetika\/files\/2025\/11\/OKUPA.jpg 474w, https:\/\/blogs.sindominio.net\/lacinetika\/files\/2025\/11\/OKUPA-300x180.jpg 300w\" sizes=\"auto, (max-width: 474px) 100vw, 474px\" \/><\/figure><div class=\"wp-block-media-text__content\">\n<p>Joc de taula sobre la lluita per l&#8217;habitatge; un joc conscienciat amb els moviments socials. Perqu\u00e8 conquerir un lleure alternatiu tamb\u00e9 \u00e9s treballar per una cultura d&#8217;emancipaci\u00f3. Prepara&#8217;t per a la defensa del dret a l&#8217;habitatge!<br>Aquest joc aconseguir\u00e0 que ens posem a la pell dun col\u00b7lectiu que necessita un espai. Caldr\u00e0 organitzar b\u00e9 els recursos i planificar l&#8217;okupaci\u00f3 d&#8217;una de les cases buides que trobareu al barri. Tot aix\u00f2 sense despistar-nos gens ni mica perqu\u00e8 no serem les \u00faniques amb aquestes intencions\u2026<\/p>\n<\/div><\/div>\n\n\n\n<p><\/p>\n\n\n\n<h2 class=\"wp-block-heading\"><strong>Assemblea de Majaras<\/strong><\/h2>\n\n\n\n<div class=\"wp-block-media-text is-stacked-on-mobile\" style=\"grid-template-columns:41% auto\"><figure class=\"wp-block-media-text__media\"><img loading=\"lazy\" decoding=\"async\" width=\"745\" height=\"559\" src=\"https:\/\/blogs.sindominio.net\/lacinetika\/files\/2025\/11\/ASSEMBLEA-MAJARS.jpg\" alt=\"\" class=\"wp-image-25162 size-full\" srcset=\"https:\/\/blogs.sindominio.net\/lacinetika\/files\/2025\/11\/ASSEMBLEA-MAJARS.jpg 745w, https:\/\/blogs.sindominio.net\/lacinetika\/files\/2025\/11\/ASSEMBLEA-MAJARS-300x225.jpg 300w, https:\/\/blogs.sindominio.net\/lacinetika\/files\/2025\/11\/ASSEMBLEA-MAJARS-678x509.jpg 678w, https:\/\/blogs.sindominio.net\/lacinetika\/files\/2025\/11\/ASSEMBLEA-MAJARS-326x245.jpg 326w, https:\/\/blogs.sindominio.net\/lacinetika\/files\/2025\/11\/ASSEMBLEA-MAJARS-80x60.jpg 80w\" sizes=\"auto, (max-width: 745px) 100vw, 745px\" \/><\/figure><div class=\"wp-block-media-text__content\">\n<p>Ja fa temps que la cosa no rutlla. El sistema en el qual vivim \u00e9s com una piconadora de vides, esperances i ecosistemes sencers. Mentre no fem arribar la Revoluci\u00f3 que ho canvi\u00ef tot (s\u00ed, s\u00ed, nosaltres, no et facis la longuis), potser caldr\u00e0 riure una mica per prevenir caure en una profunda depressi\u00f3.<br>D&#8217;aix\u00f2 va aquest joc, de riure i passar una estona divertida en bona companyia!<br>Assemblea de Majaras \u00e9s un joc per a totes aquelles persones que voleu canviar aquesta merda de m\u00f3n.<\/p>\n<\/div><\/div>\n\n\n\n<p><\/p>\n\n\n\n<h2 class=\"wp-block-heading\"><strong>La Batalla de Can Vies<\/strong><\/h2>\n\n\n\n<div class=\"wp-block-media-text is-stacked-on-mobile\" style=\"grid-template-columns:40% auto\"><figure class=\"wp-block-media-text__media\"><img loading=\"lazy\" decoding=\"async\" width=\"1000\" height=\"565\" src=\"https:\/\/blogs.sindominio.net\/lacinetika\/files\/2025\/11\/BATALLA-CAN-VIES.jpg\" alt=\"\" class=\"wp-image-25164 size-full\" srcset=\"https:\/\/blogs.sindominio.net\/lacinetika\/files\/2025\/11\/BATALLA-CAN-VIES.jpg 1000w, https:\/\/blogs.sindominio.net\/lacinetika\/files\/2025\/11\/BATALLA-CAN-VIES-300x170.jpg 300w, https:\/\/blogs.sindominio.net\/lacinetika\/files\/2025\/11\/BATALLA-CAN-VIES-768x434.jpg 768w\" sizes=\"auto, (max-width: 1000px) 100vw, 1000px\" \/><\/figure><div class=\"wp-block-media-text__content\">\n<p><br>\u00c9s un joc de taula ambientat en el conflicte que es va viure al barri de Sants i a la ciutat de Barcelona quan es va intentar desallotjar el CSA Can Vies, al mes de maig de l\u2019any 2014.<br>\u00c9s un joc d\u2019estrat\u00e8gia asim\u00e8tric per a dues o m\u00e9s jugadores, on els dos b\u00e0ndols enfrontats -institucions i moviments socials- hauran de rivalitzar i competir per derrotar a l\u2019altre. Lluitant als carrers de Sants per enderrocar o impedir l\u2019enderroc de Can Vies, procurant mantenir quotes de popularitat acceptables al llarg del conflicte, o intentant que aquest \u00faltim desbordi i s\u2019estengui a Barcelona i m\u00e9s enll\u00e0.<\/p>\n<\/div><\/div>\n\n\n\n<p><\/p>\n\n\n\n<h2 class=\"wp-block-heading\"><strong>Fronteres invisibles<\/strong><\/h2>\n\n\n\n<div class=\"wp-block-media-text is-stacked-on-mobile\" style=\"grid-template-columns:40% auto\"><figure class=\"wp-block-media-text__media\"><img loading=\"lazy\" decoding=\"async\" width=\"828\" height=\"459\" src=\"https:\/\/blogs.sindominio.net\/lacinetika\/files\/2025\/11\/fronteres.jpg\" alt=\"\" class=\"wp-image-25180 size-full\" srcset=\"https:\/\/blogs.sindominio.net\/lacinetika\/files\/2025\/11\/fronteres.jpg 828w, https:\/\/blogs.sindominio.net\/lacinetika\/files\/2025\/11\/fronteres-300x166.jpg 300w, https:\/\/blogs.sindominio.net\/lacinetika\/files\/2025\/11\/fronteres-768x426.jpg 768w\" sizes=\"auto, (max-width: 828px) 100vw, 828px\" \/><\/figure><div class=\"wp-block-media-text__content\">\n<p>\u00c9s un joc de taula a partir del qual s\u2019evidencia la realitat amb qu\u00e8 una persona migrant es troba quan arriba a l\u2019Estat espanyol: entendre les traves burocr\u00e0tiques a les quals s\u2019exposa i comprendre la dificultat d\u2019acceptaci\u00f3 social a la qual \u00e9s sotm\u00e8s. El joc genera un espai de debat on poder dialogar sobre tot all\u00f2 exposat i reflexionar sobre quin paper juguem tots plegats amb el racisme, sobre si es tracta d\u2019una discriminaci\u00f3 residual o si forma part d\u2019una estructura organitzada, sobre qu\u00e8 podem fer per combatre el racisme.<br><\/p>\n<\/div><\/div>\n\n\n\n<p><\/p>\n\n\n\n<h2 class=\"wp-block-heading\"><strong>Autonomia zapatista<\/strong><\/h2>\n\n\n\n<div class=\"wp-block-media-text is-stacked-on-mobile\" style=\"grid-template-columns:39% auto\"><figure class=\"wp-block-media-text__media\"><img loading=\"lazy\" decoding=\"async\" width=\"474\" height=\"275\" src=\"https:\/\/blogs.sindominio.net\/lacinetika\/files\/2025\/11\/photo_2025-11-21_10-36-34.jpg\" alt=\"\" class=\"wp-image-25177 size-full\" srcset=\"https:\/\/blogs.sindominio.net\/lacinetika\/files\/2025\/11\/photo_2025-11-21_10-36-34.jpg 474w, https:\/\/blogs.sindominio.net\/lacinetika\/files\/2025\/11\/photo_2025-11-21_10-36-34-300x174.jpg 300w\" sizes=\"auto, (max-width: 474px) 100vw, 474px\" \/><\/figure><div class=\"wp-block-media-text__content\">\n<p><br>Els qui juguen hauran de col\u00b7laborar per a construir l&#8217;autonomia en un territori zapatista, aconseguint les 13 demandes i seguint els 7 principis del manar obeint.<br>Durant les partides ens enfrontarem a les pol\u00edtiques del govern mexic\u00e0, desactivarem els atacs paramilitars i lluitarem contra la implementaci\u00f3 d&#8217;infraestructures i megaprojectes que pretenen robar el territori als pobles ind\u00edgenes. Per\u00f2 sobretot haurem d&#8217;organitzar-nos per a aconseguir el compliment de les 13 demandes zapatistes en el nostre caragol. Aquestes s\u00f3n terra, treball, sostre, alimentaci\u00f3, salut, educaci\u00f3, democr\u00e0cia, llibertat, just\u00edcia, independ\u00e8ncia, pau, informaci\u00f3 i cultura. Tindrem avantatge si aconseguim la paritat de g\u00e8nere en cadascuna de les \u00e0rees de treball!<\/p>\n<\/div><\/div>\n\n\n\n<h2 class=\"wp-block-heading\"><strong>Defenders of the Wild<\/strong><\/h2>\n\n\n\n<div class=\"wp-block-media-text is-stacked-on-mobile\" style=\"grid-template-columns:37% auto\"><figure class=\"wp-block-media-text__media\"><img loading=\"lazy\" decoding=\"async\" width=\"450\" height=\"401\" src=\"https:\/\/blogs.sindominio.net\/lacinetika\/files\/2025\/11\/photo_2025-11-21_10-34-46.jpg\" alt=\"\" class=\"wp-image-25175 size-full\" srcset=\"https:\/\/blogs.sindominio.net\/lacinetika\/files\/2025\/11\/photo_2025-11-21_10-34-46.jpg 450w, https:\/\/blogs.sindominio.net\/lacinetika\/files\/2025\/11\/photo_2025-11-21_10-34-46-300x267.jpg 300w\" sizes=\"auto, (max-width: 450px) 100vw, 450px\" \/><\/figure><div class=\"wp-block-media-text__content\">\n<p><br>\u00c9s un joc de taula cooperatiu d&#8217;animals contra m\u00e0quines. Juga com una de les quatre faccions \u00faniques i reuneix el teu equip de defensors a partir d\u00b4una \u00e0mplia gamma de personatges animals per resistir les m\u00e0quines en un mapa modular que canvia amb cada joc.<\/p>\n<\/div><\/div>\n\n\n\n<p><\/p>\n\n\n\n<h2 class=\"wp-block-heading\"><strong>Daybreak<\/strong><\/h2>\n\n\n\n<div class=\"wp-block-media-text is-stacked-on-mobile\" style=\"grid-template-columns:38% auto\"><figure class=\"wp-block-media-text__media\"><img loading=\"lazy\" decoding=\"async\" width=\"474\" height=\"266\" src=\"https:\/\/blogs.sindominio.net\/lacinetika\/files\/2025\/11\/DAYBREAK.jpg\" alt=\"\" class=\"wp-image-25166 size-full\" srcset=\"https:\/\/blogs.sindominio.net\/lacinetika\/files\/2025\/11\/DAYBREAK.jpg 474w, https:\/\/blogs.sindominio.net\/lacinetika\/files\/2025\/11\/DAYBREAK-300x168.jpg 300w\" sizes=\"auto, (max-width: 474px) 100vw, 474px\" \/><\/figure><div class=\"wp-block-media-text__content\">\n<p><br>\u00c9s un joc de taula cooperatiu per a 1 a 4 jugadors en qu\u00e8 assumim el paper de pot\u00e8ncies mundials.<br>Daybreak \u00e9s un joc en qu\u00e8 construir\u00e0s les tecnologies m\u00e9s al\u00b7lucinants i modelar\u00e0s societats perqu\u00e8 puguin resistir a un planeta que se sobreescalfa. Durant la partida jugar\u00e0s cartes en piles, preparar\u00e0s poderoses combinacions i elaborar\u00e0s estrat\u00e8gies juntament amb el teu grup de joc per aconseguir descarbonitzar la societat. I com que Daybreak \u00e9s 100% cooperatiu, guanyeu o perdeu en equip!<\/p>\n<\/div><\/div>\n\n\n\n<p><\/p>\n\n\n\n<h2 class=\"wp-block-heading\"><strong>RIOT Cast The First Stone<\/strong><\/h2>\n\n\n\n<div class=\"wp-block-media-text is-stacked-on-mobile\" style=\"grid-template-columns:38% auto\"><figure class=\"wp-block-media-text__media\"><img loading=\"lazy\" decoding=\"async\" width=\"342\" height=\"380\" src=\"https:\/\/blogs.sindominio.net\/lacinetika\/files\/2025\/11\/riot.jpg\" alt=\"\" class=\"wp-image-25205 size-full\" srcset=\"https:\/\/blogs.sindominio.net\/lacinetika\/files\/2025\/11\/riot.jpg 342w, https:\/\/blogs.sindominio.net\/lacinetika\/files\/2025\/11\/riot-270x300.jpg 270w\" sizes=\"auto, (max-width: 342px) 100vw, 342px\" \/><\/figure><div class=\"wp-block-media-text__content\">\n<p>Joc de taula sobre el conflicte social, una simulaci\u00f3 de la tensi\u00f3 pol\u00edtica urbana i l&#8217;aixecament. El joc t\u00e9 un bon escenari i una mec\u00e0nica senzilla.<br>S&#8217; ha de triar un equip (Policia o Rioters) i intentar governar els carrers de la ciutat mantenint el control de diferents \u00e0rees en una situaci\u00f3 que sembla fora de qualsevol control.<br>Les quatre faccions retratades en el joc s\u00f3n: Aut\u00f2noma, anarquista, nacionalista i policia. El joc est\u00e0 basat en torns i acaba quan una facci\u00f3 aconsegueix el seu objectiu. Les quatre faccions tenen els seus propis marcadors, poders i objectius espec\u00edfics.<\/p>\n<\/div><\/div>\n\n\n\n<p><\/p>\n\n\n\n<h2 class=\"wp-block-heading\"><strong>Il tempo della rivolta<\/strong> <\/h2>\n\n\n\n<div class=\"wp-block-media-text is-stacked-on-mobile\" style=\"grid-template-columns:39% auto\"><figure class=\"wp-block-media-text__media\"><img loading=\"lazy\" decoding=\"async\" width=\"1024\" height=\"828\" src=\"https:\/\/blogs.sindominio.net\/lacinetika\/files\/2025\/11\/il-tempo-1024x828.jpg\" alt=\"\" class=\"wp-image-25206 size-full\" srcset=\"https:\/\/blogs.sindominio.net\/lacinetika\/files\/2025\/11\/il-tempo-1024x828.jpg 1024w, https:\/\/blogs.sindominio.net\/lacinetika\/files\/2025\/11\/il-tempo-300x243.jpg 300w, https:\/\/blogs.sindominio.net\/lacinetika\/files\/2025\/11\/il-tempo-768x621.jpg 768w, https:\/\/blogs.sindominio.net\/lacinetika\/files\/2025\/11\/il-tempo.jpg 1068w\" sizes=\"auto, (max-width: 1024px) 100vw, 1024px\" \/><\/figure><div class=\"wp-block-media-text__content\">\n<p>\u00abEl temps de la Revolta\u00bb \u00e9s una l\u00ednia de temps interactiva que permetr\u00e0 als jugadors explorar nombrosos episodis hist\u00f2rics de vagues, rebel\u00b7lions i lluites que han marcat la hist\u00f2ria mundial.<br>Es tracta d&#8217;un joc que vol afavorir la interacci\u00f3 entre els participants amb regles senzilles i r\u00e0pides, no es requereix un coneixement previ dels esdeveniments hist\u00f2rics, sin\u00f3 que est\u00e0 dissenyat per ser accessible a qualsevol persona.<br>Una timeline en tota regla, en definitiva, per\u00f2 amb la qual es mour\u00e0 entre les revoltes dels esclaus i les insurreccions anticolonials, passant per les rebel\u00b7lions medievals, les vagues de la Revoluci\u00f3 Industrial i les grans lluites del segle XX.<\/p>\n<\/div><\/div>\n\n\n\n<p><\/p>\n\n\n\n<h2 class=\"wp-block-heading\"><strong>Ribelli<\/strong><\/h2>\n\n\n\n<div class=\"wp-block-media-text is-stacked-on-mobile\" style=\"grid-template-columns:38% auto\"><figure class=\"wp-block-media-text__media\"><img loading=\"lazy\" decoding=\"async\" width=\"501\" height=\"546\" src=\"https:\/\/blogs.sindominio.net\/lacinetika\/files\/2025\/11\/photo_2025-11-21_17-14-55.jpg\" alt=\"\" class=\"wp-image-25209 size-full\" srcset=\"https:\/\/blogs.sindominio.net\/lacinetika\/files\/2025\/11\/photo_2025-11-21_17-14-55.jpg 501w, https:\/\/blogs.sindominio.net\/lacinetika\/files\/2025\/11\/photo_2025-11-21_17-14-55-275x300.jpg 275w\" sizes=\"auto, (max-width: 501px) 100vw, 501px\" \/><\/figure><div class=\"wp-block-media-text__content\">\n<p>La baralla principal es compon de 40 cartes que representen figures hist\u00f2riques,<br>S\u00edmbols de sofriment, lluita i moviments d&#8217;emancipaci\u00f3 de l&#8217;Oprimit.<br>La baralla de reacci\u00f3 est\u00e0 composta per cartes an\u00f2nimes que representen la viol\u00e8ncia del poder i la repressi\u00f3 de l&#8217;alliberament.<br>Moviments dels oprimits. Els 5 modes de joc proposen la mec\u00e0nica es centra en el coneixement d&#8217;aquestes hist\u00f2ries, per\u00f2 tamb\u00e9 en el desenvolupament de comportaments cooperatius entre jugadors i la capacitat de negociar, entre confian\u00e7a i tra\u00efci\u00f3 a les expectatives.<\/p>\n<\/div><\/div>\n\n\n\n<p><\/p>\n\n\n\n<h2 class=\"wp-block-heading\"><strong>The Fully Automated Board Game<\/strong><\/h2>\n\n\n\n<div class=\"wp-block-media-text is-stacked-on-mobile\" style=\"grid-template-columns:40% auto\"><figure class=\"wp-block-media-text__media\"><img loading=\"lazy\" decoding=\"async\" width=\"828\" height=\"560\" src=\"https:\/\/blogs.sindominio.net\/lacinetika\/files\/2025\/11\/photo_2025-11-21_17-24-30.jpg\" alt=\"\" class=\"wp-image-25211 size-full\" srcset=\"https:\/\/blogs.sindominio.net\/lacinetika\/files\/2025\/11\/photo_2025-11-21_17-24-30.jpg 828w, https:\/\/blogs.sindominio.net\/lacinetika\/files\/2025\/11\/photo_2025-11-21_17-24-30-300x203.jpg 300w, https:\/\/blogs.sindominio.net\/lacinetika\/files\/2025\/11\/photo_2025-11-21_17-24-30-768x519.jpg 768w\" sizes=\"auto, (max-width: 828px) 100vw, 828px\" \/><\/figure><div class=\"wp-block-media-text__content\">\n<p>A The Fully Automated Board Game podr\u00e0s exercir el paper d&#8217;un treballador orgull\u00f3s o un cap corrupte. L&#8217;objectiu dels treballadors, que juguen *semi-cooperativament, \u00e9s expropiar tants robots com sigui possible. L&#8217;objectiu dels dos patrons, competint tant amb els treballadors com amb els altres, \u00e9s acumular molts diners.<br>Cada torn del joc es desenvolupa en set fases i representa un mes de treball. Durant el mes, els patrons poden contractar treballadors o construir robots obedients. D&#8217;altra banda, els treballadors no estan obligats a acceptar llocs de treball i fins i tot poden anar a la vaga, tenint en compte que a la fi de mes poden ja no tenir els diners per a pagar el lloguer.<\/p>\n<\/div><\/div>\n\n\n\n<p><\/p>\n\n\n\n<h2 class=\"wp-block-heading\"><strong>Spirit Island<\/strong><\/h2>\n\n\n\n<div class=\"wp-block-media-text is-stacked-on-mobile\" style=\"grid-template-columns:38% auto\"><figure class=\"wp-block-media-text__media\"><img loading=\"lazy\" decoding=\"async\" width=\"719\" height=\"539\" src=\"https:\/\/blogs.sindominio.net\/lacinetika\/files\/2025\/11\/SPIRIT-ISLAND-1.jpg\" alt=\"\" class=\"wp-image-25167 size-full\" srcset=\"https:\/\/blogs.sindominio.net\/lacinetika\/files\/2025\/11\/SPIRIT-ISLAND-1.jpg 719w, https:\/\/blogs.sindominio.net\/lacinetika\/files\/2025\/11\/SPIRIT-ISLAND-1-300x225.jpg 300w, https:\/\/blogs.sindominio.net\/lacinetika\/files\/2025\/11\/SPIRIT-ISLAND-1-678x509.jpg 678w, https:\/\/blogs.sindominio.net\/lacinetika\/files\/2025\/11\/SPIRIT-ISLAND-1-326x245.jpg 326w, https:\/\/blogs.sindominio.net\/lacinetika\/files\/2025\/11\/SPIRIT-ISLAND-1-80x60.jpg 80w\" sizes=\"auto, (max-width: 719px) 100vw, 719px\" \/><\/figure><div class=\"wp-block-media-text__content\">\n<p>\u00c9s un joc cooperatiu d&#8217;1 a 4 jugadors en el qual haurem de sincronitzar els nostres poders de la manera m\u00e9s efectiva per expulsar de l&#8217;illa els colons invasors. Haurem de cooperar entre nosaltres per utilitzar els nostres poders de la manera m\u00e9s efectiva per protegir els Dahan i la pr\u00f2pia illa, ja que els colons, amb les seves accions, la fan malb\u00e9 trencant la nostra connexi\u00f3 amb l&#8217;illa. L&#8217;objectiu final \u00e9s aconseguir que els colons abandonin l&#8217;illa, per\u00f2 aquests invasors s\u00f3n tena\u00e7os i s&#8217;estenen com una plaga, per la qual cosa el temps correr\u00e0 contra nosaltres.<\/p>\n<\/div><\/div>\n\n\n\n<p><\/p>\n\n\n\n<p><\/p>\n\n\n\n<h2 class=\"wp-block-heading\"><strong><strong>La fuga de Colditz<\/strong><\/strong><\/h2>\n\n\n\n<div class=\"wp-block-media-text is-stacked-on-mobile\" style=\"grid-template-columns:38% auto\"><figure class=\"wp-block-media-text__media\"><img loading=\"lazy\" decoding=\"async\" width=\"1000\" height=\"1000\" src=\"https:\/\/blogs.sindominio.net\/lacinetika\/files\/2025\/11\/FUGA-COLDITZ.jpg\" alt=\"\" class=\"wp-image-25169 size-full\" srcset=\"https:\/\/blogs.sindominio.net\/lacinetika\/files\/2025\/11\/FUGA-COLDITZ.jpg 1000w, https:\/\/blogs.sindominio.net\/lacinetika\/files\/2025\/11\/FUGA-COLDITZ-300x300.jpg 300w, https:\/\/blogs.sindominio.net\/lacinetika\/files\/2025\/11\/FUGA-COLDITZ-150x150.jpg 150w, https:\/\/blogs.sindominio.net\/lacinetika\/files\/2025\/11\/FUGA-COLDITZ-768x768.jpg 768w\" sizes=\"auto, (max-width: 1000px) 100vw, 1000px\" \/><\/figure><div class=\"wp-block-media-text__content\">\n<p><br>\u00c9s un joc de taula basat en la hist\u00f2ria real de la fuga del presoner de guerra Pat Reid del camp de presoners de guerra del castell de Colditz durant la segona Guerra Mundial.<br>L&#8217;objectiu del joc pels presoners \u00e9s intentar ser el primer a poder realitzar la fuga d&#8217;un nombre pactat de presos durant un temps determinat a l&#8217;inici de la partida, i l&#8217;objectiu dels gu\u00e0rdies \u00e9s intentar evitar les fugues durant aquest per\u00edode. Per poder escapar, primer cada presoner ha d&#8217;obtenir un equip de fuga.<\/p>\n<\/div><\/div>\n\n\n\n<h2 class=\"wp-block-heading\">Infraestructures en joc<\/h2>\n\n\n\n<p>Testeig del taller de la ma de Mem\u00f2ria Lluita i Resist\u00e8ncia per entendre con es produeix el territori en l&#8217;economia capitalista<br>Un joc col\u00b7lectiu on les participants dissenyen un territori ple d\u2019infraestructures reals: habitatge, cures, educaci\u00f3, cultura, energia, espai verd, mobilitat\u2026 Cada ronda obre conflictes, aliances incertes i debats que travessen qualsevol comunitat. Les tensions pol\u00edtiques i els girs inesperats revelen qu\u00e8 poden construir \u2014o perdre\u2014 els moviments socials quan s\u2019organitzen o quan cedeixen terreny. Una experi\u00e8ncia l\u00fadica, cr\u00edtica i sorprenent sobre com imaginem, disputem i sostenim el territori.<\/p>\n\n\n\n<p><\/p>\n\n\n\n<p><strong>Pax Pamir<\/strong><\/p>\n\n\n\n<figure class=\"wp-block-image size-full\"><img loading=\"lazy\" decoding=\"async\" width=\"225\" height=\"225\" src=\"https:\/\/blogs.sindominio.net\/lacinetika\/files\/2025\/12\/ff.jpg\" alt=\"\" class=\"wp-image-25650\" srcset=\"https:\/\/blogs.sindominio.net\/lacinetika\/files\/2025\/12\/ff.jpg 225w, https:\/\/blogs.sindominio.net\/lacinetika\/files\/2025\/12\/ff-150x150.jpg 150w\" sizes=\"auto, (max-width: 225px) 100vw, 225px\" \/><\/figure>\n\n\n\n<p>A Pax Pamir (Segona edici\u00f3), d&#8217;un a cinc jugadors assumeixen el paper de l\u00edders tribals afganesos navegant al vent de les pot\u00e8ncies colonials. Una generaci\u00f3 abans, adonar-se daquestes ambicions podria haver estat un assumpte senzill per als jugadors. A principis del segle XIX, per\u00f2, els grans imperis de l&#8217;\u00e8poca havien comen\u00e7at a desorganitzar l&#8217;ordre pol\u00edtic anterior.<br>En aquest joc de taula els jugadors sempre estaran alineats amb un dels tres imperis al joc (brit\u00e0nic, rus o afgan\u00e8s), per\u00f2 aquestes lleialtats poden canviar. La partida acaba quan un d&#8217;aquests imperis aconsegueix la supremacia a la regi\u00f3. Si aix\u00f2 passa, el jugador amb m\u00e9s influ\u00e8ncia en aquest imperi guanya.<\/p>\n","protected":false},"excerpt":{"rendered":"<div class=\"mh-excerpt\"><p>Durant les jornades, des de les 10h fins les 18h podreu jugar a diferents jocs. Hi haur\u00e0 persones que us podran explicar com jugar-hi. Si tens algun joc de tem\u00e0tica social\/revolucionaria i el vols portar i explicar com es juga, no dubtis en contactar-nos. rol_cinetika@riseup.net Okupa t\u00fa tamb\u00e9 Joc de <a class=\"mh-excerpt-more\" href=\"https:\/\/blogs.sindominio.net\/lacinetika\/jocsdetaula_jornades1312\/\" title=\"JOCS DE TAULA\">[&#8230;]<\/a><\/p>\n<\/div>","protected":false},"author":261,"featured_media":0,"parent":0,"menu_order":0,"comment_status":"closed","ping_status":"closed","template":"template-full.php","meta":{"footnotes":""},"class_list":["post-24977","page","type-page","status-publish","hentry"],"jetpack_sharing_enabled":true,"_links":{"self":[{"href":"https:\/\/blogs.sindominio.net\/lacinetika\/wp-json\/wp\/v2\/pages\/24977","targetHints":{"allow":["GET"]}}],"collection":[{"href":"https:\/\/blogs.sindominio.net\/lacinetika\/wp-json\/wp\/v2\/pages"}],"about":[{"href":"https:\/\/blogs.sindominio.net\/lacinetika\/wp-json\/wp\/v2\/types\/page"}],"author":[{"embeddable":true,"href":"https:\/\/blogs.sindominio.net\/lacinetika\/wp-json\/wp\/v2\/users\/261"}],"replies":[{"embeddable":true,"href":"https:\/\/blogs.sindominio.net\/lacinetika\/wp-json\/wp\/v2\/comments?post=24977"}],"version-history":[{"count":23,"href":"https:\/\/blogs.sindominio.net\/lacinetika\/wp-json\/wp\/v2\/pages\/24977\/revisions"}],"predecessor-version":[{"id":25651,"href":"https:\/\/blogs.sindominio.net\/lacinetika\/wp-json\/wp\/v2\/pages\/24977\/revisions\/25651"}],"wp:attachment":[{"href":"https:\/\/blogs.sindominio.net\/lacinetika\/wp-json\/wp\/v2\/media?parent=24977"}],"curies":[{"name":"wp","href":"https:\/\/api.w.org\/{rel}","templated":true}]}}