{"id":24918,"date":"2025-11-12T19:40:48","date_gmt":"2025-11-12T18:40:48","guid":{"rendered":"https:\/\/blogs.sindominio.net\/lacinetika\/?page_id=24918"},"modified":"2026-03-03T10:22:13","modified_gmt":"2026-03-03T09:22:13","slug":"juguem-a-la-cinetika","status":"publish","type":"page","link":"https:\/\/blogs.sindominio.net\/lacinetika\/juguem-a-la-cinetika\/","title":{"rendered":"Juguem a la Cin\u00e8tika"},"content":{"rendered":"\n<p><strong>EL QUE ESTEM PREPARANT&#8230;&#8230;.<\/strong><\/p>\n\n\n\n<figure class=\"wp-block-embed is-type-wp-embed is-provider-la-cin-tika wp-block-embed-la-cin-tika\"><div class=\"wp-block-embed__wrapper\">\n<blockquote class=\"wp-embedded-content\" data-secret=\"ycACQE4WqH\"><a href=\"https:\/\/blogs.sindominio.net\/lacinetika\/juguem-a-la-cinetika\/jornades-de-jocs-distopics\/\">JORNADES DE JOCS DIST\u00d2PICS<\/a><\/blockquote><iframe loading=\"lazy\" class=\"wp-embedded-content\" sandbox=\"allow-scripts\" security=\"restricted\" style=\"position: absolute; visibility: hidden;\" title=\"\u00abJORNADES DE JOCS DIST\u00d2PICS\u00bb \u2014 La Cin\u00e8tika\" src=\"https:\/\/blogs.sindominio.net\/lacinetika\/juguem-a-la-cinetika\/jornades-de-jocs-distopics\/embed\/#?secret=JwWXsz3EEP#?secret=ycACQE4WqH\" data-secret=\"ycACQE4WqH\" width=\"500\" height=\"282\" frameborder=\"0\" marginwidth=\"0\" marginheight=\"0\" scrolling=\"no\"><\/iframe>\n<\/div><\/figure>\n\n\n\n<p><strong>QUI SOM:<\/strong><\/p>\n\n\n\n<p>M\u00e9s enll\u00e0 de la image superficial que acompanya als jocs de rol i de taula, jugar consisteix en trobar-nos per passar una bona estona compartint una hist\u00f2ria.<br>Sigui en un planeta lluny\u00e0, en castells de senyors foscos o en els carrers d&#8217;una metr\u00f2poli col-lapsada pel capitalisme, jugar \u00e9s una diversi\u00f3 que exercita la creativitat i el treball en equip, i que requereix ben poc material.<\/p>\n\n\n\n<div class=\"wp-block-media-text is-stacked-on-mobile\" style=\"grid-template-columns:32% auto\"><figure class=\"wp-block-media-text__media\"><img loading=\"lazy\" decoding=\"async\" width=\"724\" height=\"1024\" src=\"https:\/\/blogs.sindominio.net\/lacinetika\/files\/2025\/11\/photo_2025-11-12_19-49-47-724x1024.jpg\" alt=\"\" class=\"wp-image-24926 size-full\" srcset=\"https:\/\/blogs.sindominio.net\/lacinetika\/files\/2025\/11\/photo_2025-11-12_19-49-47-724x1024.jpg 724w, https:\/\/blogs.sindominio.net\/lacinetika\/files\/2025\/11\/photo_2025-11-12_19-49-47-212x300.jpg 212w, https:\/\/blogs.sindominio.net\/lacinetika\/files\/2025\/11\/photo_2025-11-12_19-49-47-768x1086.jpg 768w, https:\/\/blogs.sindominio.net\/lacinetika\/files\/2025\/11\/photo_2025-11-12_19-49-47.jpg 905w\" sizes=\"auto, (max-width: 724px) 100vw, 724px\" \/><\/figure><div class=\"wp-block-media-text__content\">\n<p>Quan quedem, a part dels jocs de l&#8217;armari, tamb\u00e9 portem els nostres propis jocs i aix\u00ed tamb\u00e9 redu\u00efm el consum.<br><br>Volem oferir alternatives a l\u2019oci capitalista basat en el consum, el que busquem es compartir una experi\u00e8ncia alhora que creem comunitat, coneixem nova gent en un espai dist\u00e8s i amb un conductor, els jocs.<\/p>\n\n\n\n<p>A part de voler oferir alternatives a l\u2019oci consumista, tamb\u00e9 creiem que \u00e9s important sortir de les l\u00f2giques capitalistes, per aix\u00f2 esperem que la gent que hi participi ajudi a mantenir el projecte actiu i participar de la Cin\u00e8tika, ja sigui participant de les comissions, participant de la neteja i jornades de curro, anant a les assemblees i ajudar a crear un espai comunitari.<br><br>El projecte, igual que la Cin\u00e8tika, \u00e9s un espai lliure de drogues, alcohol, fum i menjar d\u2019origen animal i volem que sigui un espai segur per tot tipus de persones.<\/p>\n\n\n\n<p>Tant si tens ganes de provar els jocs de rol per primer cop, jugar a jocs de taula o busques compartir taula en un entorn segur i amb gent af\u00ed, pots venir el primer dissabte de mes a les 10,30h a La Cin\u00e8tika: Rambla Fabra i Puig 28, Barcelona.<br><br>Si tens propostes ens pots contactar o venir qualsevol dels dies que fem activitats.<br><br>Per estar al dia d\u2019altres activitats o dies de joc:<br>&#8211; Mastodon: <a href=\"https:\/\/fem.elbarri.online\/@Juguem_a_la_cinetika\">https:\/\/fem.elbarri.online\/@Juguem_a_la_cinetika<\/a><br>&#8211; Telegram: <a href=\"https:\/\/t.me\/+KgsKYl2UA2w1NWRk\">https:\/\/t.me\/+KgsKYl2UA2w1NWRk<\/a><br>Contacte: rol_cinetika@riseup.net<br><\/p>\n<\/div><\/div>\n\n\n\n<p><strong>L&#8217;ARMARI DELS JOCS:<\/strong><\/p>\n\n\n\n<div class=\"wp-block-media-text is-stacked-on-mobile\" style=\"grid-template-columns:45% auto\"><figure class=\"wp-block-media-text__media\"><img loading=\"lazy\" decoding=\"async\" width=\"906\" height=\"961\" src=\"https:\/\/blogs.sindominio.net\/lacinetika\/files\/2025\/11\/photo_2025-11-13_11-40-00.jpg\" alt=\"\" class=\"wp-image-24964 size-full\" srcset=\"https:\/\/blogs.sindominio.net\/lacinetika\/files\/2025\/11\/photo_2025-11-13_11-40-00.jpg 906w, https:\/\/blogs.sindominio.net\/lacinetika\/files\/2025\/11\/photo_2025-11-13_11-40-00-283x300.jpg 283w, https:\/\/blogs.sindominio.net\/lacinetika\/files\/2025\/11\/photo_2025-11-13_11-40-00-768x815.jpg 768w\" sizes=\"auto, (max-width: 906px) 100vw, 906px\" \/><\/figure><div class=\"wp-block-media-text__content\">\n<p>Al hall de la Cin\u00e8tika podreu trobar l&#8217;armari dels jocs. <\/p>\n\n\n\n<p>Creiem que es important que totis poguem passar una estona jugant, per aix\u00f2 vam crear aquest armari.<\/p>\n\n\n\n<p>Sentiu-vos lliures de jugar sempre que us vingui de gust!<\/p>\n\n\n<div class=\"wp-block-image is-style-rectangular\">\n<figure class=\"aligncenter is-resized\"><img loading=\"lazy\" decoding=\"async\" width=\"900\" height=\"1024\" src=\"https:\/\/blogs.sindominio.net\/lacinetika\/files\/2025\/11\/photo_2025-11-13_11-46-33-900x1024.jpg\" alt=\"\" class=\"wp-image-24967\" style=\"width:232px;height:auto\" srcset=\"https:\/\/blogs.sindominio.net\/lacinetika\/files\/2025\/11\/photo_2025-11-13_11-46-33-900x1024.jpg 900w, https:\/\/blogs.sindominio.net\/lacinetika\/files\/2025\/11\/photo_2025-11-13_11-46-33-264x300.jpg 264w, https:\/\/blogs.sindominio.net\/lacinetika\/files\/2025\/11\/photo_2025-11-13_11-46-33-768x874.jpg 768w, https:\/\/blogs.sindominio.net\/lacinetika\/files\/2025\/11\/photo_2025-11-13_11-46-33.jpg 1125w\" sizes=\"auto, (max-width: 900px) 100vw, 900px\" \/><\/figure>\n<\/div><\/div><\/div>\n\n\n\n<p><br><\/p>\n","protected":false},"excerpt":{"rendered":"<div class=\"mh-excerpt\"><p>EL QUE ESTEM PREPARANT&#8230;&#8230;. QUI SOM: M\u00e9s enll\u00e0 de la image superficial que acompanya als jocs de rol i de taula, jugar consisteix en trobar-nos per passar una bona estona compartint una hist\u00f2ria.Sigui en un planeta lluny\u00e0, en castells de senyors foscos o en els carrers d&#8217;una metr\u00f2poli col-lapsada pel <a class=\"mh-excerpt-more\" href=\"https:\/\/blogs.sindominio.net\/lacinetika\/juguem-a-la-cinetika\/\" title=\"Juguem a la Cin\u00e8tika\">[&#8230;]<\/a><\/p>\n<\/div>","protected":false},"author":261,"featured_media":24924,"parent":0,"menu_order":0,"comment_status":"closed","ping_status":"closed","template":"template-full.php","meta":{"footnotes":""},"class_list":["post-24918","page","type-page","status-publish","has-post-thumbnail","hentry"],"jetpack_sharing_enabled":true,"_links":{"self":[{"href":"https:\/\/blogs.sindominio.net\/lacinetika\/wp-json\/wp\/v2\/pages\/24918","targetHints":{"allow":["GET"]}}],"collection":[{"href":"https:\/\/blogs.sindominio.net\/lacinetika\/wp-json\/wp\/v2\/pages"}],"about":[{"href":"https:\/\/blogs.sindominio.net\/lacinetika\/wp-json\/wp\/v2\/types\/page"}],"author":[{"embeddable":true,"href":"https:\/\/blogs.sindominio.net\/lacinetika\/wp-json\/wp\/v2\/users\/261"}],"replies":[{"embeddable":true,"href":"https:\/\/blogs.sindominio.net\/lacinetika\/wp-json\/wp\/v2\/comments?post=24918"}],"version-history":[{"count":18,"href":"https:\/\/blogs.sindominio.net\/lacinetika\/wp-json\/wp\/v2\/pages\/24918\/revisions"}],"predecessor-version":[{"id":27004,"href":"https:\/\/blogs.sindominio.net\/lacinetika\/wp-json\/wp\/v2\/pages\/24918\/revisions\/27004"}],"wp:featuredmedia":[{"embeddable":true,"href":"https:\/\/blogs.sindominio.net\/lacinetika\/wp-json\/wp\/v2\/media\/24924"}],"wp:attachment":[{"href":"https:\/\/blogs.sindominio.net\/lacinetika\/wp-json\/wp\/v2\/media?parent=24918"}],"curies":[{"name":"wp","href":"https:\/\/api.w.org\/{rel}","templated":true}]}}