{"id":24915,"date":"2025-11-12T19:58:49","date_gmt":"2025-11-12T18:58:49","guid":{"rendered":"https:\/\/blogs.sindominio.net\/lacinetika\/?page_id=24915"},"modified":"2026-03-03T10:58:31","modified_gmt":"2026-03-03T09:58:31","slug":"jornades-de-jocs-revolucionaris","status":"publish","type":"page","link":"https:\/\/blogs.sindominio.net\/lacinetika\/juguem-a-la-cinetika\/jornades-de-jocs-revolucionaris\/","title":{"rendered":"JORNADES DE JOCS REVOLUCIONARIS"},"content":{"rendered":"\n<h2 class=\"wp-block-heading\">Com van anar les jornades?<\/h2>\n\n\n\n<p>Van ser unes jornades molt interessants on vam poder passar-ho b\u00e9, patir una mica vivint situacions xungues en la que es veuen moltes persones per culpa del sistema, vam, buscar maneres de guanyar al sistema opresor i ens ho vam passar super b\u00e9!<\/p>\n\n\n\n<p>Gr\u00e0cies a totis lis que vau fer aix\u00f2 possible, lis que vau masteritzar, lis que ens vau deixar jocs, lis que ens heu fet donacions, lis que vau cuinar i lis que heu vingut a jugar!!<\/p>\n\n\n\n<p>Us fem un resum de les jornades en imatges<\/p>\n\n\n\n<figure class=\"wp-block-image size-large\"><img loading=\"lazy\" decoding=\"async\" width=\"1024\" height=\"724\" src=\"https:\/\/blogs.sindominio.net\/lacinetika\/files\/2025\/12\/photo_2025-12-14_13-23-25-1024x724.jpg\" alt=\"\" class=\"wp-image-25790\" srcset=\"https:\/\/blogs.sindominio.net\/lacinetika\/files\/2025\/12\/photo_2025-12-14_13-23-25-1024x724.jpg 1024w, https:\/\/blogs.sindominio.net\/lacinetika\/files\/2025\/12\/photo_2025-12-14_13-23-25-300x212.jpg 300w, https:\/\/blogs.sindominio.net\/lacinetika\/files\/2025\/12\/photo_2025-12-14_13-23-25-768x543.jpg 768w, https:\/\/blogs.sindominio.net\/lacinetika\/files\/2025\/12\/photo_2025-12-14_13-23-25.jpg 1280w\" sizes=\"auto, (max-width: 1024px) 100vw, 1024px\" \/><\/figure>\n\n\n\n<figure class=\"wp-block-image size-large\"><img loading=\"lazy\" decoding=\"async\" width=\"1024\" height=\"724\" src=\"https:\/\/blogs.sindominio.net\/lacinetika\/files\/2025\/12\/photo_2025-12-14_13-23-31-1024x724.jpg\" alt=\"\" class=\"wp-image-25789\" srcset=\"https:\/\/blogs.sindominio.net\/lacinetika\/files\/2025\/12\/photo_2025-12-14_13-23-31-1024x724.jpg 1024w, https:\/\/blogs.sindominio.net\/lacinetika\/files\/2025\/12\/photo_2025-12-14_13-23-31-300x212.jpg 300w, https:\/\/blogs.sindominio.net\/lacinetika\/files\/2025\/12\/photo_2025-12-14_13-23-31-768x543.jpg 768w, https:\/\/blogs.sindominio.net\/lacinetika\/files\/2025\/12\/photo_2025-12-14_13-23-31.jpg 1280w\" sizes=\"auto, (max-width: 1024px) 100vw, 1024px\" \/><\/figure>\n\n\n\n<figure class=\"wp-block-image size-large\"><img loading=\"lazy\" decoding=\"async\" width=\"1024\" height=\"724\" src=\"https:\/\/blogs.sindominio.net\/lacinetika\/files\/2025\/12\/photo_2025-12-14_13-23-28-1024x724.jpg\" alt=\"\" class=\"wp-image-25791\" srcset=\"https:\/\/blogs.sindominio.net\/lacinetika\/files\/2025\/12\/photo_2025-12-14_13-23-28-1024x724.jpg 1024w, https:\/\/blogs.sindominio.net\/lacinetika\/files\/2025\/12\/photo_2025-12-14_13-23-28-300x212.jpg 300w, https:\/\/blogs.sindominio.net\/lacinetika\/files\/2025\/12\/photo_2025-12-14_13-23-28-768x543.jpg 768w, https:\/\/blogs.sindominio.net\/lacinetika\/files\/2025\/12\/photo_2025-12-14_13-23-28.jpg 1280w\" sizes=\"auto, (max-width: 1024px) 100vw, 1024px\" \/><\/figure>\n\n\n\n<div class=\"wp-block-media-text is-stacked-on-mobile\" style=\"grid-template-columns:25% auto\"><figure class=\"wp-block-media-text__media\"><img loading=\"lazy\" decoding=\"async\" width=\"724\" height=\"1024\" src=\"https:\/\/blogs.sindominio.net\/lacinetika\/files\/2025\/11\/photo_2025-11-12_19-21-12-1-724x1024.jpg\" alt=\"\" class=\"wp-image-24938 size-full\" srcset=\"https:\/\/blogs.sindominio.net\/lacinetika\/files\/2025\/11\/photo_2025-11-12_19-21-12-1-724x1024.jpg 724w, https:\/\/blogs.sindominio.net\/lacinetika\/files\/2025\/11\/photo_2025-11-12_19-21-12-1-212x300.jpg 212w, https:\/\/blogs.sindominio.net\/lacinetika\/files\/2025\/11\/photo_2025-11-12_19-21-12-1-768x1086.jpg 768w, https:\/\/blogs.sindominio.net\/lacinetika\/files\/2025\/11\/photo_2025-11-12_19-21-12-1.jpg 905w\" sizes=\"auto, (max-width: 724px) 100vw, 724px\" \/><\/figure><div class=\"wp-block-media-text__content\">\n<p>Treieu les agendes i guardeu la data!!!!<\/p>\n\n\n\n<p>Dissabte 13\/12 farem una jornada de jocs revolucionaris a la Cin\u00e8tika amb jocs de taula, jocs de rol i algunes coses mes que estem acabant de preparar.<\/p>\n\n\n\n<p>En breu us informarem dels horaris i detalls.<\/p>\n\n\n\n<p>Perque creiem que el joc tamb\u00e9 serveix per plantejar alternatives al sistema. Us esperem!<\/p>\n\n\n\n<p>Podeu mantenir-vos al dia aqu\u00ed o a :<\/p>\n\n\n\n<p>Mastodon: <a href=\"https:\/\/fem.elbarri.online\/@Juguem_a_la_cinetika\">https:\/\/fem.elbarri.online\/@Juguem_a_la_cinetika<\/a><\/p>\n\n\n\n<p>Telegram: <a href=\"https:\/\/t.me\/jornadesjocsrevolucionaris\">https:\/\/t.me\/jornadesjocsrevolucionaris<\/a><\/p>\n<\/div><\/div>\n\n\n\n<h2 class=\"wp-block-heading\">VOLS PROPOSAR UNA PARTIDA DE ROL?<\/h2>\n\n\n\n<p>Si voleu proposar una partida de rol per dirigir-la aquell dia, podeu inscriure-la en aquest formulari. Moltes gr\u00e0cies a totis lis que voleu participant de les jornades!<\/p>\n\n\n\n<p><a href=\"https:\/\/my.liberaforms.org\/jornades-de-jocs-revolucionaris-propostes\">https:\/\/my.liberaforms.org\/jornades-de-jocs-revolucionaris-propostes<\/a><\/p>\n\n\n\n<h2 class=\"wp-block-heading\">QU\u00c8 PODREU TROBAR A LES JORNADES:<\/h2>\n\n\n\n<div class=\"wp-block-buttons is-layout-flex wp-block-buttons-is-layout-flex\">\n<div class=\"wp-block-button is-style-outline is-style-outline--1\"><a class=\"wp-block-button__link wp-element-button\" href=\"https:\/\/blogs.sindominio.net\/lacinetika\/jocsdetaula_jornades1312\/\">JOCS DE TAULA<\/a><\/div>\n\n\n\n<div class=\"wp-block-button is-style-outline is-style-outline--2\"><a class=\"wp-block-button__link wp-element-button\" href=\"https:\/\/blogs.sindominio.net\/lacinetika\/rol_jornades1312\/\">ROL<\/a><\/div>\n\n\n\n<div class=\"wp-block-button is-style-outline is-style-outline--3\"><a class=\"wp-block-button__link wp-element-button\" href=\"https:\/\/blogs.sindominio.net\/lacinetika\/projeccio_jornades1312\/\">PROJECCI\u00d3<\/a><\/div>\n\n\n\n<div class=\"wp-block-button is-style-outline is-style-outline--4\"><a class=\"wp-block-button__link wp-element-button\" href=\"https:\/\/blogs.sindominio.net\/lacinetika\/gentrifi-que_jornades1312\/\">GENTRIFI-QUE?<\/a><\/div>\n<\/div>\n\n\n\n<p><\/p>\n\n\n\n<h2 class=\"wp-block-heading\">VOLS APUNTAR-TE A LES JORNADES?<\/h2>\n\n\n\n<p>Si vols apuntar-te a les partides de rol, necessitem que omplis el seguent questionari.<br>Si no vols jugar a rol per\u00f2 vols venir, ens aniria b\u00e9 que omplis el formulari per fer-nos una idea de la gent que vindr\u00e0.<\/p>\n\n\n\n<p><a href=\"https:\/\/my.liberaforms.org\/jornades-de-jocs-revolucionaris\">https:\/\/my.liberaforms.org\/jornades-de-jocs-revolucionaris<\/a><br><\/p>\n","protected":false},"excerpt":{"rendered":"<div class=\"mh-excerpt\"><p>Com van anar les jornades? Van ser unes jornades molt interessants on vam poder passar-ho b\u00e9, patir una mica vivint situacions xungues en la que es veuen moltes persones per culpa del sistema, vam, buscar maneres de guanyar al sistema opresor i ens ho vam passar super b\u00e9! Gr\u00e0cies a <a class=\"mh-excerpt-more\" href=\"https:\/\/blogs.sindominio.net\/lacinetika\/juguem-a-la-cinetika\/jornades-de-jocs-revolucionaris\/\" title=\"JORNADES DE JOCS REVOLUCIONARIS\">[&#8230;]<\/a><\/p>\n<\/div>","protected":false},"author":261,"featured_media":24953,"parent":24918,"menu_order":0,"comment_status":"closed","ping_status":"closed","template":"template-full.php","meta":{"footnotes":""},"class_list":["post-24915","page","type-page","status-publish","has-post-thumbnail","hentry"],"jetpack_sharing_enabled":true,"_links":{"self":[{"href":"https:\/\/blogs.sindominio.net\/lacinetika\/wp-json\/wp\/v2\/pages\/24915","targetHints":{"allow":["GET"]}}],"collection":[{"href":"https:\/\/blogs.sindominio.net\/lacinetika\/wp-json\/wp\/v2\/pages"}],"about":[{"href":"https:\/\/blogs.sindominio.net\/lacinetika\/wp-json\/wp\/v2\/types\/page"}],"author":[{"embeddable":true,"href":"https:\/\/blogs.sindominio.net\/lacinetika\/wp-json\/wp\/v2\/users\/261"}],"replies":[{"embeddable":true,"href":"https:\/\/blogs.sindominio.net\/lacinetika\/wp-json\/wp\/v2\/comments?post=24915"}],"version-history":[{"count":24,"href":"https:\/\/blogs.sindominio.net\/lacinetika\/wp-json\/wp\/v2\/pages\/24915\/revisions"}],"predecessor-version":[{"id":27017,"href":"https:\/\/blogs.sindominio.net\/lacinetika\/wp-json\/wp\/v2\/pages\/24915\/revisions\/27017"}],"up":[{"embeddable":true,"href":"https:\/\/blogs.sindominio.net\/lacinetika\/wp-json\/wp\/v2\/pages\/24918"}],"wp:featuredmedia":[{"embeddable":true,"href":"https:\/\/blogs.sindominio.net\/lacinetika\/wp-json\/wp\/v2\/media\/24953"}],"wp:attachment":[{"href":"https:\/\/blogs.sindominio.net\/lacinetika\/wp-json\/wp\/v2\/media?parent=24915"}],"curies":[{"name":"wp","href":"https:\/\/api.w.org\/{rel}","templated":true}]}}