{"id":15288,"date":"2023-07-05T22:47:25","date_gmt":"2023-07-05T20:47:25","guid":{"rendered":"https:\/\/lacinetika.wordpress.com\/?page_id=15288"},"modified":"2025-12-07T18:08:19","modified_gmt":"2025-12-07T17:08:19","slug":"comissio-de-genere","status":"publish","type":"page","link":"https:\/\/blogs.sindominio.net\/lacinetika\/comissio-de-genere\/","title":{"rendered":"Comissi\u00f3 de G\u00e8nere"},"content":{"rendered":"\n<p style=\"font-size:18px\">La Comissi\u00f3 de G\u00e8nere \u00e9s un espai mixt de La Cin\u00e8tika que promou el desenvolupament i formaci\u00f3 pol\u00edtica des d&#8217;una perspectiva transfeminista. La Comissi\u00f3 est\u00e0 oberta a la participaci\u00f3 de qualsevol persona que formi part de l&#8217;espai. Treballem a partir de dos eixos de funcionament: la prevenci\u00f3 i l&#8217;actuaci\u00f3 enfront de les viol\u00e8ncies patriarcals.<\/p>\n\n\n\n<p style=\"font-size:18px\">Com a part fonamental de la Comissi\u00f3 de G\u00e8nere, vam elaborar una guia per a la prevenci\u00f3 i actuaci\u00f3 enfront de les viol\u00e8ncies patriarcals basada en els principis i metodologies de la just\u00edcia transformativa. \u00c9s a dir, que des de La Cin\u00e8tika apostem per a l&#8217;abordatge de les situacions de viol\u00e8ncia patriarcal des d&#8217;una perspectiva comunit\u00e0ria, on s&#8217;assumeix la responsabilitat d&#8217;aquestes situacions col\u00b7lectivament. Aix\u00ed doncs, fomentem la reparaci\u00f3 del dany i la transformaci\u00f3 dels factors individuals i col\u00b7lectius que donen lloc a les situacions de viol\u00e8ncia patriarcal.<\/p>\n\n\n\n<p style=\"font-size:18px\">Podeu descarregar la guia aqu\u00ed:<\/p>\n\n\n\n<div data-wp-interactive=\"core\/file\" class=\"wp-block-file\"><object data-wp-bind--hidden=\"!state.hasPdfPreview\" hidden class=\"wp-block-file__embed\" data=\"https:\/\/blogs.sindominio.net\/lacinetika\/files\/2025\/07\/Guia-OK-Revision-Enero-2024.pdf\" type=\"application\/pdf\" style=\"width:100%;height:600px\" aria-label=\"Incrustado de Guia-OK-Revision Enero 2024.\"><\/object><a id=\"wp-block-file--media-34cb4a13-543f-4d4a-9dd5-f4d15aec5429\" href=\"https:\/\/blogs.sindominio.net\/lacinetika\/files\/2025\/07\/Guia-OK-Revision-Enero-2024.pdf\">Guia-OK-Revision Enero 2024<\/a><a href=\"https:\/\/blogs.sindominio.net\/lacinetika\/files\/2025\/07\/Guia-OK-Revision-Enero-2024.pdf\" class=\"wp-block-file__button wp-element-button\" download aria-describedby=\"wp-block-file--media-34cb4a13-543f-4d4a-9dd5-f4d15aec5429\">Descarga<\/a><\/div>\n\n\n\n<p>Here de Guide in English:<\/p>\n\n\n\n<div data-wp-interactive=\"core\/file\" class=\"wp-block-file\"><object data-wp-bind--hidden=\"!state.hasPdfPreview\" hidden class=\"wp-block-file__embed\" data=\"https:\/\/blogs.sindominio.net\/lacinetika\/files\/2025\/07\/guia-2025-05-traduccion-en-1.pdf\" type=\"application\/pdf\" style=\"width:100%;height:600px\" aria-label=\"Incrustado de guia-2025-05-traduccion-en-1.\"><\/object><a id=\"wp-block-file--media-bb96c363-3479-4401-a297-e9e8f9e3d70c\" href=\"https:\/\/blogs.sindominio.net\/lacinetika\/files\/2025\/07\/guia-2025-05-traduccion-en-1.pdf\">guia-2025-05-traduccion-en-1<\/a><a href=\"https:\/\/blogs.sindominio.net\/lacinetika\/files\/2025\/07\/guia-2025-05-traduccion-en-1.pdf\" class=\"wp-block-file__button wp-element-button\" download aria-describedby=\"wp-block-file--media-bb96c363-3479-4401-a297-e9e8f9e3d70c\">Descarga<\/a><\/div>\n\n\n\n<p style=\"font-size:17px\"><strong><span class=\"uppercase\"><\/span><\/strong><\/p>\n\n\n\n<figure class=\"wp-block-pullquote\"><blockquote><p>Actualment, la Comissi\u00f3 de G\u00e8nere est\u00e0 passant per un moment de replantejament. Si t&#8217;interessa participar de la Comissi\u00f3, pots venir a les assemblees generals de La Cin\u00e8tika o contactar-nos a comissio_genere_lacinetika@riseup.net.<\/p><\/blockquote><\/figure>\n\n\n\n<p><\/p>\n\n\n\n<figure class=\"wp-block-image size-large\"><img loading=\"lazy\" decoding=\"async\" width=\"1587\" height=\"2245\" src=\"https:\/\/blogs.sindominio.net\/cinetika\/files\/2024\/02\/diseno-sin-titulo.jpg?w=724\" alt=\"\" class=\"wp-image-17661\" srcset=\"https:\/\/blogs.sindominio.net\/lacinetika\/files\/2024\/02\/diseno-sin-titulo.jpg 1587w, https:\/\/blogs.sindominio.net\/lacinetika\/files\/2024\/02\/diseno-sin-titulo-212x300.jpg 212w, https:\/\/blogs.sindominio.net\/lacinetika\/files\/2024\/02\/diseno-sin-titulo-724x1024.jpg 724w, https:\/\/blogs.sindominio.net\/lacinetika\/files\/2024\/02\/diseno-sin-titulo-768x1086.jpg 768w, https:\/\/blogs.sindominio.net\/lacinetika\/files\/2024\/02\/diseno-sin-titulo-1086x1536.jpg 1086w, https:\/\/blogs.sindominio.net\/lacinetika\/files\/2024\/02\/diseno-sin-titulo-1448x2048.jpg 1448w\" sizes=\"auto, (max-width: 1587px) 100vw, 1587px\" \/><\/figure>\n\n\n\n<p><\/p>\n","protected":false},"excerpt":{"rendered":"<div class=\"mh-excerpt\"><p>La Comissi\u00f3 de G\u00e8nere \u00e9s un espai mixt de La Cin\u00e8tika que promou el desenvolupament i formaci\u00f3 pol\u00edtica des d&#8217;una perspectiva transfeminista. La Comissi\u00f3 est\u00e0 oberta a la participaci\u00f3 de qualsevol persona que formi part de l&#8217;espai. Treballem a partir de dos eixos de funcionament: la prevenci\u00f3 i l&#8217;actuaci\u00f3 enfront <a class=\"mh-excerpt-more\" href=\"https:\/\/blogs.sindominio.net\/lacinetika\/comissio-de-genere\/\" title=\"Comissi\u00f3 de G\u00e8nere\">[&#8230;]<\/a><\/p>\n<\/div>","protected":false},"author":261,"featured_media":17661,"parent":0,"menu_order":0,"comment_status":"closed","ping_status":"closed","template":"","meta":{"footnotes":""},"class_list":["post-15288","page","type-page","status-publish","has-post-thumbnail","hentry"],"jetpack_sharing_enabled":true,"_links":{"self":[{"href":"https:\/\/blogs.sindominio.net\/lacinetika\/wp-json\/wp\/v2\/pages\/15288","targetHints":{"allow":["GET"]}}],"collection":[{"href":"https:\/\/blogs.sindominio.net\/lacinetika\/wp-json\/wp\/v2\/pages"}],"about":[{"href":"https:\/\/blogs.sindominio.net\/lacinetika\/wp-json\/wp\/v2\/types\/page"}],"author":[{"embeddable":true,"href":"https:\/\/blogs.sindominio.net\/lacinetika\/wp-json\/wp\/v2\/users\/261"}],"replies":[{"embeddable":true,"href":"https:\/\/blogs.sindominio.net\/lacinetika\/wp-json\/wp\/v2\/comments?post=15288"}],"version-history":[{"count":5,"href":"https:\/\/blogs.sindominio.net\/lacinetika\/wp-json\/wp\/v2\/pages\/15288\/revisions"}],"predecessor-version":[{"id":25399,"href":"https:\/\/blogs.sindominio.net\/lacinetika\/wp-json\/wp\/v2\/pages\/15288\/revisions\/25399"}],"wp:featuredmedia":[{"embeddable":true,"href":"https:\/\/blogs.sindominio.net\/lacinetika\/wp-json\/wp\/v2\/media\/17661"}],"wp:attachment":[{"href":"https:\/\/blogs.sindominio.net\/lacinetika\/wp-json\/wp\/v2\/media?parent=15288"}],"curies":[{"name":"wp","href":"https:\/\/api.w.org\/{rel}","templated":true}]}}

Comissió de Gènere

<p style="font-size:18px">La Comissió de Gènere és un espai mixt de La Cinètika que promou el desenvolupament i formació política des d&#8217;una perspectiva transfeminista. La Comissió està oberta a la participació de qualsevol persona que formi part de l&#8217;espai. Treballem a partir de dos eixos de funcionament: la prevenció i l&#8217;actuació enfront de les violències patriarcals.</p>



<p style="font-size:18px">Com a part fonamental de la Comissió de Gènere, vam elaborar una guia per a la prevenció i actuació enfront de les violències patriarcals basada en els principis i metodologies de la justícia transformativa. És a dir, que des de La Cinètika apostem per a l&#8217;abordatge de les situacions de violència patriarcal des d&#8217;una perspectiva comunitària, on s&#8217;assumeix la responsabilitat d&#8217;aquestes situacions col·lectivament. Així doncs, fomentem la reparació del dany i la transformació dels factors individuals i col·lectius que donen lloc a les situacions de violència patriarcal.</p>



<p style="font-size:18px">Podeu descarregar la guia aquí:</p>



<div data-wp-interactive="core/file" class="wp-block-file"><object data-wp-bind--hidden="!state.hasPdfPreview" hidden class="wp-block-file__embed" data="https://blogs.sindominio.net/lacinetika/files/2025/07/Guia-OK-Revision-Enero-2024.pdf" type="application/pdf" style="width:100%;height:600px" aria-label="Incrustado de Guia-OK-Revision Enero 2024."></object><a id="wp-block-file--media-34cb4a13-543f-4d4a-9dd5-f4d15aec5429" href="https://blogs.sindominio.net/lacinetika/files/2025/07/Guia-OK-Revision-Enero-2024.pdf">Guia-OK-Revision Enero 2024</a><a href="https://blogs.sindominio.net/lacinetika/files/2025/07/Guia-OK-Revision-Enero-2024.pdf" class="wp-block-file__button wp-element-button" download aria-describedby="wp-block-file--media-34cb4a13-543f-4d4a-9dd5-f4d15aec5429">Descarga</a></div>



<p>Here de Guide in English:</p>



<div data-wp-interactive="core/file" class="wp-block-file"><object data-wp-bind--hidden="!state.hasPdfPreview" hidden class="wp-block-file__embed" data="https://blogs.sindominio.net/lacinetika/files/2025/07/guia-2025-05-traduccion-en-1.pdf" type="application/pdf" style="width:100%;height:600px" aria-label="Incrustado de guia-2025-05-traduccion-en-1."></object><a id="wp-block-file--media-bb96c363-3479-4401-a297-e9e8f9e3d70c" href="https://blogs.sindominio.net/lacinetika/files/2025/07/guia-2025-05-traduccion-en-1.pdf">guia-2025-05-traduccion-en-1</a><a href="https://blogs.sindominio.net/lacinetika/files/2025/07/guia-2025-05-traduccion-en-1.pdf" class="wp-block-file__button wp-element-button" download aria-describedby="wp-block-file--media-bb96c363-3479-4401-a297-e9e8f9e3d70c">Descarga</a></div>



<p style="font-size:17px"><strong><span class="uppercase"></span></strong></p>



<figure class="wp-block-pullquote"><blockquote><p>Actualment, la Comissió de Gènere està passant per un moment de replantejament. Si t&#8217;interessa participar de la Comissió, pots venir a les assemblees generals de La Cinètika o contactar-nos a comissio_genere_lacinetika@riseup.net.</p></blockquote></figure>



<p></p>



<figure class="wp-block-image size-large"><img loading="lazy" decoding="async" width="1587" height="2245" src="https://blogs.sindominio.net/cinetika/files/2024/02/diseno-sin-titulo.jpg?w=724" alt="" class="wp-image-17661" srcset="https://blogs.sindominio.net/lacinetika/files/2024/02/diseno-sin-titulo.jpg 1587w, https://blogs.sindominio.net/lacinetika/files/2024/02/diseno-sin-titulo-212x300.jpg 212w, https://blogs.sindominio.net/lacinetika/files/2024/02/diseno-sin-titulo-724x1024.jpg 724w, https://blogs.sindominio.net/lacinetika/files/2024/02/diseno-sin-titulo-768x1086.jpg 768w, https://blogs.sindominio.net/lacinetika/files/2024/02/diseno-sin-titulo-1086x1536.jpg 1086w, https://blogs.sindominio.net/lacinetika/files/2024/02/diseno-sin-titulo-1448x2048.jpg 1448w" sizes="auto, (max-width: 1587px) 100vw, 1587px" /></figure>



<p></p>

<div class="mh-excerpt"><p>La Comissió de Gènere és un espai mixt de La Cinètika que promou el desenvolupament i formació política des d&#8217;una perspectiva transfeminista. La Comissió està oberta a la participació de qualsevol persona que formi part de l&#8217;espai. Treballem a partir de dos eixos de funcionament: la prevenció i l&#8217;actuació enfront <a class="mh-excerpt-more" href="https://blogs.sindominio.net/lacinetika/comissio-de-genere/" title="Comissió de Gènere">[&#8230;]</a></p>
</div>
