{"id":2,"date":"2024-02-23T23:49:48","date_gmt":"2024-02-23T22:49:48","guid":{"rendered":"https:\/\/blogs.sindominio.net\/labretxa\/?page_id=2"},"modified":"2025-09-23T20:47:17","modified_gmt":"2025-09-23T18:47:17","slug":"pagina-ejemplo","status":"publish","type":"page","link":"https:\/\/blogs.sindominio.net\/labretxa\/","title":{"rendered":"La Bretxa"},"content":{"rendered":"\n<div class=\"wp-block-group is-content-justification-center is-nowrap is-layout-flex wp-container-core-group-is-layout-94bc23d7 wp-block-group-is-layout-flex\">\n<div style=\"background-image: url('\/labretxa\/files\/2024\/02\/4.jpg');background-size: cover;background-position: top center;min-width: 100vw;min-height: calc(100% + 80px);position: absolute;z-index: -2;top: -30px\"><\/div>\n<\/div>\n\n\n\n<div style=\"background-color: #ffffffd6;border: 2px solid #fff;position:absolute;left: 0px;top: -0px;height: 100%;width: 100%;z-index: -1\"><\/div>\n\n\n\n<p><br>La Bretxa somos una organizaci\u00f3n anarquista de Barcelona que nace con el objetivo de superar la ausencia de visi\u00f3n estrat\u00e9gica a medio y largo plazo dentro del movimiento libertario. Nuestra pr\u00e1ctica actualmente se centra en fomentar y dinamizar una cultura del debate, as\u00ed como en participar en espacios de organizaci\u00f3n amplios con el fin de fortalecer y desarrollar un discurso situado en la coyuntura pol\u00edtica actual. Por tanto, nuestra praxis se basa en la generaci\u00f3n y articulaci\u00f3n de una visi\u00f3n estrat\u00e9gica y revolucionaria capaz de subvertir los sistemas de explotaci\u00f3n y opresi\u00f3n.&nbsp;<\/p>\n\n\n\n<p><\/p>\n\n\n\n\n\n<h3 style=\"margin-top:60px;margin-bottom:-10px\"><b>\u00daltimos textos:<\/b><\/h3>\n\n\n\n<div class=\"wp-block-query is-layout-flow wp-block-query-is-layout-flow\"><ul class=\"wp-block-post-template is-layout-flow wp-block-post-template-is-layout-flow\"><li class=\"wp-block-post post-595 post type-post status-publish format-standard category-textos czr-hentry\">\n<h3 style=\"font-size:25px;\" class=\"has-text-align-left wp-block-post-title\"><a href=\"https:\/\/blogs.sindominio.net\/labretxa\/2025\/09\/23\/organizate-hoy-o-muere-en-sus-guerras-manana\/\" target=\"_self\" >Organ\u00edzate hoy o muere en sus guerras ma\u00f1ana<\/a><\/h3>\n\n<div class=\"wp-block-post-excerpt\"><p class=\"wp-block-post-excerpt__excerpt\">El 6 de marzo de 2025 los 27 pa\u00edses miembros de la Uni\u00f3n Europea aprobaron un plan de financiaci\u00f3n para \u201crearmar Europa\u201d. Seg\u00fan la versi\u00f3n oficial el giro hacia una econom\u00eda belicista viene motivado por la \u201creordenaci\u00f3n del tablero geopol\u00edtico\u201d y la creciente necesidad europea de ser \u201cautosuficientes\u201d en el&hellip;<\/p><p class=\"wp-block-post-excerpt__more-text\"><a class=\"wp-block-post-excerpt__more-link\" href=\"https:\/\/blogs.sindominio.net\/labretxa\/2025\/09\/23\/organizate-hoy-o-muere-en-sus-guerras-manana\/\">Leer m\u00e1s<\/a><\/p><\/div>\n\n\n<div style=\"height:22px\" aria-hidden=\"true\" class=\"wp-block-spacer\"><\/div>\n\n\n\n\n\n<div style=\"height:5px\" aria-hidden=\"true\" class=\"wp-block-spacer\"><\/div>\n\n\n<div class=\"wp-block-post-date\"><time datetime=\"2025-09-23T20:18:28+02:00\">23 de septiembre de 2025<\/time><\/div>\n<\/li><li class=\"wp-block-post post-507 post type-post status-publish format-standard category-textos czr-hentry\">\n<h3 style=\"font-size:25px;\" class=\"has-text-align-left wp-block-post-title\"><a href=\"https:\/\/blogs.sindominio.net\/labretxa\/2025\/01\/20\/sobre-nuestra-propuesta-ecologista\/\" target=\"_self\" >Sobre nuestra propuesta ecologista<\/a><\/h3>\n\n<div class=\"wp-block-post-excerpt\"><p class=\"wp-block-post-excerpt__excerpt\">EL SISTEMA CAPITALISTA ES INCOMPATIBLE CON LA VIDA MISMA Nos encontramos inmersas en una crisis ecol\u00f3gica que nos ha hecho traspasar la mayor\u00eda de l\u00edmites planetarios. Estamos empezando a sufrir aqu\u00ed, de forma cada vez m\u00e1s evidente, las consecuencias de un cambio clim\u00e1tico que genera incendios forestales cada vez m\u00e1s&hellip;<\/p><p class=\"wp-block-post-excerpt__more-text\"><a class=\"wp-block-post-excerpt__more-link\" href=\"https:\/\/blogs.sindominio.net\/labretxa\/2025\/01\/20\/sobre-nuestra-propuesta-ecologista\/\">Leer m\u00e1s<\/a><\/p><\/div>\n\n\n<div style=\"height:22px\" aria-hidden=\"true\" class=\"wp-block-spacer\"><\/div>\n\n\n\n\n\n<div style=\"height:5px\" aria-hidden=\"true\" class=\"wp-block-spacer\"><\/div>\n\n\n<div class=\"wp-block-post-date\"><time datetime=\"2025-01-20T12:35:09+01:00\">20 de enero de 2025<\/time><\/div>\n<\/li><li class=\"wp-block-post post-480 post type-post status-publish format-standard category-textos tag-anarquismo tag-antifascismo tag-fascismo czr-hentry\">\n<h3 style=\"font-size:25px;\" class=\"has-text-align-left wp-block-post-title\"><a href=\"https:\/\/blogs.sindominio.net\/labretxa\/2024\/11\/08\/fascismo-y-movimientos-sociales-en-la-era-del-populismo\/\" target=\"_self\" >Fascismo y movimientos sociales en la era del populismo<\/a><\/h3>\n\n<div class=\"wp-block-post-excerpt\"><p class=\"wp-block-post-excerpt__excerpt\">Introducci\u00f3n Este texto es el resultado de una charla-debate p\u00fabica que hicimos hace unos meses en el CSOA Can Vies y de las reflexiones y discusiones surgidas entorno a ella. Hablamos aqu\u00ed sobre el fen\u00f3meno del fascismo en la era del populismo, enfocado tanto desde una perspectiva tanto te\u00f3rica como&hellip;<\/p><p class=\"wp-block-post-excerpt__more-text\"><a class=\"wp-block-post-excerpt__more-link\" href=\"https:\/\/blogs.sindominio.net\/labretxa\/2024\/11\/08\/fascismo-y-movimientos-sociales-en-la-era-del-populismo\/\">Leer m\u00e1s<\/a><\/p><\/div>\n\n\n<div style=\"height:22px\" aria-hidden=\"true\" class=\"wp-block-spacer\"><\/div>\n\n\n\n\n\n<div style=\"height:5px\" aria-hidden=\"true\" class=\"wp-block-spacer\"><\/div>\n\n\n<div class=\"wp-block-post-date\"><time datetime=\"2024-11-08T17:21:17+01:00\">8 de noviembre de 2024<\/time><\/div>\n<\/li><li class=\"wp-block-post post-467 post type-post status-publish format-standard category-textos czr-hentry\">\n<h3 style=\"font-size:25px;\" class=\"has-text-align-left wp-block-post-title\"><a href=\"https:\/\/blogs.sindominio.net\/labretxa\/2024\/05\/30\/principios-politicos-del-colectivo\/\" target=\"_self\" >Principios pol\u00edticos del colectivo<\/a><\/h3>\n\n<div class=\"wp-block-post-excerpt\"><p class=\"wp-block-post-excerpt__excerpt\">Libertarias: \u2028Nos consideramos anarquistas o comunistas libertaries. Creemos que ahora es el momento de afrontar otra vez la lucha revolucionaria desde el coraz\u00f3n del sistema de explotaci\u00f3n capitalista y patriarcal, de levantarnos una vez m\u00e1s, ya no para defender una alternativa al capitalismo, sino para fraguar un cambio radical del&hellip;<\/p><p class=\"wp-block-post-excerpt__more-text\"><a class=\"wp-block-post-excerpt__more-link\" href=\"https:\/\/blogs.sindominio.net\/labretxa\/2024\/05\/30\/principios-politicos-del-colectivo\/\">Leer m\u00e1s<\/a><\/p><\/div>\n\n\n<div style=\"height:22px\" aria-hidden=\"true\" class=\"wp-block-spacer\"><\/div>\n\n\n\n\n\n<div style=\"height:5px\" aria-hidden=\"true\" class=\"wp-block-spacer\"><\/div>\n\n\n<div class=\"wp-block-post-date\"><time datetime=\"2024-05-30T10:44:56+02:00\">30 de mayo de 2024<\/time><\/div>\n<\/li><\/ul><\/div>\n","protected":false},"excerpt":{"rendered":"<p>La Bretxa somos una organizaci\u00f3n anarquista de Barcelona que nace con el objetivo de superar la ausencia de visi\u00f3n estrat\u00e9gica a medio y largo plazo dentro del movimiento libertario. Nuestra pr\u00e1ctica actualmente se centra en fomentar y dinamizar una cultura del debate, as\u00ed como en participar en espacios de organizaci\u00f3n amplios con el fin de [&hellip;]<\/p>\n","protected":false},"author":241,"featured_media":0,"parent":0,"menu_order":0,"comment_status":"closed","ping_status":"open","template":"","meta":{"footnotes":""},"class_list":["post-2","page","type-page","status-publish","czr-hentry"],"_links":{"self":[{"href":"https:\/\/blogs.sindominio.net\/labretxa\/wp-json\/wp\/v2\/pages\/2","targetHints":{"allow":["GET"]}}],"collection":[{"href":"https:\/\/blogs.sindominio.net\/labretxa\/wp-json\/wp\/v2\/pages"}],"about":[{"href":"https:\/\/blogs.sindominio.net\/labretxa\/wp-json\/wp\/v2\/types\/page"}],"author":[{"embeddable":true,"href":"https:\/\/blogs.sindominio.net\/labretxa\/wp-json\/wp\/v2\/users\/241"}],"replies":[{"embeddable":true,"href":"https:\/\/blogs.sindominio.net\/labretxa\/wp-json\/wp\/v2\/comments?post=2"}],"version-history":[{"count":81,"href":"https:\/\/blogs.sindominio.net\/labretxa\/wp-json\/wp\/v2\/pages\/2\/revisions"}],"predecessor-version":[{"id":610,"href":"https:\/\/blogs.sindominio.net\/labretxa\/wp-json\/wp\/v2\/pages\/2\/revisions\/610"}],"wp:attachment":[{"href":"https:\/\/blogs.sindominio.net\/labretxa\/wp-json\/wp\/v2\/media?parent=2"}],"curies":[{"name":"wp","href":"https:\/\/api.w.org\/{rel}","templated":true}]}}