{"id":2352,"date":"2013-01-16T12:02:03","date_gmt":"2013-01-16T11:02:03","guid":{"rendered":"http:\/\/okupa.noblezabaturra.org\/?page_id=2352"},"modified":"2013-01-16T12:02:03","modified_gmt":"2013-01-16T11:02:03","slug":"plaza-del-laurel","status":"publish","type":"page","link":"https:\/\/blogs.sindominio.net\/kikemur\/cso-kike-mur\/plaza-del-laurel\/","title":{"rendered":"Plaza del laurel\/Plaza de la Memoria"},"content":{"rendered":"<h1>Recuperemos un espacio que es de todxs: la calle.<\/h1>\n<h4>En la plaza de la Memoria, y en la plaza del Laurel, actividades de todas para todas. Parque para ni\u00f1os y ni\u00f1as, jard\u00edn, actuaciones, comedores populares, talleres, juegos infantiles, cine de verano&#8230;<\/h4>\n<p>&nbsp;<\/p>\n<p>Comunicado:<\/p>\n<p>Una vez m\u00e1s nos juntamos colectivos, asociaciones e individualidades para dar un paso hacia adelante en la lucha por recuperar nuestras vidas. Vemos como el capitalismo ha lanzado un brutal ataque contra la poblaci\u00f3n al que llaman crisis, y con esta escusa vemos como nos recortan en salud, en educaci\u00f3n, en derechos sociales, como se aprueban leyes para aumentar el control social, para llenar m\u00e1s las c\u00e1rceles, para seguir exprimi\u00e9ndonos hasta el \u00faltimo c\u00e9ntimo sin que ni si quiera podamos cantearnos. Las consecuencias son familias desahuciadas por no poder hacer frente a alquileres e hipotecas impuestas durante el falso estado de bienestar, vemos m\u00e1s de cinco millones de personas paradas, c\u00e1rceles a rebosar de gente pobre, polic\u00edas golpeando como mercenarios que son all\u00ed donde apunta el dedo de su amo.<\/p>\n<p>Como dec\u00edamos damos un paso m\u00e1s en nuestra lucha, okupamos la plaza del laurel, un solar asfaltado y descuidado a prop\u00f3sito para ocultar una historia que no les interesa recordar. Nosotros y nosotras lo okupamos para visibilizar esta historia, para recordar el valor de este sitio y para gestionar este barrio como se merece, de una manera aut\u00f3noma, horizontal y solidaria. Esperamos que este sea el impulso que nos hac\u00eda falta para unir fuerzas y construir nuestro futuro nosotros y nosotras mismas.<\/p>\n<p>Recordaros que el pr\u00f3ximo d\u00eda 18 es el juicio contra las 11 personas encausadas por resistir en el tejado al desalojo del C.S.O. Kike Mur y hay una concentraci\u00f3n de apoyo convocada a las 9:30 en la Plaza del Pilar. Tenemos que dejar claro que si nos tocan a uno, nos tocan a todos, y que en este barrio, al igual que en otros, nos estamos haciendo fuertes.<\/p>\n<p>Seguiremos en la Plaza del Laurel luchando por la autogesti\u00f3n y construyendo un mundo nuevo.<\/p>\n<p>&nbsp;<\/p>\n<p><strong>QUE VIVA TORRERO Y LA LUCHA EN LOS BARRIOS<\/strong><\/p>\n<p>&nbsp;<\/p>\n<figure id=\"attachment_2472\" aria-describedby=\"caption-attachment-2472\" style=\"width: 476px\" class=\"wp-caption aligncenter\"><a href=\"http:\/\/okupa.noblezabaturra.org\/wp-content\/uploads\/sites\/7\/2013\/01\/IMG_0224.jpg\"><img loading=\"lazy\" decoding=\"async\" class=\" wp-image-2472 \" alt=\"\" src=\"http:\/\/okupa.noblezabaturra.org\/wp-content\/uploads\/sites\/7\/2013\/01\/IMG_0224.jpg\" width=\"476\" height=\"318\" \/><\/a><figcaption id=\"caption-attachment-2472\" class=\"wp-caption-text\">Reokupaci\u00f3n del CSO Kike Mur (22\/01\/2011)<\/figcaption><\/figure>\n<figure id=\"attachment_2470\" aria-describedby=\"caption-attachment-2470\" style=\"width: 512px\" class=\"wp-caption aligncenter\"><a href=\"http:\/\/okupa.noblezabaturra.org\/wp-content\/uploads\/sites\/7\/2013\/01\/DSC04674.jpg\"><img loading=\"lazy\" decoding=\"async\" class=\" wp-image-2470 \" alt=\"\" src=\"http:\/\/okupa.noblezabaturra.org\/wp-content\/uploads\/sites\/7\/2013\/01\/DSC04674.jpg\" width=\"512\" height=\"384\" \/><\/a><figcaption id=\"caption-attachment-2470\" class=\"wp-caption-text\">Comida popular vegana al solete<\/figcaption><\/figure>\n<p style=\"text-align: center\"><a href=\"http:\/\/okupa.noblezabaturra.org\/wp-content\/uploads\/sites\/7\/2013\/01\/IMG_6265.jpg\"><img loading=\"lazy\" decoding=\"async\" class=\" wp-image-2471  aligncenter\" alt=\"\" src=\"http:\/\/okupa.noblezabaturra.org\/wp-content\/uploads\/sites\/7\/2013\/01\/IMG_6265.jpg\" width=\"512\" height=\"342\" \/><\/a><\/p>\n<figure id=\"attachment_2822\" aria-describedby=\"caption-attachment-2822\" style=\"width: 583px\" class=\"wp-caption aligncenter\"><a href=\"http:\/\/okupa.noblezabaturra.org\/wp-content\/uploads\/sites\/7\/2013\/01\/DSCN6943.jpg\"><img loading=\"lazy\" decoding=\"async\" class=\" wp-image-2822 \" alt=\"DSCN6943\" src=\"http:\/\/okupa.noblezabaturra.org\/wp-content\/uploads\/sites\/7\/2013\/01\/DSCN6943.jpg\" width=\"583\" height=\"438\" srcset=\"https:\/\/blogs.sindominio.net\/kikemur\/files\/2013\/01\/DSCN6943.jpg 2048w, https:\/\/blogs.sindominio.net\/kikemur\/files\/2013\/01\/DSCN6943-300x225.jpg 300w, https:\/\/blogs.sindominio.net\/kikemur\/files\/2013\/01\/DSCN6943-1024x768.jpg 1024w, https:\/\/blogs.sindominio.net\/kikemur\/files\/2013\/01\/DSCN6943-768x576.jpg 768w, https:\/\/blogs.sindominio.net\/kikemur\/files\/2013\/01\/DSCN6943-1536x1152.jpg 1536w\" sizes=\"auto, (max-width: 583px) 100vw, 583px\" \/><\/a><figcaption id=\"caption-attachment-2822\" class=\"wp-caption-text\">Plaza del Laurel<\/figcaption><\/figure>\n<p style=\"text-align: center\"><a href=\"http:\/\/okupa.noblezabaturra.org\/wp-content\/uploads\/sites\/7\/2013\/01\/II-Mercado-libre-_13_.jpg\"><img loading=\"lazy\" decoding=\"async\" class=\"wp-image-2473 aligncenter\" alt=\"\" src=\"http:\/\/okupa.noblezabaturra.org\/wp-content\/uploads\/sites\/7\/2013\/01\/II-Mercado-libre-_13_.jpg\" width=\"576\" height=\"205\" \/><\/a><a href=\"http:\/\/okupa.noblezabaturra.org\/wp-content\/uploads\/sites\/7\/2013\/01\/DSC04679.jpg\"><img loading=\"lazy\" decoding=\"async\" class=\" wp-image-2474 aligncenter\" alt=\"\" src=\"http:\/\/okupa.noblezabaturra.org\/wp-content\/uploads\/sites\/7\/2013\/01\/DSC04679.jpg\" width=\"512\" height=\"384\" \/><\/a><\/p>\n<p style=\"text-align: center\"><a href=\"http:\/\/okupa.noblezabaturra.org\/wp-content\/uploads\/sites\/7\/2013\/01\/KikeMur_Salhaketa01.jpg\"><img loading=\"lazy\" decoding=\"async\" class=\"aligncenter  wp-image-2823\" alt=\"KikeMur_Salhaketa01\" src=\"http:\/\/okupa.noblezabaturra.org\/wp-content\/uploads\/sites\/7\/2013\/01\/KikeMur_Salhaketa01.jpg\" width=\"574\" height=\"382\" srcset=\"https:\/\/blogs.sindominio.net\/kikemur\/files\/2013\/01\/KikeMur_Salhaketa01.jpg 1024w, https:\/\/blogs.sindominio.net\/kikemur\/files\/2013\/01\/KikeMur_Salhaketa01-300x200.jpg 300w, https:\/\/blogs.sindominio.net\/kikemur\/files\/2013\/01\/KikeMur_Salhaketa01-768x512.jpg 768w\" sizes=\"auto, (max-width: 574px) 100vw, 574px\" \/><\/a><a href=\"http:\/\/okupa.noblezabaturra.org\/wp-content\/uploads\/sites\/7\/2013\/01\/8167243_orig.jpg\"><img loading=\"lazy\" decoding=\"async\" class=\"aligncenter size-full wp-image-3053\" alt=\"8167243_orig\" src=\"http:\/\/okupa.noblezabaturra.org\/wp-content\/uploads\/sites\/7\/2013\/01\/8167243_orig.jpg\" width=\"900\" height=\"586\" srcset=\"https:\/\/blogs.sindominio.net\/kikemur\/files\/2013\/01\/8167243_orig.jpg 900w, https:\/\/blogs.sindominio.net\/kikemur\/files\/2013\/01\/8167243_orig-300x195.jpg 300w, https:\/\/blogs.sindominio.net\/kikemur\/files\/2013\/01\/8167243_orig-768x500.jpg 768w\" sizes=\"auto, (max-width: 900px) 100vw, 900px\" \/><\/a><\/p>\n","protected":false},"excerpt":{"rendered":"<p>Recuperemos un espacio que es de todxs: la calle. En la plaza de la Memoria, y en la plaza del Laurel, actividades de todas para todas. Parque para ni\u00f1os y ni\u00f1as, jard\u00edn, actuaciones, comedores populares, talleres, juegos infantiles, cine de verano&#8230; &nbsp; Comunicado: Una vez m\u00e1s nos juntamos colectivos, asociaciones e individualidades para dar un [&hellip;]<\/p>\n","protected":false},"author":229,"featured_media":2474,"parent":33,"menu_order":4,"comment_status":"open","ping_status":"open","template":"","meta":{"footnotes":""},"class_list":["post-2352","page","type-page","status-publish","has-post-thumbnail","czr-hentry"],"_links":{"self":[{"href":"https:\/\/blogs.sindominio.net\/kikemur\/wp-json\/wp\/v2\/pages\/2352","targetHints":{"allow":["GET"]}}],"collection":[{"href":"https:\/\/blogs.sindominio.net\/kikemur\/wp-json\/wp\/v2\/pages"}],"about":[{"href":"https:\/\/blogs.sindominio.net\/kikemur\/wp-json\/wp\/v2\/types\/page"}],"author":[{"embeddable":true,"href":"https:\/\/blogs.sindominio.net\/kikemur\/wp-json\/wp\/v2\/users\/229"}],"replies":[{"embeddable":true,"href":"https:\/\/blogs.sindominio.net\/kikemur\/wp-json\/wp\/v2\/comments?post=2352"}],"version-history":[{"count":0,"href":"https:\/\/blogs.sindominio.net\/kikemur\/wp-json\/wp\/v2\/pages\/2352\/revisions"}],"up":[{"embeddable":true,"href":"https:\/\/blogs.sindominio.net\/kikemur\/wp-json\/wp\/v2\/pages\/33"}],"wp:featuredmedia":[{"embeddable":true,"href":"https:\/\/blogs.sindominio.net\/kikemur\/wp-json\/wp\/v2\/media\/2474"}],"wp:attachment":[{"href":"https:\/\/blogs.sindominio.net\/kikemur\/wp-json\/wp\/v2\/media?parent=2352"}],"curies":[{"name":"wp","href":"https:\/\/api.w.org\/{rel}","templated":true}]}}

<h1>Recuperemos un espacio que es de todxs: la calle.</h1>
<h4>En la plaza de la Memoria, y en la plaza del Laurel, actividades de todas para todas. Parque para niños y niñas, jardín, actuaciones, comedores populares, talleres, juegos infantiles, cine de verano&#8230;</h4>
<p>&nbsp;</p>
<p>Comunicado:</p>
<p>Una vez más nos juntamos colectivos, asociaciones e individualidades para dar un paso hacia adelante en la lucha por recuperar nuestras vidas. Vemos como el capitalismo ha lanzado un brutal ataque contra la población al que llaman crisis, y con esta escusa vemos como nos recortan en salud, en educación, en derechos sociales, como se aprueban leyes para aumentar el control social, para llenar más las cárceles, para seguir exprimiéndonos hasta el último céntimo sin que ni si quiera podamos cantearnos. Las consecuencias son familias desahuciadas por no poder hacer frente a alquileres e hipotecas impuestas durante el falso estado de bienestar, vemos más de cinco millones de personas paradas, cárceles a rebosar de gente pobre, policías golpeando como mercenarios que son allí donde apunta el dedo de su amo.</p>
<p>Como decíamos damos un paso más en nuestra lucha, okupamos la plaza del laurel, un solar asfaltado y descuidado a propósito para ocultar una historia que no les interesa recordar. Nosotros y nosotras lo okupamos para visibilizar esta historia, para recordar el valor de este sitio y para gestionar este barrio como se merece, de una manera autónoma, horizontal y solidaria. Esperamos que este sea el impulso que nos hacía falta para unir fuerzas y construir nuestro futuro nosotros y nosotras mismas.</p>
<p>Recordaros que el próximo día 18 es el juicio contra las 11 personas encausadas por resistir en el tejado al desalojo del C.S.O. Kike Mur y hay una concentración de apoyo convocada a las 9:30 en la Plaza del Pilar. Tenemos que dejar claro que si nos tocan a uno, nos tocan a todos, y que en este barrio, al igual que en otros, nos estamos haciendo fuertes.</p>
<p>Seguiremos en la Plaza del Laurel luchando por la autogestión y construyendo un mundo nuevo.</p>
<p>&nbsp;</p>
<p><strong>QUE VIVA TORRERO Y LA LUCHA EN LOS BARRIOS</strong></p>
<p>&nbsp;</p>
<figure id="attachment_2472" aria-describedby="caption-attachment-2472" style="width: 476px" class="wp-caption aligncenter"><a href="http://okupa.noblezabaturra.org/wp-content/uploads/sites/7/2013/01/IMG_0224.jpg"><img loading="lazy" decoding="async" class=" wp-image-2472 " alt="" src="http://okupa.noblezabaturra.org/wp-content/uploads/sites/7/2013/01/IMG_0224.jpg" width="476" height="318" /></a><figcaption id="caption-attachment-2472" class="wp-caption-text">Reokupación del CSO Kike Mur (22/01/2011)</figcaption></figure>
<figure id="attachment_2470" aria-describedby="caption-attachment-2470" style="width: 512px" class="wp-caption aligncenter"><a href="http://okupa.noblezabaturra.org/wp-content/uploads/sites/7/2013/01/DSC04674.jpg"><img loading="lazy" decoding="async" class=" wp-image-2470 " alt="" src="http://okupa.noblezabaturra.org/wp-content/uploads/sites/7/2013/01/DSC04674.jpg" width="512" height="384" /></a><figcaption id="caption-attachment-2470" class="wp-caption-text">Comida popular vegana al solete</figcaption></figure>
<p style="text-align: center"><a href="http://okupa.noblezabaturra.org/wp-content/uploads/sites/7/2013/01/IMG_6265.jpg"><img loading="lazy" decoding="async" class=" wp-image-2471  aligncenter" alt="" src="http://okupa.noblezabaturra.org/wp-content/uploads/sites/7/2013/01/IMG_6265.jpg" width="512" height="342" /></a></p>
<figure id="attachment_2822" aria-describedby="caption-attachment-2822" style="width: 583px" class="wp-caption aligncenter"><a href="http://okupa.noblezabaturra.org/wp-content/uploads/sites/7/2013/01/DSCN6943.jpg"><img loading="lazy" decoding="async" class=" wp-image-2822 " alt="DSCN6943" src="http://okupa.noblezabaturra.org/wp-content/uploads/sites/7/2013/01/DSCN6943.jpg" width="583" height="438" srcset="https://blogs.sindominio.net/kikemur/files/2013/01/DSCN6943.jpg 2048w, https://blogs.sindominio.net/kikemur/files/2013/01/DSCN6943-300x225.jpg 300w, https://blogs.sindominio.net/kikemur/files/2013/01/DSCN6943-1024x768.jpg 1024w, https://blogs.sindominio.net/kikemur/files/2013/01/DSCN6943-768x576.jpg 768w, https://blogs.sindominio.net/kikemur/files/2013/01/DSCN6943-1536x1152.jpg 1536w" sizes="auto, (max-width: 583px) 100vw, 583px" /></a><figcaption id="caption-attachment-2822" class="wp-caption-text">Plaza del Laurel</figcaption></figure>
<p style="text-align: center"><a href="http://okupa.noblezabaturra.org/wp-content/uploads/sites/7/2013/01/II-Mercado-libre-_13_.jpg"><img loading="lazy" decoding="async" class="wp-image-2473 aligncenter" alt="" src="http://okupa.noblezabaturra.org/wp-content/uploads/sites/7/2013/01/II-Mercado-libre-_13_.jpg" width="576" height="205" /></a><a href="http://okupa.noblezabaturra.org/wp-content/uploads/sites/7/2013/01/DSC04679.jpg"><img loading="lazy" decoding="async" class=" wp-image-2474 aligncenter" alt="" src="http://okupa.noblezabaturra.org/wp-content/uploads/sites/7/2013/01/DSC04679.jpg" width="512" height="384" /></a></p>
<p style="text-align: center"><a href="http://okupa.noblezabaturra.org/wp-content/uploads/sites/7/2013/01/KikeMur_Salhaketa01.jpg"><img loading="lazy" decoding="async" class="aligncenter  wp-image-2823" alt="KikeMur_Salhaketa01" src="http://okupa.noblezabaturra.org/wp-content/uploads/sites/7/2013/01/KikeMur_Salhaketa01.jpg" width="574" height="382" srcset="https://blogs.sindominio.net/kikemur/files/2013/01/KikeMur_Salhaketa01.jpg 1024w, https://blogs.sindominio.net/kikemur/files/2013/01/KikeMur_Salhaketa01-300x200.jpg 300w, https://blogs.sindominio.net/kikemur/files/2013/01/KikeMur_Salhaketa01-768x512.jpg 768w" sizes="auto, (max-width: 574px) 100vw, 574px" /></a><a href="http://okupa.noblezabaturra.org/wp-content/uploads/sites/7/2013/01/8167243_orig.jpg"><img loading="lazy" decoding="async" class="aligncenter size-full wp-image-3053" alt="8167243_orig" src="http://okupa.noblezabaturra.org/wp-content/uploads/sites/7/2013/01/8167243_orig.jpg" width="900" height="586" srcset="https://blogs.sindominio.net/kikemur/files/2013/01/8167243_orig.jpg 900w, https://blogs.sindominio.net/kikemur/files/2013/01/8167243_orig-300x195.jpg 300w, https://blogs.sindominio.net/kikemur/files/2013/01/8167243_orig-768x500.jpg 768w" sizes="auto, (max-width: 900px) 100vw, 900px" /></a></p>

<p>Recuperemos un espacio que es de todxs: la calle. En la plaza de la Memoria, y en la plaza del Laurel, actividades de todas para todas. Parque para niños y niñas, jardín, actuaciones, comedores populares, talleres, juegos infantiles, cine de verano&#8230; &nbsp; Comunicado: Una vez más nos juntamos colectivos, asociaciones e individualidades para dar un [&hellip;]</p>
