{"id":287,"date":"2019-05-14T02:04:36","date_gmt":"2019-05-14T00:04:36","guid":{"rendered":"https:\/\/blogs.sindominio.net\/fcab\/?page_id=287"},"modified":"2019-05-14T19:54:38","modified_gmt":"2019-05-14T17:54:38","slug":"que-es-una-actitud-de-merda","status":"publish","type":"page","link":"https:\/\/blogs.sindominio.net\/fcab\/que-es-una-actitud-de-merda\/","title":{"rendered":"Qu\u00e9 es &#8220;una actitud de mierda&#8221;?"},"content":{"rendered":"\n<pre class=\"wp-block-preformatted\">El FCAB pretende ser un espacio con una fuerte afluencia de personas. Intentamos transmitir contenido pol\u00edtico a la vez que pasar un buen rato. Solo ocurre una vez al a\u00f1o, son tres d\u00edas de mucha intensidad y queremos que todas aquellas personas que puedan recibir alg\u00fan tipo de violencia machista, lgtbiqf\u00f2bica o racista puedan tener una m\u00ednima garant\u00eda de seguridad para disfrutar del cine anarquista. <br><br>Sabemos que lo que nombramos como actitudes de mierda no es algo ajeno a nosotres, sino que tambi\u00e9n las podemos reproducir y no queremos estar al margen, sino cambiarlo y aceptarlo. <br><br>Las violencias pueden ser expl\u00edcitas o no y a veces son din\u00e1micas prorrogables en el tiempo e, incluso, invisibles de cara al p\u00fablico pero esto no hace que sean menos peligrosas. <br><br>Apostamos por construir entre todes espacios feministas y antirracistas o, al menos, lo intentamos. As\u00ed como tambi\u00e9n sabemos que estas actitudes y din\u00e1micas de mierda no cambiar\u00e1n cuestionando las agresiones, toler\u00e1ndolas con permisividad o desde el silencio, o haciendo que la persona agredida sea la que tenga que irse de nuestro espacio. <br><br>No tratamos la denuncia de agresiones como algo autoritario o para ejercer poder porque nos parece una forma de analizar muy simplista. Las violencias patriarcales y racistas existen y sigue siendo un problema muy grande dentro de nuestros espacios y nuestra cotidianidad como para no trabajarlas. <br><br>Sabemos que no es f\u00e1cil acabar con este conflicto y como FCAB solo podemos aportar nuestro granito de arena pero si queremos decirte y queremos que quede claro que: compa\u00f1ere, amigue, germane, mujer cis, trans, migrante, este espacio es para ti y si ves alguien que te ha agredido a ti o a una compa\u00f1ere, ya sea ahora o en el pasado, te escuchamos y apoyamos tu manera de actuar y las herramientas que utilices. <br><br>Festival de Cine Anarquista de Barcelona 2019 <\/pre>\n","protected":false},"excerpt":{"rendered":"<p>El FCAB pretende ser un espacio con una fuerte afluencia de personas. Intentamos transmitir contenido pol\u00edtico a la vez que pasar un buen rato. Solo ocurre una vez al a\u00f1o, son tres d\u00edas de mucha intensidad y queremos que todas aquellas personas que puedan recibir alg\u00fan tipo de violencia machista, lgtbiqf\u00f2bica o racista puedan tener [&hellip;]<\/p>\n","protected":false},"author":170,"featured_media":0,"parent":0,"menu_order":0,"comment_status":"closed","ping_status":"closed","template":"","meta":{"footnotes":""},"class_list":["post-287","page","type-page","status-publish","czr-hentry"],"_links":{"self":[{"href":"https:\/\/blogs.sindominio.net\/fcab\/wp-json\/wp\/v2\/pages\/287","targetHints":{"allow":["GET"]}}],"collection":[{"href":"https:\/\/blogs.sindominio.net\/fcab\/wp-json\/wp\/v2\/pages"}],"about":[{"href":"https:\/\/blogs.sindominio.net\/fcab\/wp-json\/wp\/v2\/types\/page"}],"author":[{"embeddable":true,"href":"https:\/\/blogs.sindominio.net\/fcab\/wp-json\/wp\/v2\/users\/170"}],"replies":[{"embeddable":true,"href":"https:\/\/blogs.sindominio.net\/fcab\/wp-json\/wp\/v2\/comments?post=287"}],"version-history":[{"count":3,"href":"https:\/\/blogs.sindominio.net\/fcab\/wp-json\/wp\/v2\/pages\/287\/revisions"}],"predecessor-version":[{"id":298,"href":"https:\/\/blogs.sindominio.net\/fcab\/wp-json\/wp\/v2\/pages\/287\/revisions\/298"}],"wp:attachment":[{"href":"https:\/\/blogs.sindominio.net\/fcab\/wp-json\/wp\/v2\/media?parent=287"}],"curies":[{"name":"wp","href":"https:\/\/api.w.org\/{rel}","templated":true}]}}