{"id":840,"date":"2025-01-13T14:27:15","date_gmt":"2025-01-13T13:27:15","guid":{"rendered":"https:\/\/blogs.sindominio.net\/comite-sagrera-stap\/?page_id=840"},"modified":"2025-11-22T19:50:44","modified_gmt":"2025-11-22T18:50:44","slug":"nosaltres","status":"publish","type":"page","link":"https:\/\/blogs.sindominio.net\/comite-sagrera-stap\/nosaltres\/","title":{"rendered":"NOSALTRES"},"content":{"rendered":"\n<p><strong>QUI SOM?<\/strong><br>Som un col\u00b7lectiu autogestionat, aut\u00f2nom i divers creat amb la voluntat de teixir xarxa entre dones i identitats dissidents als nostres barris.<br>Volem visibilitzar i lluitar contra totes les viol\u00e8ncies i opresions del sistema capitalista, colonialista, capacitista i patriarcal en el que vivim.<br>A m\u00e9s, volem ser visibles i poder donar tot el nostre suport contra les problem\u00e0tiques que afecten directament als nostres barris, teixint xarxes i aliances amb col\u00b7lectius, entitats i ve\u00efnes.<\/p>\n\n\n\n<p><strong>COM ENS ORGANITZEM?<\/strong><br>Ens organitzem de manera assemblearia. Ens trobem cada dues setmanes, alternant entre dilluns (a la Nau Bostik) i divendres (a la Cin\u00e8tika).<br>Les assemblees s\u00f3n obertes a totes les persones que no siguin homes cis, per\u00f2 agrairem que si \u00e9s el primer cop que vens, ens contactis per poder quedar una mica abans i fer una bona acollida.<\/p>\n\n\n\n<p><strong>COM HI POTS PARTICIPAR?<\/strong><br>Hi ha dues maneres de participar:<br>\u25cf Pots formar part de l\u2019<strong>estructura del col\u00b7lectiu<\/strong>, \u00e9s a dir, venint i participant de manera activa i regular a les assemblees, comisions i grups de treball.<br>\u25cf Pots formar part del <strong>grup de col\u00b7laboradoris<\/strong>, \u00e9s a dir, estar vinculadi al col\u00b7lectiu d\u2019una manera menys regular i activa, participant en all\u00f2 que pots o vols.<\/p>\n\n\n\n<h2 class=\"wp-block-heading has-black-color has-text-color has-link-color wp-elements-2a1fd0b3081a9c0b8c5f798c8d2b566c\">L\u00cdNIES POL\u00cdTIQUES<\/h2>\n\n\n\n<p><strong>EL CONSUM I LA VENDA D&#8217;ALCOHOL ALS NOSTRES ESPAIS<\/strong><\/p>\n\n\n\n<p>Com a col\u00b7lectiu feminista i anticapitalista, considerem que \u00e9s imprescindible analitzar i posicionar-nos tant en el consum com en la venda d\u2019alcohol en els nostres espais.<br><br>El sistema capitalista ens explota i oprimeix dia rere dia, i aquest mateix sistema capitalista ens ha ensenyat a fugir i evadir-nos d\u2019aquesta situaci\u00f3, normalment amb m\u00e8todes consumistes; un d\u2019ells, el consum d\u2019alcohol i\/o altres drogues.<br><br>El consum d&#8217;alcohol, s&#8217;ha convertit en un ritual de socialitzaci\u00f3, sobretot en els espais d&#8217;oci, on es busca desconnectar i divertir-se, buscant una manera r\u00e0pida d&#8217;anestessiar-nos de les opressions i explotaci\u00f3 del sistema capitalista en el que vivim.<br><br>No podem oblidar la problem\u00e0tica que suposa per totes aquelles persones que, pel motiu que sigui, volen estar allunyades de l\u2019alcohol, doncs el capitalisme promou el consum com a manera de control social que, a m\u00e9s a m\u00e9s, li suposa guanys econ\u00f2mics molt importants. \u00c9s per aix\u00f2 que \u00e9s molt dif\u00edcil trobar espais lliures d&#8217;alcohol i altres drogues dins el sistema capitalista.<br><br>Per tot aix\u00f2 creiem necessari poder trobar espais d\u2019oci alternatius, on no depenguem de l\u2019alcohol i les drogues al mateix temps que anem creant cada cop m\u00e9s alternatives a aquests espais de consum.<br>Des d\u2019una perspectiva feminista, no podem obviar que, en espais on hi ha un consum d\u2019alcohol i drogues, les viol\u00e8ncies augmenten, sobretot les que rebem les dones i identitats dissidents, proporcionalment al consum que es fa d\u2019alcohol i altres drogues.<br><br>Creiem que crear punts liles no \u00e9s suficient; s\u2019han de posar mesures per evitar les vol\u00e8ncies abans que passin i creiem que una de les mesures que est\u00e0 a les nostres mans \u00e9s tenir espais lliures d\u2019alcohol i drogues.<br><br>En els moviments socials autogestionats \u00e9s habitual recaptar diners mitjan\u00e7ant l\u2019alcohol, ja que \u00e9s la manera f\u00e0cil i r\u00e0pida d\u2019autogesti\u00f3, per\u00f2 nosaltres pensem que, sent concients de la problem\u00e0tica que implica l\u2019alcohol, i havent-hi alternatives a la seva venda, no podem acceptar autogestinar-nos amb alcohol per comoditat i facilitat.<br><br>Per tot aix\u00f2, considerem que <strong>no hi ha lloc per l\u2019alcohol als nostres espais<\/strong>.<br><br><strong>No utilitzarem l\u2019alcohol ni les drogues per autogestionar-nos<\/strong>.<br><br>Prioritzarem espais i col\u00b7lectius que no venguin alcohol.<br><br>En cas d\u2019espais i col\u00b7lectius que s\u00ed que tinguin alcohol, durant els nostres actes no hi haur\u00e0 alcohol.<br><br>En espais m\u00e9s amplis com jornades o festes majors o similars, on hi ha diverses activitats i hi ha consum d\u2019alcohol, s\u2019analitzar\u00e0 minuciosament el pes pol\u00edtic que t\u00e9 l\u2019esdeveniment per participar-hi o no. Si realment el pes \u00e9s prou important com per participar-hi, intentarem que mentre nosaltres hi siguem no hi hagi alcohol disponible. En el cas que aix\u00f2 no sigui possible, ens responsabilitzarem del que pugui passar. En cap cas serem nosaltres lis que venguem alcohol.<br><br><\/p>\n\n\n\n<p><strong>EL TREBALL SEXUAL<\/strong><\/p>\n\n\n\n<p>El treball sexual \u00e9s un tema d\u2019etern debat, que interpel\u00b7la directament al feminisme i a l\u2019anticapitalisme.<br>Quan es parla de treball sexual acostuma a sortir al debat l\u2019explotaci\u00f3 de les dones, la seva llibertat i el patriarcat.<br><br>Molts cops hi ha una forta moral cat\u00f2lica dintre del discurs sobre el treball sexual, alhora que hi ha una \u201cincapacitaci\u00f3\u201d envers les dones i dissid\u00e8ncies a poder pendre decisions lliurement.<br>Considerar que pel simple fet de tractar-se d&#8217;un treball amb una alta carrega moral, les dones i identitats dissidents perden la seva autonomia per pendre les seves pr\u00f2pies decisions es una visi\u00f3 paternalista i patriarcal.<br><br>Les postures que no passin per tenir drets laborals i poder lluitar per defensar-los, criminalitzen i porten a la clandestinitat, a l&#8217;augment de la viol\u00e8ncia, a la precaritzaci\u00f3 i a l&#8217;empitjorant cada cop m\u00e9s de les condicions laborals de les treballadores sexuals.<br><br>Com a anticapitalistes, l&#8217;objectiu final \u00e9s l&#8217;abolici\u00f3 del treball assalariat, per\u00f2 entenem que estem lluny d&#8217;aquest objectiu. <strong>Per tant, mentre estiguem obligades a treballar per poder sobreviure en aquest sistema depredador i explotador, creiem que lis treballadoris sexuals han de tenir els mateixos drets laborals que qualsevol altra persona que es vegi abocada al treball assalariat.<\/strong><\/p>\n\n\n\n<p><strong>VEGANISME<\/strong><\/p>\n\n\n\n<p class=\"has-text-align-right\" style=\"font-size:15px;font-style:italic;font-weight:100\">Si sabes empatizar, ahora ponte en el lugar de aquel que se llevan al matadero<br>Si sabes empatizar, ahora ponte en el lugar de todos esos r\u00edos que usan de vertederos<br>Si sabes empatizar, ahora ponte en el lugar de todos esos montes que est\u00e1n llenando de esti\u00e9rcol<br>Si sabes empatizar, ahora ponte en el lugar del aire<br>Liberando el Coraz\u00f3n (\u00abNaturaleza\u00bb)<\/p>\n\n\n\n<p>Com a col\u00b7lectiu feminista comprom\u00e8s amb la lluita revolucion\u00e0ria entenem que el capitalisme \u00e9s un sistema que explota sense l\u00edmits; cossos, territoris i recursos pel benefici econ\u00f2mic i l&#8217;acumulaci\u00f3 de capital. Entenem tamb\u00e9, que la lluita per l&#8217;alliberament de qualsevol sistema de dominaci\u00f3 no pot desvincular-se de la lluita contra l&#8217;explotaci\u00f3 animal, l&#8217;espoli a la natura i les condicions laborals indignes que imposa l&#8217;agroind\u00fastria o la industria c\u00e0rnica.<\/p>\n\n\n\n<p>Els \u00e9ssers humans sempre s&#8217;han vist per damunt no nom\u00e9s de tota la terra, sin\u00f3 tamb\u00e9 d&#8217;altres animals, veient-les nom\u00e9s com un altre recurs de qual se&#8217;n poden beneficiar. Si volem ser coherents amb els nostres ideals de combatre tota autoritat, dominaci\u00f3 i opressi\u00f3, tamb\u00e9 hem de lluitar en contra d&#8217;aquesta percepci\u00f3 desp\u00f2tica i arrogant de l&#8217;esser hum\u00e0 de veure&#8217;s legitimat a explotar i dominar tots els altres \u00e9ssers vius.<\/p>\n\n\n\n<p>El (macro) model industrial (model de la industria c\u00e0rnica) actual accelera estrepitosament la crisi clim\u00e0tica, a trav\u00e9s de desforestar boscos, contaminar terres i aig\u00fces, provocar la p\u00e8rdua de la biodiversitat, emetre gasos d&#8217;efecte hivernacle i un llarg etc\u00e8tera. Aquesta devastaci\u00f3 ambiental afecta a aquells sectors m\u00e9s vulnerables, precaritzats i feminitzats, que sovint s\u00f3n els primers en patir les conseq\u00fc\u00e8ncies de l&#8217;escassetat de recursos, la despossessi\u00f3 de terres i els desastres clim\u00e0tics.<\/p>\n\n\n\n<p>Tamb\u00e9 volem recalcar les deplorables condicions laborals de les persones que treballen en aquest sector; jornades interminables, sous miserables i les condicions insalubres s\u00f3n el dia a dia d&#8217;aquesta gent que, sovint, s\u00f3n dones o persones migrades.<\/p>\n\n\n\n<p>El veganisme, <strong>no \u00e9s nom\u00e9s una opci\u00f3 de consum, \u00e9s un posicionament pol\u00edtic anticapitalista i revolucionari que q\u00fcestiona les bases d&#8217;un sistema basat en l&#8217;explotaci\u00f3<\/strong>. \u00c9s per aix\u00f2 que nosaltres apostem per la construcci\u00f3 i manteniment d&#8217;espais que configuren una alternativa sostenible i coherent amb el nostre posicionament.&nbsp;<\/p>\n","protected":false},"excerpt":{"rendered":"<p>QUI SOM?Som un col\u00b7lectiu autogestionat, aut\u00f2nom i divers creat amb la voluntat de teixir xarxa entre dones i identitats dissidents als nostres barris.Volem visibilitzar i lluitar contra totes les viol\u00e8ncies i opresions del sistema capitalista, colonialista, capacitista i patriarcal en &hellip; <a href=\"https:\/\/blogs.sindominio.net\/comite-sagrera-stap\/nosaltres\/\">Sigue leyendo <span class=\"meta-nav\">&rarr;<\/span><\/a><\/p>\n","protected":false},"author":247,"featured_media":0,"parent":0,"menu_order":0,"comment_status":"closed","ping_status":"closed","template":"onecolumn-page.php","meta":{"footnotes":""},"class_list":["post-840","page","type-page","status-publish","hentry"],"_links":{"self":[{"href":"https:\/\/blogs.sindominio.net\/comite-sagrera-stap\/wp-json\/wp\/v2\/pages\/840","targetHints":{"allow":["GET"]}}],"collection":[{"href":"https:\/\/blogs.sindominio.net\/comite-sagrera-stap\/wp-json\/wp\/v2\/pages"}],"about":[{"href":"https:\/\/blogs.sindominio.net\/comite-sagrera-stap\/wp-json\/wp\/v2\/types\/page"}],"author":[{"embeddable":true,"href":"https:\/\/blogs.sindominio.net\/comite-sagrera-stap\/wp-json\/wp\/v2\/users\/247"}],"replies":[{"embeddable":true,"href":"https:\/\/blogs.sindominio.net\/comite-sagrera-stap\/wp-json\/wp\/v2\/comments?post=840"}],"version-history":[{"count":9,"href":"https:\/\/blogs.sindominio.net\/comite-sagrera-stap\/wp-json\/wp\/v2\/pages\/840\/revisions"}],"predecessor-version":[{"id":975,"href":"https:\/\/blogs.sindominio.net\/comite-sagrera-stap\/wp-json\/wp\/v2\/pages\/840\/revisions\/975"}],"wp:attachment":[{"href":"https:\/\/blogs.sindominio.net\/comite-sagrera-stap\/wp-json\/wp\/v2\/media?parent=840"}],"curies":[{"name":"wp","href":"https:\/\/api.w.org\/{rel}","templated":true}]}}