{"id":700,"date":"2024-09-12T10:42:00","date_gmt":"2024-09-12T08:42:00","guid":{"rendered":"https:\/\/blogs.sindominio.net\/comite-sagrera-stap\/?page_id=700"},"modified":"2025-02-28T12:45:41","modified_gmt":"2025-02-28T11:45:41","slug":"activitats-2","status":"publish","type":"page","link":"https:\/\/blogs.sindominio.net\/comite-sagrera-stap\/activitats-2\/","title":{"rendered":"ACTIVITATS"},"content":{"rendered":"\n<h1 class=\"wp-block-heading\">GENTRIFI-QU\u00c8?<\/h1>\n\n\n\n<p>Com a punt d\u2019inici per poder explicar als barris que es la GENTRIFICACI\u00d3, estem treballant en diferents activitats amb <a href=\"https:\/\/memorialluitaresis.wixsite.com\">Memoria, Lluita i Resist\u00e8ncia<\/a>.<\/p>\n\n\n\n<h2 class=\"wp-block-heading\">FORMACI\u00d3:<\/h2>\n\n\n\n<p><mark><strong>LA GENTRIFICACI\u00d3 ALS NOSTRES BARRIS<\/strong>. Espai de debat i formaci\u00f3.<\/mark><\/p>\n\n\n\n<p>El pr\u00f2xim dissabte <strong>21 de Setembre a les 11h<\/strong> tindrem aquesta formaci\u00f3 sobre La Gentrificaci\u00f3 a carrec de Mem\u00f2ria Lluita i Resist\u00e8ncia organitzat per Comit\u00e8 La Sagrera i Sant Andreu, Sindicat d\u2019Habitatge de Sagrera Navas i Congr\u00e9s i Sindicat d\u2019Habitatge de Sant Andreu a la Cin\u00e8tika.<\/p>\n\n\n\n<p>Us adjuntem lectures que us poden anar b\u00e9 per la xerrada.<\/p>\n\n\n\n<p>Tamb\u00e9 aquesta <mark><a href=\"https:\/\/inhabit-able.org\/\">web<\/a> <\/mark>que tenen amb diferents continguts interessants, Les entrades recomanades serien:<\/p>\n\n\n\n<ul class=\"wp-block-list\">\n<li>Qu\u00e8 \u00e9s la devaluaci\u00f3 i com la podem utilitzar en la lluita?<\/li>\n\n\n\n<li>Per qu\u00e8 s\u2019inverteix en parc edificat?<\/li>\n\n\n\n<li>Territoris plaentment habitables<\/li>\n\n\n\n<li>L\u2019equipament habitacional i les categories urban\u00edstiques<\/li>\n<\/ul>\n\n\n\n<p>Documents per consultar:<\/p>\n\n\n\n<figure class=\"wp-block-image\"><img loading=\"lazy\" decoding=\"async\" width=\"723\" height=\"1024\" src=\"https:\/\/blogs.sindominio.net\/comite-sagrera-stap\/files\/2024\/09\/photo_2024-09-05_17-44-59-3-723x1024.jpg\" alt=\"\" class=\"wp-image-434\" srcset=\"https:\/\/blogs.sindominio.net\/comite-sagrera-stap\/files\/2024\/09\/photo_2024-09-05_17-44-59-3-723x1024.jpg 723w, https:\/\/blogs.sindominio.net\/comite-sagrera-stap\/files\/2024\/09\/photo_2024-09-05_17-44-59-3-212x300.jpg 212w, https:\/\/blogs.sindominio.net\/comite-sagrera-stap\/files\/2024\/09\/photo_2024-09-05_17-44-59-3-768x1087.jpg 768w, https:\/\/blogs.sindominio.net\/comite-sagrera-stap\/files\/2024\/09\/photo_2024-09-05_17-44-59-3.jpg 904w\" sizes=\"auto, (max-width: 723px) 100vw, 723px\" \/><\/figure>\n\n\n\n<p><a href=\"https:\/\/blogs.sindominio.net\/comite-sagrera-stap\/files\/2024\/09\/Circuito-Secundario-y-Competitividad-Territorial-Rodriguez-Emmanuel.pdf\">Circuito Secundario y Competitividad Territorial; Rodr\u00edguez, Emmanuel<\/a><\/p>\n\n\n\n<p><a href=\"https:\/\/blogs.sindominio.net\/comite-sagrera-stap\/files\/2024\/09\/Cos-Desig-Territori-Memoria-Lluita-i-Resistencia.pdf\">Cos, Desig, Territori; Mem\u00f2ria, Lluita i Resist\u00e8ncia<\/a><\/p>\n\n\n\n<p><a href=\"https:\/\/blogs.sindominio.net\/comite-sagrera-stap\/files\/2024\/09\/No-fracasar-mejor-sino-pelear-para-ganar-Mark-Fisher.pdf\">No fracasar mejor sino pelear para ganar; Mark Fisher<\/a><\/p>\n\n\n\n<p><a href=\"https:\/\/blogs.sindominio.net\/comite-sagrera-stap\/files\/2024\/09\/Realismo-Capitalista-Fisher-Mark.pdf\">Realismo Capitalista; Fisher, Mark<\/a><\/p>\n\n\n\n<p>Tot el llibre \u00e9s molt espectacular, per\u00f2 us recomanem especialment el cap\u00edtol titulat \u201cEl capitalismo y lo real\u201d (p\u00e0gina 29) i l\u2019\u00faltim amb t\u00edtol \u201cDeseo Poscapitalista\u201d (p\u00e0gina 110) (PDF).<\/p>\n\n\n\n<p><a href=\"https:\/\/catarsimagazin.cat\/lhabitatge-en-les-crisis-capitalistes\/\">L\u2019habitatge en les crisis capitalistes \u2013 Mem\u00f2ria, Lluita i Resist\u00e8ncia a Catarsi Magazin<\/a><\/p>\n\n\n\n<h2 class=\"wp-block-heading\">ACTIVITATS:<\/h2>\n\n\n\n<p><mark><strong>GENTRIFI-QUE? TALLER JOC PER EXEMPLIFICAR ELS PROCESSOS D\u2019ESPECULACI\u00d3 I GENTRIFICACI\u00d3<\/strong>.<\/mark><\/p>\n\n\n\n<p>Durant les festes de primavera organitzades per La Sagrera Alternativa, hem pogut entendre millor els processos de gentrificaci\u00f3 que es donen als nostres barris d\u2019una manera molt clara i divertida.<\/p>\n\n\n\n<p>Ha estat un \u00e8xit de participaci\u00f3.<\/p>\n\n\n\n<figure class=\"wp-block-image\"><img loading=\"lazy\" decoding=\"async\" width=\"1024\" height=\"1024\" src=\"https:\/\/blogs.sindominio.net\/comite-sagrera-stap\/files\/2024\/09\/Diseno-sin-titulo-2-copia-copia-1-1024x1024.png\" alt=\"\" class=\"wp-image-429\" srcset=\"https:\/\/blogs.sindominio.net\/comite-sagrera-stap\/files\/2024\/09\/Diseno-sin-titulo-2-copia-copia-1-1024x1024.png 1024w, https:\/\/blogs.sindominio.net\/comite-sagrera-stap\/files\/2024\/09\/Diseno-sin-titulo-2-copia-copia-1-300x300.png 300w, https:\/\/blogs.sindominio.net\/comite-sagrera-stap\/files\/2024\/09\/Diseno-sin-titulo-2-copia-copia-1-150x150.png 150w, https:\/\/blogs.sindominio.net\/comite-sagrera-stap\/files\/2024\/09\/Diseno-sin-titulo-2-copia-copia-1-768x768.png 768w, https:\/\/blogs.sindominio.net\/comite-sagrera-stap\/files\/2024\/09\/Diseno-sin-titulo-2-copia-copia-1.png 1080w\" sizes=\"auto, (max-width: 1024px) 100vw, 1024px\" \/><\/figure>\n\n\n\n<p><\/p>\n","protected":false},"excerpt":{"rendered":"<p>GENTRIFI-QU\u00c8? Com a punt d\u2019inici per poder explicar als barris que es la GENTRIFICACI\u00d3, estem treballant en diferents activitats amb Memoria, Lluita i Resist\u00e8ncia. FORMACI\u00d3: LA GENTRIFICACI\u00d3 ALS NOSTRES BARRIS. Espai de debat i formaci\u00f3. El pr\u00f2xim dissabte 21 de &hellip; <a href=\"https:\/\/blogs.sindominio.net\/comite-sagrera-stap\/activitats-2\/\">Sigue leyendo <span class=\"meta-nav\">&rarr;<\/span><\/a><\/p>\n","protected":false},"author":247,"featured_media":423,"parent":0,"menu_order":0,"comment_status":"closed","ping_status":"closed","template":"onecolumn-page.php","meta":{"footnotes":""},"class_list":["post-700","page","type-page","status-publish","has-post-thumbnail","hentry"],"_links":{"self":[{"href":"https:\/\/blogs.sindominio.net\/comite-sagrera-stap\/wp-json\/wp\/v2\/pages\/700","targetHints":{"allow":["GET"]}}],"collection":[{"href":"https:\/\/blogs.sindominio.net\/comite-sagrera-stap\/wp-json\/wp\/v2\/pages"}],"about":[{"href":"https:\/\/blogs.sindominio.net\/comite-sagrera-stap\/wp-json\/wp\/v2\/types\/page"}],"author":[{"embeddable":true,"href":"https:\/\/blogs.sindominio.net\/comite-sagrera-stap\/wp-json\/wp\/v2\/users\/247"}],"replies":[{"embeddable":true,"href":"https:\/\/blogs.sindominio.net\/comite-sagrera-stap\/wp-json\/wp\/v2\/comments?post=700"}],"version-history":[{"count":2,"href":"https:\/\/blogs.sindominio.net\/comite-sagrera-stap\/wp-json\/wp\/v2\/pages\/700\/revisions"}],"predecessor-version":[{"id":704,"href":"https:\/\/blogs.sindominio.net\/comite-sagrera-stap\/wp-json\/wp\/v2\/pages\/700\/revisions\/704"}],"wp:featuredmedia":[{"embeddable":true,"href":"https:\/\/blogs.sindominio.net\/comite-sagrera-stap\/wp-json\/wp\/v2\/media\/423"}],"wp:attachment":[{"href":"https:\/\/blogs.sindominio.net\/comite-sagrera-stap\/wp-json\/wp\/v2\/media?parent=700"}],"curies":[{"name":"wp","href":"https:\/\/api.w.org\/{rel}","templated":true}]}}