{"id":44,"date":"2022-05-08T16:13:48","date_gmt":"2022-05-08T16:13:48","guid":{"rendered":"https:\/\/blogs.sindominio.net\/colapsando\/?page_id=44"},"modified":"2022-05-20T16:31:06","modified_gmt":"2022-05-20T16:31:06","slug":"contacto","status":"publish","type":"page","link":"https:\/\/blogs.sindominio.net\/colapsando\/contacto\/","title":{"rendered":"1. qui\u00e9nes somos"},"content":{"rendered":"\n<figure class=\"wp-block-image size-full is-resized\"><img loading=\"lazy\" decoding=\"async\" src=\"https:\/\/blogs.sindominio.net\/colapsando\/files\/2022\/05\/LogoRueda-2.jpeg\" alt=\"\" class=\"wp-image-75\" width=\"125\" height=\"124\" srcset=\"https:\/\/blogs.sindominio.net\/colapsando\/files\/2022\/05\/LogoRueda-2.jpeg 508w, https:\/\/blogs.sindominio.net\/colapsando\/files\/2022\/05\/LogoRueda-2-300x297.jpeg 300w, https:\/\/blogs.sindominio.net\/colapsando\/files\/2022\/05\/LogoRueda-2-150x150.jpeg 150w\" sizes=\"auto, (max-width: 125px) 100vw, 125px\" \/><\/figure>\n\n\n\n<p>Colapsando que es gerundio nace como grupo de aprendizaje colectivo para el estudio del probable colapso de la civilizaci\u00f3n termoindustrial.<\/p>\n\n\n\n<p>El aprendizaje colectivo es una idea que surge de la educaci\u00f3n popular y tiene como bases:<\/p>\n\n\n\n<p>&#8211; La autogesti\u00f3n del aprendizaje.<\/p>\n\n\n\n<p>&#8211; El conocimiento como herramienta para la acci\u00f3n.<\/p>\n\n\n\n<p>&#8211; La puesta en pr\u00e1ctica de acciones transformadoras en el \u00e1mbito social.<\/p>\n\n\n\n<p>Desde hace a\u00f1os venimos desarrollando proyectos autogestionados, basados en el apoyo mutuo, con visiones alternativas al modelo de civilizaci\u00f3n actual que&nbsp; empieza a chocar con diferentes l\u00edmites ecosist\u00e9micos.<\/p>\n\n\n\n<p>Con este blog pretendemos abrir una ventana al exterior para mostrar nuestro trabajo, tanto te\u00f3rico como pr\u00e1ctico, y establecer contacto con personas y colectivos que est\u00e9n interesadas en plantear alternativas viables ante el colapso.<\/p>\n\n\n\n<div class=\"wp-block-buttons is-layout-flex wp-block-buttons-is-layout-flex\"><\/div>\n","protected":false},"excerpt":{"rendered":"<p>Colapsando que es gerundio nace como grupo de aprendizaje colectivo para el estudio del probable colapso de la civilizaci\u00f3n termoindustrial. El aprendizaje colectivo es una idea que surge de la educaci\u00f3n popular y tiene como bases: &#8211; La autogesti\u00f3n del &hellip; <a href=\"https:\/\/blogs.sindominio.net\/colapsando\/contacto\/\">Sigue leyendo <span class=\"meta-nav\">&rarr;<\/span><\/a><\/p>\n","protected":false},"author":225,"featured_media":0,"parent":0,"menu_order":0,"comment_status":"closed","ping_status":"closed","template":"","meta":{"footnotes":""},"class_list":["post-44","page","type-page","status-publish","hentry"],"_links":{"self":[{"href":"https:\/\/blogs.sindominio.net\/colapsando\/wp-json\/wp\/v2\/pages\/44","targetHints":{"allow":["GET"]}}],"collection":[{"href":"https:\/\/blogs.sindominio.net\/colapsando\/wp-json\/wp\/v2\/pages"}],"about":[{"href":"https:\/\/blogs.sindominio.net\/colapsando\/wp-json\/wp\/v2\/types\/page"}],"author":[{"embeddable":true,"href":"https:\/\/blogs.sindominio.net\/colapsando\/wp-json\/wp\/v2\/users\/225"}],"replies":[{"embeddable":true,"href":"https:\/\/blogs.sindominio.net\/colapsando\/wp-json\/wp\/v2\/comments?post=44"}],"version-history":[{"count":13,"href":"https:\/\/blogs.sindominio.net\/colapsando\/wp-json\/wp\/v2\/pages\/44\/revisions"}],"predecessor-version":[{"id":128,"href":"https:\/\/blogs.sindominio.net\/colapsando\/wp-json\/wp\/v2\/pages\/44\/revisions\/128"}],"wp:attachment":[{"href":"https:\/\/blogs.sindominio.net\/colapsando\/wp-json\/wp\/v2\/media?parent=44"}],"curies":[{"name":"wp","href":"https:\/\/api.w.org\/{rel}","templated":true}]}}