{"id":53,"date":"2024-04-19T06:49:51","date_gmt":"2024-04-19T04:49:51","guid":{"rendered":"https:\/\/blogs.sindominio.net\/cameroscuir\/?page_id=53"},"modified":"2025-06-11T21:05:54","modified_gmt":"2025-06-11T19:05:54","slug":"info-logistica","status":"publish","type":"page","link":"https:\/\/blogs.sindominio.net\/cameroscuir\/info-logistica\/","title":{"rendered":"Info log\u00edstica"},"content":{"rendered":"\n<p><strong>ESTA INFORMACI\u00d3N EST\u00c1 ACTUALIZADA \ud83d\ude42<\/strong><\/p>\n\n\n\n<p><strong>MAPA DEL PUEBLO<\/strong>: <\/p>\n\n\n\n<figure class=\"wp-block-image size-large\"><img loading=\"lazy\" decoding=\"async\" width=\"1024\" height=\"745\" src=\"https:\/\/blogs.sindominio.net\/cameroscuir\/files\/2024\/05\/mapa-satelite-copia-1024x745.jpg\" alt=\"\" class=\"wp-image-219\" srcset=\"https:\/\/blogs.sindominio.net\/cameroscuir\/files\/2024\/05\/mapa-satelite-copia-1024x745.jpg 1024w, https:\/\/blogs.sindominio.net\/cameroscuir\/files\/2024\/05\/mapa-satelite-copia-300x218.jpg 300w, https:\/\/blogs.sindominio.net\/cameroscuir\/files\/2024\/05\/mapa-satelite-copia-768x559.jpg 768w, https:\/\/blogs.sindominio.net\/cameroscuir\/files\/2024\/05\/mapa-satelite-copia-1536x1117.jpg 1536w, https:\/\/blogs.sindominio.net\/cameroscuir\/files\/2024\/05\/mapa-satelite-copia-2048x1489.jpg 2048w\" sizes=\"auto, (max-width: 1024px) 100vw, 1024px\" \/><\/figure>\n\n\n\n<p>Querides ratones\u2026 \ud83d\udc01\ud83d\udc93 Desde la organizaci\u00f3n del CamerosCuir os facilitamos un mapa de Nieva de Cameros en el que os indicamos los lugares m\u00e1s destacados del pueblo y los espacios donde transcurrir\u00e1n las diferentes actividades del fin de semana de festival. Entre ellos los que m\u00e1s resaltan son:<\/p>\n\n\n\n<p>\ud83c\udf89 Plaza Pl\u00e1cido Villanueva: este ser\u00e1 uno de los lugares m\u00e1s concurridos del festival, y uno de los espacios con m\u00e1s vida del pueblo. Aqu\u00ed tendr\u00e1n lugar desde comidas populares hasta conciertos, mercados artesanales, etc.<\/p>\n\n\n\n<p>\ud83d\ude97 Zona de Parking: dentro del pueblo hay lugares para aparcar, pero una vez se acaben tendremos que dejar los coches en el kil\u00f3metro anterior a la entrada del pueblo.<\/p>\n\n\n\n<p>\u26fa Zonas de acampada: la \u00abratonera\u00bb y la \u00abmadriguera\u00bb. Recordad que para tener una estimaci\u00f3n de las tiendas que se pondr\u00e1n necesitamos que os inscrib\u00e1is en el formulario de inscripci\u00f3n que ten\u00e9is en la p\u00e1gina \u00abInscripci\u00f3n\/Cuidados\u00bb!!<\/p>\n\n\n\n<p>\ud83d\udecf Dentro del formulario tambi\u00e9n os pedimos que nos especifiqu\u00e9is si necesit\u00e1is una cama<\/p>\n\n\n\n<p>\ud83d\ude90 Si vais a traer furgo, marcad esa opci\u00f3n en el formulario, ya que habr\u00e1 habilitada una zona en la que entran unas pocas.<\/p>\n\n\n\n<p>\ud83d\udc8c El buz\u00f3n de sugerencias no estar\u00e1 en ning\u00fan momento dentro de la carnicer\u00eda, simplemente ponemos la carnicer\u00eda de nuestra querida Bibi como punto de referencia para ubicaros.<\/p>\n\n\n\n<p>\ud83e\ude81 Talleres: habr\u00e1 diferentes espacios repartidos por todo el pueblo, una vez all\u00ed os concretaremos donde suceder\u00e1 cada taller.<\/p>\n\n\n\n<p><strong>APARCAMIENTO PARA FURGOS<\/strong><\/p>\n\n\n\n<figure class=\"wp-block-image size-large\"><img loading=\"lazy\" decoding=\"async\" width=\"1024\" height=\"1024\" src=\"https:\/\/blogs.sindominio.net\/cameroscuir\/files\/2024\/06\/mapa-furgos-copia-1-1024x1024.jpg\" alt=\"\" class=\"wp-image-279\" srcset=\"https:\/\/blogs.sindominio.net\/cameroscuir\/files\/2024\/06\/mapa-furgos-copia-1-1024x1024.jpg 1024w, https:\/\/blogs.sindominio.net\/cameroscuir\/files\/2024\/06\/mapa-furgos-copia-1-300x300.jpg 300w, https:\/\/blogs.sindominio.net\/cameroscuir\/files\/2024\/06\/mapa-furgos-copia-1-150x150.jpg 150w, https:\/\/blogs.sindominio.net\/cameroscuir\/files\/2024\/06\/mapa-furgos-copia-1-768x768.jpg 768w, https:\/\/blogs.sindominio.net\/cameroscuir\/files\/2024\/06\/mapa-furgos-copia-1-510x510.jpg 510w, https:\/\/blogs.sindominio.net\/cameroscuir\/files\/2024\/06\/mapa-furgos-copia-1.jpg 1080w\" sizes=\"auto, (max-width: 1024px) 100vw, 1024px\" \/><\/figure>\n\n\n\n<p>\ud83d\udccdEl parking de furgos de encuentra a 1km del pueblo, a 100m del desv\u00edo para acceder a Nieva, muy cerquita del \u00e1rea recreativa de Fuente Fr\u00eda. Esta es la localizaci\u00f3n en Google Maps <a href=\"https:\/\/maps.app.goo.gl\/joEJqtk3PtzQrfZJ7\">https:\/\/maps.app.goo.gl\/joEJqtk3PtzQrfZJ7<\/a><br>\ud83d\udca7El \u00e1rea recreativa de Fuente Fr\u00eda cuenta con una fuente, 2 asadores, contenedores de basuras, mesas y sombra<br>\ud83d\ude90 Las zonas de furgos est\u00e1n se\u00f1alizadas con piedras y alguna que otra bo\u00f1iga de vaca (seca). Por favor, empezad a aparcar por las plazas del fondo, no pas\u00e9is por los caminos que est\u00e9n cerrados con cintas y recoged vuestra basura, papel higi\u00e9nico, etc. Gracias!!<br>\ud83e\udd38\ud83c\udffc\u200d\u2640 Para acceder al pueblo, tendr\u00e9is que caminar por la carretera 1km, es una carretera muy bonita poco transitada pero recomendamos que llev\u00e9is puesto un chalequito reflectante si ten\u00e9is y, sobre todo, al caer la noche.<\/p>\n\n\n\n<p><strong>COMIDAS.<\/strong> En Nieva no hay supermercado, los \u00fanicos comercios del pueblo son una carnicer\u00eda y un bar. En el bar no hay opciones veganas. Desde la organizaci\u00f3n prepararemos una riqu\u00edsima comida vegana y sin gluten el s\u00e1bado a mediod\u00eda y la Asociaci\u00f3n Ben\u00e9fico-Cultural de Nieva de Cameros se encargar\u00e1 de hacer una degustaci\u00f3n con opci\u00f3n vegana el s\u00e1bado por la noche. A\u00fan as\u00ed, recomendamos que te traigas algo de comida para desayunos y meriendillas.<\/p>\n\n\n\n<p>Es muy importante que traig\u00e1is <strong>DINERO EN EFECTIVO<\/strong>, ya que no hay cajero en el pueblo (el m\u00e1s cercano est\u00e1 en Torrecilla en Cameros, a 12 km)<\/p>\n\n\n\n<p>En Nieva para muchas compa\u00f1\u00edas telef\u00f3nicas <strong>NO HAY COBERTURA<\/strong>. Tan solo tienen cobertura aquellas que utilicen las redes de Movistar.<\/p>\n\n\n\n<p>Hay un servicio de <strong>AUTOB\u00daS<\/strong> que sale de Logro\u00f1o el s\u00e1bado a las 9h y a las 16h. Aqu\u00ed te dejamos el enlace a una comunidad de Whatsapp para compartir coche desde diferentes ciudades, a la que hemos llamado <strong>BLABLACUIR: <\/strong><a href=\"https:\/\/chat.whatsapp.com\/Hd87zjTpPu73Q4I0zgRbR6\">https:\/\/chat.whatsapp.com\/Hd87zjTpPu73Q4I0zgRbR6<\/a><\/p>\n\n\n\n<figure class=\"wp-block-gallery has-nested-images columns-default is-cropped wp-block-gallery-1 is-layout-flex wp-block-gallery-is-layout-flex\">\n<figure class=\"wp-block-image size-large\"><img loading=\"lazy\" decoding=\"async\" width=\"1024\" height=\"541\" data-id=\"356\" src=\"https:\/\/blogs.sindominio.net\/cameroscuir\/files\/2025\/06\/bus-2025-1-1-1024x541.png\" alt=\"\" class=\"wp-image-356\" srcset=\"https:\/\/blogs.sindominio.net\/cameroscuir\/files\/2025\/06\/bus-2025-1-1-1024x541.png 1024w, https:\/\/blogs.sindominio.net\/cameroscuir\/files\/2025\/06\/bus-2025-1-1-300x158.png 300w, https:\/\/blogs.sindominio.net\/cameroscuir\/files\/2025\/06\/bus-2025-1-1-768x405.png 768w, https:\/\/blogs.sindominio.net\/cameroscuir\/files\/2025\/06\/bus-2025-1-1.png 1413w\" sizes=\"auto, (max-width: 1024px) 100vw, 1024px\" \/><\/figure>\n<\/figure>\n\n\n\n<figure class=\"wp-block-image size-large\"><img loading=\"lazy\" decoding=\"async\" width=\"1024\" height=\"534\" src=\"https:\/\/blogs.sindominio.net\/cameroscuir\/files\/2025\/06\/bus-2025-2-1024x534.png\" alt=\"\" class=\"wp-image-357\" srcset=\"https:\/\/blogs.sindominio.net\/cameroscuir\/files\/2025\/06\/bus-2025-2-1024x534.png 1024w, https:\/\/blogs.sindominio.net\/cameroscuir\/files\/2025\/06\/bus-2025-2-300x157.png 300w, https:\/\/blogs.sindominio.net\/cameroscuir\/files\/2025\/06\/bus-2025-2-768x401.png 768w, https:\/\/blogs.sindominio.net\/cameroscuir\/files\/2025\/06\/bus-2025-2.png 1422w\" sizes=\"auto, (max-width: 1024px) 100vw, 1024px\" \/><\/figure>\n\n\n\n<p><strong>ALOJAMIENTOS CERCANOS<\/strong><\/p>\n\n\n\n<p>Esta es una peque\u00f1a lista de alojamientos cercanos al festival por si te apetece estar como una reina a tu aire:<\/p>\n\n\n\n<p><\/p>\n\n\n\n<ol class=\"wp-block-list\">\n<li>Casa rural <a href=\"http:\/\/casa-arruti.com\/\">Arruti<\/a> (Nieva de Cameros)<\/li>\n\n\n\n<li>En El Rasillo (a 5km de Nieva) puedes encontrar cantidad de casas rurales y alojamientos tur\u00edsticos.<\/li>\n\n\n\n<li>Tambi\u00e9n puedes buscar en Ortigosa de Cameros (a 10km de Nieva)<\/li>\n<\/ol>\n\n\n\n<p>Este festival lo hacemos todes! Nos vemos pronto&nbsp;morretes&nbsp;\ud83d\udc8b\ud83d\udc8b<\/p>\n","protected":false},"excerpt":{"rendered":"<p>ESTA INFORMACI\u00d3N EST\u00c1 ACTUALIZADA \ud83d\ude42 MAPA DEL PUEBLO: Querides ratones\u2026 \ud83d\udc01\ud83d\udc93 Desde la organizaci\u00f3n del CamerosCuir os facilitamos un mapa de Nieva de Cameros en el que os indicamos los lugares m\u00e1s destacados del pueblo y los espacios donde transcurrir\u00e1n las diferentes actividades del fin de semana de festival. Entre ellos los que m\u00e1s resaltan [&hellip;]<\/p>\n","protected":false},"author":242,"featured_media":0,"parent":0,"menu_order":0,"comment_status":"closed","ping_status":"closed","template":"","meta":{"footnotes":""},"class_list":["post-53","page","type-page","status-publish","czr-hentry"],"_links":{"self":[{"href":"https:\/\/blogs.sindominio.net\/cameroscuir\/wp-json\/wp\/v2\/pages\/53","targetHints":{"allow":["GET"]}}],"collection":[{"href":"https:\/\/blogs.sindominio.net\/cameroscuir\/wp-json\/wp\/v2\/pages"}],"about":[{"href":"https:\/\/blogs.sindominio.net\/cameroscuir\/wp-json\/wp\/v2\/types\/page"}],"author":[{"embeddable":true,"href":"https:\/\/blogs.sindominio.net\/cameroscuir\/wp-json\/wp\/v2\/users\/242"}],"replies":[{"embeddable":true,"href":"https:\/\/blogs.sindominio.net\/cameroscuir\/wp-json\/wp\/v2\/comments?post=53"}],"version-history":[{"count":14,"href":"https:\/\/blogs.sindominio.net\/cameroscuir\/wp-json\/wp\/v2\/pages\/53\/revisions"}],"predecessor-version":[{"id":358,"href":"https:\/\/blogs.sindominio.net\/cameroscuir\/wp-json\/wp\/v2\/pages\/53\/revisions\/358"}],"wp:attachment":[{"href":"https:\/\/blogs.sindominio.net\/cameroscuir\/wp-json\/wp\/v2\/media?parent=53"}],"curies":[{"name":"wp","href":"https:\/\/api.w.org\/{rel}","templated":true}]}}

Info logística

<p><strong>ESTA INFORMACIÓN ESTÁ ACTUALIZADA 🙂</strong></p>



<p><strong>MAPA DEL PUEBLO</strong>: </p>



<figure class="wp-block-image size-large"><img loading="lazy" decoding="async" width="1024" height="745" src="https://blogs.sindominio.net/cameroscuir/files/2024/05/mapa-satelite-copia-1024x745.jpg" alt="" class="wp-image-219" srcset="https://blogs.sindominio.net/cameroscuir/files/2024/05/mapa-satelite-copia-1024x745.jpg 1024w, https://blogs.sindominio.net/cameroscuir/files/2024/05/mapa-satelite-copia-300x218.jpg 300w, https://blogs.sindominio.net/cameroscuir/files/2024/05/mapa-satelite-copia-768x559.jpg 768w, https://blogs.sindominio.net/cameroscuir/files/2024/05/mapa-satelite-copia-1536x1117.jpg 1536w, https://blogs.sindominio.net/cameroscuir/files/2024/05/mapa-satelite-copia-2048x1489.jpg 2048w" sizes="auto, (max-width: 1024px) 100vw, 1024px" /></figure>



<p>Querides ratones… 🐁💓 Desde la organización del CamerosCuir os facilitamos un mapa de Nieva de Cameros en el que os indicamos los lugares más destacados del pueblo y los espacios donde transcurrirán las diferentes actividades del fin de semana de festival. Entre ellos los que más resaltan son:</p>



<p>🎉 Plaza Plácido Villanueva: este será uno de los lugares más concurridos del festival, y uno de los espacios con más vida del pueblo. Aquí tendrán lugar desde comidas populares hasta conciertos, mercados artesanales, etc.</p>



<p>🚗 Zona de Parking: dentro del pueblo hay lugares para aparcar, pero una vez se acaben tendremos que dejar los coches en el kilómetro anterior a la entrada del pueblo.</p>



<p>⛺ Zonas de acampada: la «ratonera» y la «madriguera». Recordad que para tener una estimación de las tiendas que se pondrán necesitamos que os inscribáis en el formulario de inscripción que tenéis en la página «Inscripción/Cuidados»!!</p>



<p>🛏 Dentro del formulario también os pedimos que nos especifiquéis si necesitáis una cama</p>



<p>🚐 Si vais a traer furgo, marcad esa opción en el formulario, ya que habrá habilitada una zona en la que entran unas pocas.</p>



<p>💌 El buzón de sugerencias no estará en ningún momento dentro de la carnicería, simplemente ponemos la carnicería de nuestra querida Bibi como punto de referencia para ubicaros.</p>



<p>🪁 Talleres: habrá diferentes espacios repartidos por todo el pueblo, una vez allí os concretaremos donde sucederá cada taller.</p>



<p><strong>APARCAMIENTO PARA FURGOS</strong></p>



<figure class="wp-block-image size-large"><img loading="lazy" decoding="async" width="1024" height="1024" src="https://blogs.sindominio.net/cameroscuir/files/2024/06/mapa-furgos-copia-1-1024x1024.jpg" alt="" class="wp-image-279" srcset="https://blogs.sindominio.net/cameroscuir/files/2024/06/mapa-furgos-copia-1-1024x1024.jpg 1024w, https://blogs.sindominio.net/cameroscuir/files/2024/06/mapa-furgos-copia-1-300x300.jpg 300w, https://blogs.sindominio.net/cameroscuir/files/2024/06/mapa-furgos-copia-1-150x150.jpg 150w, https://blogs.sindominio.net/cameroscuir/files/2024/06/mapa-furgos-copia-1-768x768.jpg 768w, https://blogs.sindominio.net/cameroscuir/files/2024/06/mapa-furgos-copia-1-510x510.jpg 510w, https://blogs.sindominio.net/cameroscuir/files/2024/06/mapa-furgos-copia-1.jpg 1080w" sizes="auto, (max-width: 1024px) 100vw, 1024px" /></figure>



<p>📍El parking de furgos de encuentra a 1km del pueblo, a 100m del desvío para acceder a Nieva, muy cerquita del área recreativa de Fuente Fría. Esta es la localización en Google Maps <a href="https://maps.app.goo.gl/joEJqtk3PtzQrfZJ7">https://maps.app.goo.gl/joEJqtk3PtzQrfZJ7</a><br>💧El área recreativa de Fuente Fría cuenta con una fuente, 2 asadores, contenedores de basuras, mesas y sombra<br>🚐 Las zonas de furgos están señalizadas con piedras y alguna que otra boñiga de vaca (seca). Por favor, empezad a aparcar por las plazas del fondo, no paséis por los caminos que estén cerrados con cintas y recoged vuestra basura, papel higiénico, etc. Gracias!!<br>🤸🏼‍♀ Para acceder al pueblo, tendréis que caminar por la carretera 1km, es una carretera muy bonita poco transitada pero recomendamos que llevéis puesto un chalequito reflectante si tenéis y, sobre todo, al caer la noche.</p>



<p><strong>COMIDAS.</strong> En Nieva no hay supermercado, los únicos comercios del pueblo son una carnicería y un bar. En el bar no hay opciones veganas. Desde la organización prepararemos una riquísima comida vegana y sin gluten el sábado a mediodía y la Asociación Benéfico-Cultural de Nieva de Cameros se encargará de hacer una degustación con opción vegana el sábado por la noche. Aún así, recomendamos que te traigas algo de comida para desayunos y meriendillas.</p>



<p>Es muy importante que traigáis <strong>DINERO EN EFECTIVO</strong>, ya que no hay cajero en el pueblo (el más cercano está en Torrecilla en Cameros, a 12 km)</p>



<p>En Nieva para muchas compañías telefónicas <strong>NO HAY COBERTURA</strong>. Tan solo tienen cobertura aquellas que utilicen las redes de Movistar.</p>



<p>Hay un servicio de <strong>AUTOBÚS</strong> que sale de Logroño el sábado a las 9h y a las 16h. Aquí te dejamos el enlace a una comunidad de Whatsapp para compartir coche desde diferentes ciudades, a la que hemos llamado <strong>BLABLACUIR: </strong><a href="https://chat.whatsapp.com/Hd87zjTpPu73Q4I0zgRbR6">https://chat.whatsapp.com/Hd87zjTpPu73Q4I0zgRbR6</a></p>



<figure class="wp-block-gallery has-nested-images columns-default is-cropped wp-block-gallery-1 is-layout-flex wp-block-gallery-is-layout-flex">
<figure class="wp-block-image size-large"><img loading="lazy" decoding="async" width="1024" height="541" data-id="356" src="https://blogs.sindominio.net/cameroscuir/files/2025/06/bus-2025-1-1-1024x541.png" alt="" class="wp-image-356" srcset="https://blogs.sindominio.net/cameroscuir/files/2025/06/bus-2025-1-1-1024x541.png 1024w, https://blogs.sindominio.net/cameroscuir/files/2025/06/bus-2025-1-1-300x158.png 300w, https://blogs.sindominio.net/cameroscuir/files/2025/06/bus-2025-1-1-768x405.png 768w, https://blogs.sindominio.net/cameroscuir/files/2025/06/bus-2025-1-1.png 1413w" sizes="auto, (max-width: 1024px) 100vw, 1024px" /></figure>
</figure>



<figure class="wp-block-image size-large"><img loading="lazy" decoding="async" width="1024" height="534" src="https://blogs.sindominio.net/cameroscuir/files/2025/06/bus-2025-2-1024x534.png" alt="" class="wp-image-357" srcset="https://blogs.sindominio.net/cameroscuir/files/2025/06/bus-2025-2-1024x534.png 1024w, https://blogs.sindominio.net/cameroscuir/files/2025/06/bus-2025-2-300x157.png 300w, https://blogs.sindominio.net/cameroscuir/files/2025/06/bus-2025-2-768x401.png 768w, https://blogs.sindominio.net/cameroscuir/files/2025/06/bus-2025-2.png 1422w" sizes="auto, (max-width: 1024px) 100vw, 1024px" /></figure>



<p><strong>ALOJAMIENTOS CERCANOS</strong></p>



<p>Esta es una pequeña lista de alojamientos cercanos al festival por si te apetece estar como una reina a tu aire:</p>



<p></p>



<ol class="wp-block-list">
<li>Casa rural <a href="http://casa-arruti.com/">Arruti</a> (Nieva de Cameros)</li>



<li>En El Rasillo (a 5km de Nieva) puedes encontrar cantidad de casas rurales y alojamientos turísticos.</li>



<li>También puedes buscar en Ortigosa de Cameros (a 10km de Nieva)</li>
</ol>



<p>Este festival lo hacemos todes! Nos vemos pronto&nbsp;morretes&nbsp;💋💋</p>

<p>ESTA INFORMACIÓN ESTÁ ACTUALIZADA 🙂 MAPA DEL PUEBLO: Querides ratones… 🐁💓 Desde la organización del CamerosCuir os facilitamos un mapa de Nieva de Cameros en el que os indicamos los lugares más destacados del pueblo y los espacios donde transcurrirán las diferentes actividades del fin de semana de festival. Entre ellos los que más resaltan [&hellip;]</p>
