{"id":258,"date":"2024-06-11T00:51:11","date_gmt":"2024-06-10T22:51:11","guid":{"rendered":"https:\/\/blogs.sindominio.net\/cameroscuir\/?page_id=258"},"modified":"2025-06-04T10:44:05","modified_gmt":"2025-06-04T08:44:05","slug":"mesa-redonda","status":"publish","type":"page","link":"https:\/\/blogs.sindominio.net\/cameroscuir\/mesa-redonda\/","title":{"rendered":"Mesa redonda 2024"},"content":{"rendered":"\n<p>Para dar casi comez\u00f3n al festival nos proponemos quedar a la charlar y conversar sobre memorias, tradiciones y resistencias. Para ello contamos con unas voces muy potentes que sin duda van a resonar; Chini, poeta migra, herpet\u00f3loga y arborista, Millanes Rivas, escritor, autor de <em>Tan j\u00f3venes y la pena<\/em> (Dieci6, 2021) y <em>Paisaje nacional <\/em>(Alianza, 2024), Alba Casas, artista e investigadore y Roc\u00edo Lanchares, escritora y librera. Participa en las antolog\u00edas <em>Maternidades Cuir<\/em> (Egales, 2020) y <em>Neorrancios <\/em>(Pen\u00ednsula, 2022) y autora de la novela <em>Hotel Madrid, historia triste <\/em>(Lengua de Trapo, 2021). <\/p>\n\n\n\n<p>Partimos de que la memoria se ejerce en presente y que lo pasado nunca termina de sucederse. Conservar y conversar son palabras similares, para que una historia permanezca es necesario darle coba. Por eso queremos contar sobre los archivos cuir de nuestros pueblos, d\u00f3nde resguardan esas voces acalladas y escondidas y c\u00f3mo encontrar lo disidente en ciertas pr\u00e1cticas y modos de vida. Por eso, queremos repensar nuestras tradiciones desde otros tactos. Repensar no con la intenci\u00f3n de resignificar sino de atinar el aprecio. Por suerte amigues no estamos descubriendo nada, tenemos procedencias. Nos vemos en tan solo unos d\u00edas, qu\u00e9 ganas de encontrarnos \ud83d\udc2d\ud83d\udc8c<\/p>\n\n\n\n<figure class=\"wp-block-image size-large\"><img loading=\"lazy\" decoding=\"async\" width=\"1024\" height=\"1024\" src=\"https:\/\/blogs.sindominio.net\/cameroscuir\/files\/2024\/06\/MESA-REDONDA-CUIR-RURAL-copia-1024x1024.jpg\" alt=\"\" class=\"wp-image-259\" srcset=\"https:\/\/blogs.sindominio.net\/cameroscuir\/files\/2024\/06\/MESA-REDONDA-CUIR-RURAL-copia-1024x1024.jpg 1024w, https:\/\/blogs.sindominio.net\/cameroscuir\/files\/2024\/06\/MESA-REDONDA-CUIR-RURAL-copia-300x300.jpg 300w, https:\/\/blogs.sindominio.net\/cameroscuir\/files\/2024\/06\/MESA-REDONDA-CUIR-RURAL-copia-150x150.jpg 150w, https:\/\/blogs.sindominio.net\/cameroscuir\/files\/2024\/06\/MESA-REDONDA-CUIR-RURAL-copia-768x768.jpg 768w, https:\/\/blogs.sindominio.net\/cameroscuir\/files\/2024\/06\/MESA-REDONDA-CUIR-RURAL-copia-510x510.jpg 510w, https:\/\/blogs.sindominio.net\/cameroscuir\/files\/2024\/06\/MESA-REDONDA-CUIR-RURAL-copia.jpg 1134w\" sizes=\"auto, (max-width: 1024px) 100vw, 1024px\" \/><\/figure>\n","protected":false},"excerpt":{"rendered":"<p>Para dar casi comez\u00f3n al festival nos proponemos quedar a la charlar y conversar sobre memorias, tradiciones y resistencias. Para ello contamos con unas voces muy potentes que sin duda van a resonar; Chini, poeta migra, herpet\u00f3loga y arborista, Millanes Rivas, escritor, autor de Tan j\u00f3venes y la pena (Dieci6, 2021) y Paisaje nacional (Alianza, [&hellip;]<\/p>\n","protected":false},"author":242,"featured_media":0,"parent":0,"menu_order":0,"comment_status":"closed","ping_status":"closed","template":"","meta":{"footnotes":""},"class_list":["post-258","page","type-page","status-publish","czr-hentry"],"_links":{"self":[{"href":"https:\/\/blogs.sindominio.net\/cameroscuir\/wp-json\/wp\/v2\/pages\/258","targetHints":{"allow":["GET"]}}],"collection":[{"href":"https:\/\/blogs.sindominio.net\/cameroscuir\/wp-json\/wp\/v2\/pages"}],"about":[{"href":"https:\/\/blogs.sindominio.net\/cameroscuir\/wp-json\/wp\/v2\/types\/page"}],"author":[{"embeddable":true,"href":"https:\/\/blogs.sindominio.net\/cameroscuir\/wp-json\/wp\/v2\/users\/242"}],"replies":[{"embeddable":true,"href":"https:\/\/blogs.sindominio.net\/cameroscuir\/wp-json\/wp\/v2\/comments?post=258"}],"version-history":[{"count":2,"href":"https:\/\/blogs.sindominio.net\/cameroscuir\/wp-json\/wp\/v2\/pages\/258\/revisions"}],"predecessor-version":[{"id":334,"href":"https:\/\/blogs.sindominio.net\/cameroscuir\/wp-json\/wp\/v2\/pages\/258\/revisions\/334"}],"wp:attachment":[{"href":"https:\/\/blogs.sindominio.net\/cameroscuir\/wp-json\/wp\/v2\/media?parent=258"}],"curies":[{"name":"wp","href":"https:\/\/api.w.org\/{rel}","templated":true}]}}

<p>Para dar casi comezón al festival nos proponemos quedar a la charlar y conversar sobre memorias, tradiciones y resistencias. Para ello contamos con unas voces muy potentes que sin duda van a resonar; Chini, poeta migra, herpetóloga y arborista, Millanes Rivas, escritor, autor de <em>Tan jóvenes y la pena</em> (Dieci6, 2021) y <em>Paisaje nacional </em>(Alianza, 2024), Alba Casas, artista e investigadore y Rocío Lanchares, escritora y librera. Participa en las antologías <em>Maternidades Cuir</em> (Egales, 2020) y <em>Neorrancios </em>(Península, 2022) y autora de la novela <em>Hotel Madrid, historia triste </em>(Lengua de Trapo, 2021). </p>



<p>Partimos de que la memoria se ejerce en presente y que lo pasado nunca termina de sucederse. Conservar y conversar son palabras similares, para que una historia permanezca es necesario darle coba. Por eso queremos contar sobre los archivos cuir de nuestros pueblos, dónde resguardan esas voces acalladas y escondidas y cómo encontrar lo disidente en ciertas prácticas y modos de vida. Por eso, queremos repensar nuestras tradiciones desde otros tactos. Repensar no con la intención de resignificar sino de atinar el aprecio. Por suerte amigues no estamos descubriendo nada, tenemos procedencias. Nos vemos en tan solo unos días, qué ganas de encontrarnos 🐭💌</p>



<figure class="wp-block-image size-large"><img loading="lazy" decoding="async" width="1024" height="1024" src="https://blogs.sindominio.net/cameroscuir/files/2024/06/MESA-REDONDA-CUIR-RURAL-copia-1024x1024.jpg" alt="" class="wp-image-259" srcset="https://blogs.sindominio.net/cameroscuir/files/2024/06/MESA-REDONDA-CUIR-RURAL-copia-1024x1024.jpg 1024w, https://blogs.sindominio.net/cameroscuir/files/2024/06/MESA-REDONDA-CUIR-RURAL-copia-300x300.jpg 300w, https://blogs.sindominio.net/cameroscuir/files/2024/06/MESA-REDONDA-CUIR-RURAL-copia-150x150.jpg 150w, https://blogs.sindominio.net/cameroscuir/files/2024/06/MESA-REDONDA-CUIR-RURAL-copia-768x768.jpg 768w, https://blogs.sindominio.net/cameroscuir/files/2024/06/MESA-REDONDA-CUIR-RURAL-copia-510x510.jpg 510w, https://blogs.sindominio.net/cameroscuir/files/2024/06/MESA-REDONDA-CUIR-RURAL-copia.jpg 1134w" sizes="auto, (max-width: 1024px) 100vw, 1024px" /></figure>

<p>Para dar casi comezón al festival nos proponemos quedar a la charlar y conversar sobre memorias, tradiciones y resistencias. Para ello contamos con unas voces muy potentes que sin duda van a resonar; Chini, poeta migra, herpetóloga y arborista, Millanes Rivas, escritor, autor de Tan jóvenes y la pena (Dieci6, 2021) y Paisaje nacional (Alianza, [&hellip;]</p>
