{"id":117,"date":"2024-05-15T14:04:08","date_gmt":"2024-05-15T12:04:08","guid":{"rendered":"https:\/\/blogs.sindominio.net\/cameroscuir\/?page_id=117"},"modified":"2025-06-04T10:44:21","modified_gmt":"2025-06-04T08:44:21","slug":"talleres","status":"publish","type":"page","link":"https:\/\/blogs.sindominio.net\/cameroscuir\/talleres\/","title":{"rendered":"Talleres 2024"},"content":{"rendered":"\n<p id=\"block-2b130c0f-7e03-4506-938b-027918dfe32d\">Bueno bueno&#8230; m\u00fasica, cuentacuentos, mesa redonda&#8230; c\u00f3mo no iba a haber unos talleres preparados con mucho amor para vosotres!!\ud83d\udc97<\/p>\n\n\n\n<figure class=\"wp-block-image size-large\"><img loading=\"lazy\" decoding=\"async\" width=\"1024\" height=\"1024\" src=\"https:\/\/blogs.sindominio.net\/cameroscuir\/files\/2024\/06\/un-cameroscuir-en-cada-pueblo-1024x1024.jpg\" alt=\"\" class=\"wp-image-271\" srcset=\"https:\/\/blogs.sindominio.net\/cameroscuir\/files\/2024\/06\/un-cameroscuir-en-cada-pueblo-1024x1024.jpg 1024w, https:\/\/blogs.sindominio.net\/cameroscuir\/files\/2024\/06\/un-cameroscuir-en-cada-pueblo-300x300.jpg 300w, https:\/\/blogs.sindominio.net\/cameroscuir\/files\/2024\/06\/un-cameroscuir-en-cada-pueblo-150x150.jpg 150w, https:\/\/blogs.sindominio.net\/cameroscuir\/files\/2024\/06\/un-cameroscuir-en-cada-pueblo-768x768.jpg 768w, https:\/\/blogs.sindominio.net\/cameroscuir\/files\/2024\/06\/un-cameroscuir-en-cada-pueblo-510x510.jpg 510w, https:\/\/blogs.sindominio.net\/cameroscuir\/files\/2024\/06\/un-cameroscuir-en-cada-pueblo.jpg 1134w\" sizes=\"auto, (max-width: 1024px) 100vw, 1024px\" \/><\/figure>\n\n\n\n<p>En este taller charlaremos sobre c\u00f3mo surgi\u00f3 el CamerosCuir, nuestro proceso de creaci\u00f3n, nuestra manera de organizarnos, ayudas con las que contamos, ilusiones, desaf\u00edos y c\u00f3mo sostenernos al hacer algo por primera vez. Este taller es una invitaci\u00f3n a todas aquellas personas que vengan de fuera y sue\u00f1en con ver un festival cuir rural en su pueblo, para que se animen a preguntarnos dudas de c\u00f3mo hacerlo, para que fantaseemos juntes\u2026 Esto es para que haya un CamerosCuir en cada pueblo &lt;3<\/p>\n\n\n\n<figure class=\"wp-block-image size-large\"><img loading=\"lazy\" decoding=\"async\" width=\"1024\" height=\"1024\" src=\"https:\/\/blogs.sindominio.net\/cameroscuir\/files\/2024\/06\/tejer-un-trozo-de-tela-copia-1024x1024.jpg\" alt=\"\" class=\"wp-image-274\" srcset=\"https:\/\/blogs.sindominio.net\/cameroscuir\/files\/2024\/06\/tejer-un-trozo-de-tela-copia-1024x1024.jpg 1024w, https:\/\/blogs.sindominio.net\/cameroscuir\/files\/2024\/06\/tejer-un-trozo-de-tela-copia-300x300.jpg 300w, https:\/\/blogs.sindominio.net\/cameroscuir\/files\/2024\/06\/tejer-un-trozo-de-tela-copia-150x150.jpg 150w, https:\/\/blogs.sindominio.net\/cameroscuir\/files\/2024\/06\/tejer-un-trozo-de-tela-copia-768x768.jpg 768w, https:\/\/blogs.sindominio.net\/cameroscuir\/files\/2024\/06\/tejer-un-trozo-de-tela-copia-510x510.jpg 510w, https:\/\/blogs.sindominio.net\/cameroscuir\/files\/2024\/06\/tejer-un-trozo-de-tela-copia.jpg 1134w\" sizes=\"auto, (max-width: 1024px) 100vw, 1024px\" \/><\/figure>\n\n\n\n<p>\u201cEste taller de car\u00e1cter pr\u00e1ctico consistir\u00e1 en aprender a tejer un peque\u00f1o tapiz sobre un telar vertical sencillo. Durante la sesi\u00f3n explicaremos c\u00f3mo fabricar un telar vertical, c\u00f3mo montar sobre este los hilos de la urdimbre (los hilos verticales) y c\u00f3mo tejer (la trama) sobre esta, haciendo por \u00faltimo una demostraci\u00f3n de distintas maneras de rematar nuestro tapiz. Ense\u00f1aremos a tejer con hilo pero tambi\u00e9n a experimentar tejiendo con distintas fibras y elementos \u201cno textiles\u201dque encontramos a nuestro alrededor.\u201d A cargo de nuestra querida Aitana Mart\u00ednez Groves-Raines (<a href=\"https:\/\/www.instagram.com\/hilo.y.lananana\/\">@hilo.y.lananana<\/a>)<\/p>\n\n\n\n<figure class=\"wp-block-image size-large\"><img loading=\"lazy\" decoding=\"async\" width=\"1024\" height=\"1024\" src=\"https:\/\/blogs.sindominio.net\/cameroscuir\/files\/2024\/06\/taller-drag-disidente-copia-1024x1024.jpg\" alt=\"\" class=\"wp-image-272\" srcset=\"https:\/\/blogs.sindominio.net\/cameroscuir\/files\/2024\/06\/taller-drag-disidente-copia-1024x1024.jpg 1024w, https:\/\/blogs.sindominio.net\/cameroscuir\/files\/2024\/06\/taller-drag-disidente-copia-300x300.jpg 300w, https:\/\/blogs.sindominio.net\/cameroscuir\/files\/2024\/06\/taller-drag-disidente-copia-150x150.jpg 150w, https:\/\/blogs.sindominio.net\/cameroscuir\/files\/2024\/06\/taller-drag-disidente-copia-768x768.jpg 768w, https:\/\/blogs.sindominio.net\/cameroscuir\/files\/2024\/06\/taller-drag-disidente-copia-510x510.jpg 510w, https:\/\/blogs.sindominio.net\/cameroscuir\/files\/2024\/06\/taller-drag-disidente-copia.jpg 1134w\" sizes=\"auto, (max-width: 1024px) 100vw, 1024px\" \/><\/figure>\n\n\n\n<p>Taller de exploraci\u00f3n drag king\/queer a cargo de Marco Yote y Leivaduro de Cerveza: \u201cprimero haremos una rondita para conocernos un poco y crear confianza, despu\u00e9s haremos una breve introducci\u00f3n a la genealog\u00eda drag king en espa\u00f1a, pensaremos juntes sobre qu\u00e9 es esto del drag king y drag queer, nos maquillaremos, y por \u00faltimo haremos alguna din\u00e1mica de movimiento y creaci\u00f3n de personaje.\u201d Dinamizado por los incre\u00edbles Marco Yote (<a href=\"https:\/\/www.instagram.com\/marcoyote_drag\/\">@marcoyote_drag<\/a>) y Leivaduro de Cerveza (<a href=\"https:\/\/www.instagram.com\/leivadurodecerveza.drag\/\">@leivadurodecerveza.drag<\/a>) &lt;3<\/p>\n\n\n\n<figure class=\"wp-block-image size-large\"><img loading=\"lazy\" decoding=\"async\" width=\"1024\" height=\"1024\" src=\"https:\/\/blogs.sindominio.net\/cameroscuir\/files\/2024\/06\/des-maskaradas-copia-1024x1024.jpg\" alt=\"\" class=\"wp-image-275\" srcset=\"https:\/\/blogs.sindominio.net\/cameroscuir\/files\/2024\/06\/des-maskaradas-copia-1024x1024.jpg 1024w, https:\/\/blogs.sindominio.net\/cameroscuir\/files\/2024\/06\/des-maskaradas-copia-300x300.jpg 300w, https:\/\/blogs.sindominio.net\/cameroscuir\/files\/2024\/06\/des-maskaradas-copia-150x150.jpg 150w, https:\/\/blogs.sindominio.net\/cameroscuir\/files\/2024\/06\/des-maskaradas-copia-768x768.jpg 768w, https:\/\/blogs.sindominio.net\/cameroscuir\/files\/2024\/06\/des-maskaradas-copia-510x510.jpg 510w, https:\/\/blogs.sindominio.net\/cameroscuir\/files\/2024\/06\/des-maskaradas-copia.jpg 1134w\" sizes=\"auto, (max-width: 1024px) 100vw, 1024px\" \/><\/figure>\n\n\n\n<p>\u00abEste es un taller en el que cada participantx crear\u00e1 una maskara con materiales reciclados basada en su imaginario. Si los participantes quieren llevar su propio material perfecto, pero no es necesario ya que ser\u00e1 proporcionado por parte de les talleristas\u00bb. De la mano del talento de <a href=\"https:\/\/www.instagram.com\/trucarec\/\">@trucarec<\/a>.<\/p>\n\n\n\n<figure class=\"wp-block-image size-large is-resized\"><img loading=\"lazy\" decoding=\"async\" width=\"1024\" height=\"1024\" src=\"https:\/\/blogs.sindominio.net\/cameroscuir\/files\/2024\/06\/cuirizando-la-jota-copia-1024x1024.jpg\" alt=\"\" class=\"wp-image-273\" style=\"width:768px;height:auto\" srcset=\"https:\/\/blogs.sindominio.net\/cameroscuir\/files\/2024\/06\/cuirizando-la-jota-copia-1024x1024.jpg 1024w, https:\/\/blogs.sindominio.net\/cameroscuir\/files\/2024\/06\/cuirizando-la-jota-copia-300x300.jpg 300w, https:\/\/blogs.sindominio.net\/cameroscuir\/files\/2024\/06\/cuirizando-la-jota-copia-150x150.jpg 150w, https:\/\/blogs.sindominio.net\/cameroscuir\/files\/2024\/06\/cuirizando-la-jota-copia-768x768.jpg 768w, https:\/\/blogs.sindominio.net\/cameroscuir\/files\/2024\/06\/cuirizando-la-jota-copia-1536x1536.jpg 1536w, https:\/\/blogs.sindominio.net\/cameroscuir\/files\/2024\/06\/cuirizando-la-jota-copia-510x510.jpg 510w, https:\/\/blogs.sindominio.net\/cameroscuir\/files\/2024\/06\/cuirizando-la-jota-copia.jpg 2048w\" sizes=\"auto, (max-width: 1024px) 100vw, 1024px\" \/><\/figure>\n\n\n\n<p>\u201cReivindicamos el folclore y la m\u00fasica popular como medio de expresi\u00f3n para las desviadas, tambi\u00e9n queremos espacios donde cantar mal. Haremos una intro breve sobre la jota, sus or\u00edgenes, sus funciones sociales, c\u00f3mo ha sido utilizada y privatizada; veremos c\u00f3mo y por qu\u00e9 podemos apropiarnos de ella y pervertirla, incorporar sus ritmos y sus melod\u00edas a nuestros espacios y nuestras vidas. Animaremos a cada asistente a crear su propia jota (individual o con amigas) y a compartirla con el resto cant\u00e1ndola fatal\u201d. Dinamizado por Amigues de la jota!<\/p>\n","protected":false},"excerpt":{"rendered":"<p>Bueno bueno&#8230; m\u00fasica, cuentacuentos, mesa redonda&#8230; c\u00f3mo no iba a haber unos talleres preparados con mucho amor para vosotres!!\ud83d\udc97 En este taller charlaremos sobre c\u00f3mo surgi\u00f3 el CamerosCuir, nuestro proceso de creaci\u00f3n, nuestra manera de organizarnos, ayudas con las que contamos, ilusiones, desaf\u00edos y c\u00f3mo sostenernos al hacer algo por primera vez. Este taller es [&hellip;]<\/p>\n","protected":false},"author":242,"featured_media":0,"parent":0,"menu_order":0,"comment_status":"closed","ping_status":"closed","template":"","meta":{"footnotes":""},"class_list":["post-117","page","type-page","status-publish","czr-hentry"],"_links":{"self":[{"href":"https:\/\/blogs.sindominio.net\/cameroscuir\/wp-json\/wp\/v2\/pages\/117","targetHints":{"allow":["GET"]}}],"collection":[{"href":"https:\/\/blogs.sindominio.net\/cameroscuir\/wp-json\/wp\/v2\/pages"}],"about":[{"href":"https:\/\/blogs.sindominio.net\/cameroscuir\/wp-json\/wp\/v2\/types\/page"}],"author":[{"embeddable":true,"href":"https:\/\/blogs.sindominio.net\/cameroscuir\/wp-json\/wp\/v2\/users\/242"}],"replies":[{"embeddable":true,"href":"https:\/\/blogs.sindominio.net\/cameroscuir\/wp-json\/wp\/v2\/comments?post=117"}],"version-history":[{"count":4,"href":"https:\/\/blogs.sindominio.net\/cameroscuir\/wp-json\/wp\/v2\/pages\/117\/revisions"}],"predecessor-version":[{"id":337,"href":"https:\/\/blogs.sindominio.net\/cameroscuir\/wp-json\/wp\/v2\/pages\/117\/revisions\/337"}],"wp:attachment":[{"href":"https:\/\/blogs.sindominio.net\/cameroscuir\/wp-json\/wp\/v2\/media?parent=117"}],"curies":[{"name":"wp","href":"https:\/\/api.w.org\/{rel}","templated":true}]}}

<p id="block-2b130c0f-7e03-4506-938b-027918dfe32d">Bueno bueno&#8230; música, cuentacuentos, mesa redonda&#8230; cómo no iba a haber unos talleres preparados con mucho amor para vosotres!!💗</p>



<figure class="wp-block-image size-large"><img loading="lazy" decoding="async" width="1024" height="1024" src="https://blogs.sindominio.net/cameroscuir/files/2024/06/un-cameroscuir-en-cada-pueblo-1024x1024.jpg" alt="" class="wp-image-271" srcset="https://blogs.sindominio.net/cameroscuir/files/2024/06/un-cameroscuir-en-cada-pueblo-1024x1024.jpg 1024w, https://blogs.sindominio.net/cameroscuir/files/2024/06/un-cameroscuir-en-cada-pueblo-300x300.jpg 300w, https://blogs.sindominio.net/cameroscuir/files/2024/06/un-cameroscuir-en-cada-pueblo-150x150.jpg 150w, https://blogs.sindominio.net/cameroscuir/files/2024/06/un-cameroscuir-en-cada-pueblo-768x768.jpg 768w, https://blogs.sindominio.net/cameroscuir/files/2024/06/un-cameroscuir-en-cada-pueblo-510x510.jpg 510w, https://blogs.sindominio.net/cameroscuir/files/2024/06/un-cameroscuir-en-cada-pueblo.jpg 1134w" sizes="auto, (max-width: 1024px) 100vw, 1024px" /></figure>



<p>En este taller charlaremos sobre cómo surgió el CamerosCuir, nuestro proceso de creación, nuestra manera de organizarnos, ayudas con las que contamos, ilusiones, desafíos y cómo sostenernos al hacer algo por primera vez. Este taller es una invitación a todas aquellas personas que vengan de fuera y sueñen con ver un festival cuir rural en su pueblo, para que se animen a preguntarnos dudas de cómo hacerlo, para que fantaseemos juntes… Esto es para que haya un CamerosCuir en cada pueblo &lt;3</p>



<figure class="wp-block-image size-large"><img loading="lazy" decoding="async" width="1024" height="1024" src="https://blogs.sindominio.net/cameroscuir/files/2024/06/tejer-un-trozo-de-tela-copia-1024x1024.jpg" alt="" class="wp-image-274" srcset="https://blogs.sindominio.net/cameroscuir/files/2024/06/tejer-un-trozo-de-tela-copia-1024x1024.jpg 1024w, https://blogs.sindominio.net/cameroscuir/files/2024/06/tejer-un-trozo-de-tela-copia-300x300.jpg 300w, https://blogs.sindominio.net/cameroscuir/files/2024/06/tejer-un-trozo-de-tela-copia-150x150.jpg 150w, https://blogs.sindominio.net/cameroscuir/files/2024/06/tejer-un-trozo-de-tela-copia-768x768.jpg 768w, https://blogs.sindominio.net/cameroscuir/files/2024/06/tejer-un-trozo-de-tela-copia-510x510.jpg 510w, https://blogs.sindominio.net/cameroscuir/files/2024/06/tejer-un-trozo-de-tela-copia.jpg 1134w" sizes="auto, (max-width: 1024px) 100vw, 1024px" /></figure>



<p>“Este taller de carácter práctico consistirá en aprender a tejer un pequeño tapiz sobre un telar vertical sencillo. Durante la sesión explicaremos cómo fabricar un telar vertical, cómo montar sobre este los hilos de la urdimbre (los hilos verticales) y cómo tejer (la trama) sobre esta, haciendo por último una demostración de distintas maneras de rematar nuestro tapiz. Enseñaremos a tejer con hilo pero también a experimentar tejiendo con distintas fibras y elementos “no textiles”que encontramos a nuestro alrededor.” A cargo de nuestra querida Aitana Martínez Groves-Raines (<a href="https://www.instagram.com/hilo.y.lananana/">@hilo.y.lananana</a>)</p>



<figure class="wp-block-image size-large"><img loading="lazy" decoding="async" width="1024" height="1024" src="https://blogs.sindominio.net/cameroscuir/files/2024/06/taller-drag-disidente-copia-1024x1024.jpg" alt="" class="wp-image-272" srcset="https://blogs.sindominio.net/cameroscuir/files/2024/06/taller-drag-disidente-copia-1024x1024.jpg 1024w, https://blogs.sindominio.net/cameroscuir/files/2024/06/taller-drag-disidente-copia-300x300.jpg 300w, https://blogs.sindominio.net/cameroscuir/files/2024/06/taller-drag-disidente-copia-150x150.jpg 150w, https://blogs.sindominio.net/cameroscuir/files/2024/06/taller-drag-disidente-copia-768x768.jpg 768w, https://blogs.sindominio.net/cameroscuir/files/2024/06/taller-drag-disidente-copia-510x510.jpg 510w, https://blogs.sindominio.net/cameroscuir/files/2024/06/taller-drag-disidente-copia.jpg 1134w" sizes="auto, (max-width: 1024px) 100vw, 1024px" /></figure>



<p>Taller de exploración drag king/queer a cargo de Marco Yote y Leivaduro de Cerveza: “primero haremos una rondita para conocernos un poco y crear confianza, después haremos una breve introducción a la genealogía drag king en españa, pensaremos juntes sobre qué es esto del drag king y drag queer, nos maquillaremos, y por último haremos alguna dinámica de movimiento y creación de personaje.” Dinamizado por los increíbles Marco Yote (<a href="https://www.instagram.com/marcoyote_drag/">@marcoyote_drag</a>) y Leivaduro de Cerveza (<a href="https://www.instagram.com/leivadurodecerveza.drag/">@leivadurodecerveza.drag</a>) &lt;3</p>



<figure class="wp-block-image size-large"><img loading="lazy" decoding="async" width="1024" height="1024" src="https://blogs.sindominio.net/cameroscuir/files/2024/06/des-maskaradas-copia-1024x1024.jpg" alt="" class="wp-image-275" srcset="https://blogs.sindominio.net/cameroscuir/files/2024/06/des-maskaradas-copia-1024x1024.jpg 1024w, https://blogs.sindominio.net/cameroscuir/files/2024/06/des-maskaradas-copia-300x300.jpg 300w, https://blogs.sindominio.net/cameroscuir/files/2024/06/des-maskaradas-copia-150x150.jpg 150w, https://blogs.sindominio.net/cameroscuir/files/2024/06/des-maskaradas-copia-768x768.jpg 768w, https://blogs.sindominio.net/cameroscuir/files/2024/06/des-maskaradas-copia-510x510.jpg 510w, https://blogs.sindominio.net/cameroscuir/files/2024/06/des-maskaradas-copia.jpg 1134w" sizes="auto, (max-width: 1024px) 100vw, 1024px" /></figure>



<p>«Este es un taller en el que cada participantx creará una maskara con materiales reciclados basada en su imaginario. Si los participantes quieren llevar su propio material perfecto, pero no es necesario ya que será proporcionado por parte de les talleristas». De la mano del talento de <a href="https://www.instagram.com/trucarec/">@trucarec</a>.</p>



<figure class="wp-block-image size-large is-resized"><img loading="lazy" decoding="async" width="1024" height="1024" src="https://blogs.sindominio.net/cameroscuir/files/2024/06/cuirizando-la-jota-copia-1024x1024.jpg" alt="" class="wp-image-273" style="width:768px;height:auto" srcset="https://blogs.sindominio.net/cameroscuir/files/2024/06/cuirizando-la-jota-copia-1024x1024.jpg 1024w, https://blogs.sindominio.net/cameroscuir/files/2024/06/cuirizando-la-jota-copia-300x300.jpg 300w, https://blogs.sindominio.net/cameroscuir/files/2024/06/cuirizando-la-jota-copia-150x150.jpg 150w, https://blogs.sindominio.net/cameroscuir/files/2024/06/cuirizando-la-jota-copia-768x768.jpg 768w, https://blogs.sindominio.net/cameroscuir/files/2024/06/cuirizando-la-jota-copia-1536x1536.jpg 1536w, https://blogs.sindominio.net/cameroscuir/files/2024/06/cuirizando-la-jota-copia-510x510.jpg 510w, https://blogs.sindominio.net/cameroscuir/files/2024/06/cuirizando-la-jota-copia.jpg 2048w" sizes="auto, (max-width: 1024px) 100vw, 1024px" /></figure>



<p>“Reivindicamos el folclore y la música popular como medio de expresión para las desviadas, también queremos espacios donde cantar mal. Haremos una intro breve sobre la jota, sus orígenes, sus funciones sociales, cómo ha sido utilizada y privatizada; veremos cómo y por qué podemos apropiarnos de ella y pervertirla, incorporar sus ritmos y sus melodías a nuestros espacios y nuestras vidas. Animaremos a cada asistente a crear su propia jota (individual o con amigas) y a compartirla con el resto cantándola fatal”. Dinamizado por Amigues de la jota!</p>

<p>Bueno bueno&#8230; música, cuentacuentos, mesa redonda&#8230; cómo no iba a haber unos talleres preparados con mucho amor para vosotres!!💗 En este taller charlaremos sobre cómo surgió el CamerosCuir, nuestro proceso de creación, nuestra manera de organizarnos, ayudas con las que contamos, ilusiones, desafíos y cómo sostenernos al hacer algo por primera vez. Este taller es [&hellip;]</p>
