{"id":114,"date":"2024-05-15T14:03:16","date_gmt":"2024-05-15T12:03:16","guid":{"rendered":"https:\/\/blogs.sindominio.net\/cameroscuir\/?page_id=114"},"modified":"2025-06-04T10:44:10","modified_gmt":"2025-06-04T08:44:10","slug":"musica","status":"publish","type":"page","link":"https:\/\/blogs.sindominio.net\/cameroscuir\/musica\/","title":{"rendered":"M\u00fasica 2024"},"content":{"rendered":"\n<p>Ya tenemos todas las confirmaciones musicales de esta edici\u00f3n del Cameroscuir!! No cabemos en nuestras cuerpas de ganas de verlas en directo!!!<\/p>\n\n\n\n<figure class=\"wp-block-image size-large\"><img loading=\"lazy\" decoding=\"async\" width=\"1024\" height=\"1024\" src=\"https:\/\/blogs.sindominio.net\/cameroscuir\/files\/2024\/05\/1-copia-1024x1024.jpg\" alt=\"\" class=\"wp-image-181\" srcset=\"https:\/\/blogs.sindominio.net\/cameroscuir\/files\/2024\/05\/1-copia-1024x1024.jpg 1024w, https:\/\/blogs.sindominio.net\/cameroscuir\/files\/2024\/05\/1-copia-300x300.jpg 300w, https:\/\/blogs.sindominio.net\/cameroscuir\/files\/2024\/05\/1-copia-150x150.jpg 150w, https:\/\/blogs.sindominio.net\/cameroscuir\/files\/2024\/05\/1-copia-768x768.jpg 768w, https:\/\/blogs.sindominio.net\/cameroscuir\/files\/2024\/05\/1-copia-510x510.jpg 510w, https:\/\/blogs.sindominio.net\/cameroscuir\/files\/2024\/05\/1-copia.jpg 1134w\" sizes=\"auto, (max-width: 1024px) 100vw, 1024px\" \/><\/figure>\n\n\n\n<p><strong>19:00<\/strong>H &#8211; Zaunka es un proyecto musical que surge en 2021 en Tierra Estella, Navarra. En sus inicios lo componen tres mujeres que deciden unirse para hacer m\u00fasica y compartirla con sus amigas. En la actualidad, el proyecto est\u00e1 compuesto por cuatro personas y a veces m\u00e1s.<\/p>\n\n\n\n<p>Est\u00e1 propuesta se asienta sobre cuatro bases fundamentales: transfeminismo, ruralidad, disfrute y compa\u00f1erismo.<\/p>\n\n\n\n<p>Entienden la m\u00fasica como un espacio colectivo donde poder empoderarnos y romper estereotipos relacionados con las mujeres y las identidades disidentes que forman parte de la industria musical. Tambi\u00e9n reivindican una cultura rural, que nazca en los pueblos y que alimente a los pueblos. La cultura no deber\u00eda estar reservada a las ciudades; ni su producci\u00f3n, ni su consumo. Creen en el goce como herramienta transformadora, y en el baile y la risa como caminos para construir espacios seguros. En sus conciertos hacen canciones propias y versiones, se definen como mamarratxas pero buenas mutxatxas. Les gusta la farandula, la parranda, bailar y gozar.<\/p>\n\n\n\n<p>En cuanto al estilo,,,un poco de todo, desde rumba, cumbia, regge, folklore\u2026 y cosas que dicen no saber definir estilisticamente. En definitiva, HACEN LO QUE QUIEREN!!<\/p>\n\n\n\n<figure class=\"wp-block-image size-large\"><img loading=\"lazy\" decoding=\"async\" width=\"1024\" height=\"1024\" src=\"https:\/\/blogs.sindominio.net\/cameroscuir\/files\/2024\/05\/GOODBOI-copia-1024x1024.jpg\" alt=\"\" class=\"wp-image-194\" srcset=\"https:\/\/blogs.sindominio.net\/cameroscuir\/files\/2024\/05\/GOODBOI-copia-1024x1024.jpg 1024w, https:\/\/blogs.sindominio.net\/cameroscuir\/files\/2024\/05\/GOODBOI-copia-300x300.jpg 300w, https:\/\/blogs.sindominio.net\/cameroscuir\/files\/2024\/05\/GOODBOI-copia-150x150.jpg 150w, https:\/\/blogs.sindominio.net\/cameroscuir\/files\/2024\/05\/GOODBOI-copia-768x768.jpg 768w, https:\/\/blogs.sindominio.net\/cameroscuir\/files\/2024\/05\/GOODBOI-copia-510x510.jpg 510w, https:\/\/blogs.sindominio.net\/cameroscuir\/files\/2024\/05\/GOODBOI-copia.jpg 1134w\" sizes=\"auto, (max-width: 1024px) 100vw, 1024px\" \/><\/figure>\n\n\n\n<p><strong>20:15H <\/strong>&#8211; \u00abEmo? Indie rock? Post punk? Stoner rock? No sabemos lo que hacemos pero tampoco nos importa mucho. Unidas por el destino tras un concierto fortuito, estas dos personas decidieron que ya era hora de olvidar eso de tener que adherirse a g\u00e9neros musicales concretos y, simplemente, hacer lo que les diera la gana en cada canci\u00f3n. Blandites pero con pegada, nos encontramos siempre en un espacio liminal e indeterminado en el espectro entre llorar y montar un pogo\u00bb.<\/p>\n\n\n\n<figure class=\"wp-block-image size-large\"><img loading=\"lazy\" decoding=\"async\" width=\"1024\" height=\"1024\" src=\"https:\/\/blogs.sindominio.net\/cameroscuir\/files\/2024\/06\/basura-caliente-1024x1024.jpg\" alt=\"\" class=\"wp-image-268\" srcset=\"https:\/\/blogs.sindominio.net\/cameroscuir\/files\/2024\/06\/basura-caliente-1024x1024.jpg 1024w, https:\/\/blogs.sindominio.net\/cameroscuir\/files\/2024\/06\/basura-caliente-300x300.jpg 300w, https:\/\/blogs.sindominio.net\/cameroscuir\/files\/2024\/06\/basura-caliente-150x150.jpg 150w, https:\/\/blogs.sindominio.net\/cameroscuir\/files\/2024\/06\/basura-caliente-768x768.jpg 768w, https:\/\/blogs.sindominio.net\/cameroscuir\/files\/2024\/06\/basura-caliente-510x510.jpg 510w, https:\/\/blogs.sindominio.net\/cameroscuir\/files\/2024\/06\/basura-caliente.jpg 1134w\" sizes=\"auto, (max-width: 1024px) 100vw, 1024px\" \/><\/figure>\n\n\n\n<p><strong>21:00H<\/strong> &#8211; \u00abSomos un grupo punk cuir que busca pas\u00e1rselo bien y crear espacios disfrutones para nuestras pustis, froce, malakas y mariconas. No es punk, es pur pur punk. \u2728\u00bb<\/p>\n\n\n\n<figure class=\"wp-block-image size-large\"><img loading=\"lazy\" decoding=\"async\" width=\"1024\" height=\"1024\" src=\"https:\/\/blogs.sindominio.net\/cameroscuir\/files\/2024\/05\/O-RABELO-copia-1024x1024.jpg\" alt=\"\" class=\"wp-image-179\" srcset=\"https:\/\/blogs.sindominio.net\/cameroscuir\/files\/2024\/05\/O-RABELO-copia-1024x1024.jpg 1024w, https:\/\/blogs.sindominio.net\/cameroscuir\/files\/2024\/05\/O-RABELO-copia-300x300.jpg 300w, https:\/\/blogs.sindominio.net\/cameroscuir\/files\/2024\/05\/O-RABELO-copia-150x150.jpg 150w, https:\/\/blogs.sindominio.net\/cameroscuir\/files\/2024\/05\/O-RABELO-copia-768x768.jpg 768w, https:\/\/blogs.sindominio.net\/cameroscuir\/files\/2024\/05\/O-RABELO-copia-510x510.jpg 510w, https:\/\/blogs.sindominio.net\/cameroscuir\/files\/2024\/05\/O-RABELO-copia.jpg 1134w\" sizes=\"auto, (max-width: 1024px) 100vw, 1024px\" \/><\/figure>\n\n\n\n<p><strong>22:20H<\/strong> &#8211; \ud83c\udff3\ufe0f\u200d\ud83c\udf08\ud83d\udc3e \u00a1O Rabelo! \ud83d\udc3e\ud83c\udff3\ufe0f\u200d\ud83c\udf08(Pronombres: \u00e9l\/elu)<\/p>\n\n\n\n<p>\u00c9 um animal humano que gosta de jogar, estar tranqui e rir. Anda na procura de organizar a vida coa vizinhan\u00e7a, est\u00e1 a favor da tenrura e da viol\u00eancia reativa, do apoio m\u00fatuo e de asumir os privil\u00e9gios e as cagadas. Est\u00e1 em contra da autoridade, do poder, do \u00e9xito, do esfor\u00e7o e de querer ser guai. Nos seus concertos fai m\u00fasica ao jeito em que se faziam as festas de antes, as ruas, mesturando a m\u00fasica tradicional galega com g\u00e9neros como o reguetom ou o tekno, para convidar \u00e1 gente a bailar. Joga coa m\u00fasica, as palavras e o corpo, o movemento e o est\u00e9tico no escen\u00e1rio para questionar o que \u00e9 normal e que fazemos co malestar. Explora a mitolog\u00eda, a marginalidade e o normativo a trav\u00e9s das artes esc\u00e9nicas. D\u00e1 obradoiros de regueifa, fai charlas e debates em centros de ensino sobre normatividade e dissidencia. Desenvolveu projetos art\u00edsticos arredor da escrita e a m\u00fasica, com publica\u00e7ons como El libro de Iarnal, Tenruras e raivas, Betadine ou os discos Suor e Silva, entre outros.<\/p>\n\n\n\n<p>\/\/\/\/\/<\/p>\n\n\n\n<p>Es un animal humano al que le gusta jugar, estar tranqui y re\u00edr. Anda buscando c\u00f3mo organizar la vida con la vecindad, est\u00e1 a favor de la ternura y de la violencia reactiva, del apoyo mutuo y de asumir los privilegios y las cagadas. Est\u00e1 en contra de la autoridad, del poder del \u00e9xito, del esfuerzo y de querer ser guay. En sus conciertos hace m\u00fasica de la forma en la que se hac\u00edan en las fiestas antes, en las calles, mezclando m\u00fasica tradicional gallega, con g\u00e9neros como el reggaet\u00f3n o el tekno, para invitar a la gente a bailar. juega con la m\u00fasica, las palabras y el cuerpo, el movimiento y lo est\u00e9tico en el escenario para cuestionar qu\u00e9 es normal y que hacemos con el malestar. Explora la mitolog\u00eda la marginalidad y lo normativo a trav\u00e9s de las artes esc\u00e9nicas hace talleres de regueifa, charlas y debates en centros escolares sobre normatividad y disidencia. desarrollo proyectos art\u00edsticos alrededor de la escritura y la m\u00fasica, con publicaciones como \u201cEl libro de Iarnal\u201d, \u201cTenruras e raivas\u201d, \u201cBetadine\u201d ou os discos \u201cSuor e Silva\u201d, entre otros.<\/p>\n\n\n\n<figure class=\"wp-block-image size-large\"><img loading=\"lazy\" decoding=\"async\" width=\"1024\" height=\"1024\" src=\"https:\/\/blogs.sindominio.net\/cameroscuir\/files\/2024\/05\/BLANCA-THE-FUCKING-MASTER-OF-THE-UNIVERSE-copia-1024x1024.jpg\" alt=\"\" class=\"wp-image-189\" srcset=\"https:\/\/blogs.sindominio.net\/cameroscuir\/files\/2024\/05\/BLANCA-THE-FUCKING-MASTER-OF-THE-UNIVERSE-copia-1024x1024.jpg 1024w, https:\/\/blogs.sindominio.net\/cameroscuir\/files\/2024\/05\/BLANCA-THE-FUCKING-MASTER-OF-THE-UNIVERSE-copia-300x300.jpg 300w, https:\/\/blogs.sindominio.net\/cameroscuir\/files\/2024\/05\/BLANCA-THE-FUCKING-MASTER-OF-THE-UNIVERSE-copia-150x150.jpg 150w, https:\/\/blogs.sindominio.net\/cameroscuir\/files\/2024\/05\/BLANCA-THE-FUCKING-MASTER-OF-THE-UNIVERSE-copia-768x768.jpg 768w, https:\/\/blogs.sindominio.net\/cameroscuir\/files\/2024\/05\/BLANCA-THE-FUCKING-MASTER-OF-THE-UNIVERSE-copia-510x510.jpg 510w, https:\/\/blogs.sindominio.net\/cameroscuir\/files\/2024\/05\/BLANCA-THE-FUCKING-MASTER-OF-THE-UNIVERSE-copia.jpg 1134w\" sizes=\"auto, (max-width: 1024px) 100vw, 1024px\" \/><\/figure>\n\n\n\n<p><strong>01:00H<\/strong> &#8211; Blanca the Fucking Master of the Universe se define como una mamarracha riojana que, vaya la verdad por delante, no tiene ni puta idea de pinchar, pero bastante de seleccionar temazos. Su idea es reivindicar una de las experiencias indisociables de la ruralidad: las fiestas de pueblo. A trav\u00e9s de grandes \u00e9xitos de ayer y de hoy (pero sobre todo de ayer), nos transportar\u00e1 a esas noches de petos de colores, botellas llenas de mezcla, cachis de calimotxo y frecuentes viajes a mear entre dos coches.<\/p>\n\n\n\n<figure class=\"wp-block-image size-large\"><img loading=\"lazy\" decoding=\"async\" width=\"1024\" height=\"1024\" src=\"https:\/\/blogs.sindominio.net\/cameroscuir\/files\/2024\/05\/NATS-Y-MONI-copia-1024x1024.jpg\" alt=\"\" class=\"wp-image-191\" srcset=\"https:\/\/blogs.sindominio.net\/cameroscuir\/files\/2024\/05\/NATS-Y-MONI-copia-1024x1024.jpg 1024w, https:\/\/blogs.sindominio.net\/cameroscuir\/files\/2024\/05\/NATS-Y-MONI-copia-300x300.jpg 300w, https:\/\/blogs.sindominio.net\/cameroscuir\/files\/2024\/05\/NATS-Y-MONI-copia-150x150.jpg 150w, https:\/\/blogs.sindominio.net\/cameroscuir\/files\/2024\/05\/NATS-Y-MONI-copia-768x768.jpg 768w, https:\/\/blogs.sindominio.net\/cameroscuir\/files\/2024\/05\/NATS-Y-MONI-copia-510x510.jpg 510w, https:\/\/blogs.sindominio.net\/cameroscuir\/files\/2024\/05\/NATS-Y-MONI-copia.jpg 1134w\" sizes=\"auto, (max-width: 1024px) 100vw, 1024px\" \/><\/figure>\n\n\n\n<p><strong>02:00H<\/strong> &#8211; \u00abMamarracheo y reggaet\u00f3n de ayer y de hoy pa que te desga\u00f1ites y muevas hasta las pesta\u00f1as. Baila, grita, salta, t\u00f3canos las palmas o lo que m\u00e1s te apetezca, comparte con tus amigues o come bafle al ritmo de tus dos kuirs de confianza!\u00bb<\/p>\n\n\n\n<figure class=\"wp-block-image size-large\"><img loading=\"lazy\" decoding=\"async\" width=\"1024\" height=\"1024\" src=\"https:\/\/blogs.sindominio.net\/cameroscuir\/files\/2024\/05\/LA-ZURDA-copia-1024x1024.jpg\" alt=\"\" class=\"wp-image-196\" srcset=\"https:\/\/blogs.sindominio.net\/cameroscuir\/files\/2024\/05\/LA-ZURDA-copia-1024x1024.jpg 1024w, https:\/\/blogs.sindominio.net\/cameroscuir\/files\/2024\/05\/LA-ZURDA-copia-300x300.jpg 300w, https:\/\/blogs.sindominio.net\/cameroscuir\/files\/2024\/05\/LA-ZURDA-copia-150x150.jpg 150w, https:\/\/blogs.sindominio.net\/cameroscuir\/files\/2024\/05\/LA-ZURDA-copia-768x768.jpg 768w, https:\/\/blogs.sindominio.net\/cameroscuir\/files\/2024\/05\/LA-ZURDA-copia-510x510.jpg 510w, https:\/\/blogs.sindominio.net\/cameroscuir\/files\/2024\/05\/LA-ZURDA-copia.jpg 1134w\" sizes=\"auto, (max-width: 1024px) 100vw, 1024px\" \/><\/figure>\n\n\n\n<p><strong>03:00H<\/strong> &#8211; DJZURDA viene a traernos un musik\u00f3n de lo m\u00e1s ravero para que bailemos, saltemos y comamos bien de altavoz entre todes. una jota con tekno, un reggaeton con hardcore, una cantada con makina, unas vocales con psytrance\u2026un poco de todo!! karne, bombo, hueso y hardcore bollero pal pueblo &lt;3<\/p>\n","protected":false},"excerpt":{"rendered":"<p>Ya tenemos todas las confirmaciones musicales de esta edici\u00f3n del Cameroscuir!! No cabemos en nuestras cuerpas de ganas de verlas en directo!!! 19:00H &#8211; Zaunka es un proyecto musical que surge en 2021 en Tierra Estella, Navarra. En sus inicios lo componen tres mujeres que deciden unirse para hacer m\u00fasica y compartirla con sus amigas. [&hellip;]<\/p>\n","protected":false},"author":242,"featured_media":0,"parent":0,"menu_order":0,"comment_status":"closed","ping_status":"closed","template":"","meta":{"footnotes":""},"class_list":["post-114","page","type-page","status-publish","czr-hentry"],"_links":{"self":[{"href":"https:\/\/blogs.sindominio.net\/cameroscuir\/wp-json\/wp\/v2\/pages\/114","targetHints":{"allow":["GET"]}}],"collection":[{"href":"https:\/\/blogs.sindominio.net\/cameroscuir\/wp-json\/wp\/v2\/pages"}],"about":[{"href":"https:\/\/blogs.sindominio.net\/cameroscuir\/wp-json\/wp\/v2\/types\/page"}],"author":[{"embeddable":true,"href":"https:\/\/blogs.sindominio.net\/cameroscuir\/wp-json\/wp\/v2\/users\/242"}],"replies":[{"embeddable":true,"href":"https:\/\/blogs.sindominio.net\/cameroscuir\/wp-json\/wp\/v2\/comments?post=114"}],"version-history":[{"count":10,"href":"https:\/\/blogs.sindominio.net\/cameroscuir\/wp-json\/wp\/v2\/pages\/114\/revisions"}],"predecessor-version":[{"id":335,"href":"https:\/\/blogs.sindominio.net\/cameroscuir\/wp-json\/wp\/v2\/pages\/114\/revisions\/335"}],"wp:attachment":[{"href":"https:\/\/blogs.sindominio.net\/cameroscuir\/wp-json\/wp\/v2\/media?parent=114"}],"curies":[{"name":"wp","href":"https:\/\/api.w.org\/{rel}","templated":true}]}}