{"id":111,"date":"2024-05-15T14:03:04","date_gmt":"2024-05-15T12:03:04","guid":{"rendered":"https:\/\/blogs.sindominio.net\/cameroscuir\/?page_id=111"},"modified":"2025-06-04T10:43:58","modified_gmt":"2025-06-04T08:43:58","slug":"mercadillo","status":"publish","type":"page","link":"https:\/\/blogs.sindominio.net\/cameroscuir\/mercadillo\/","title":{"rendered":"Mercadillo 2024"},"content":{"rendered":"\n<p id=\"block-2b130c0f-7e03-4506-938b-027918dfe32d\">Estamos encantadas de contar con este abanico de artesanes en el festi! Agradecemos tambi\u00e9n la participaci\u00f3n de FADEMUR (Federaci\u00f3n de Asociaciones de Mujeres Rurales).<\/p>\n\n\n\n<p><strong>EL BA\u00daL DE LOS SUE\u00d1OS <\/strong>(Logro\u00f1o) &#8211; <a href=\"https:\/\/el-baul-de-los-suenos.ueniweb.com\/\">Artesan\u00eda textil<\/a><\/p>\n\n\n\n<p><strong>BLANCA <\/strong>(La Rioja) &#8211; Flores<\/p>\n\n\n\n<p><strong>QUESER\u00cdA ROCA DE CABRA<\/strong> (Ortigosa de Cameros) &#8211; <a href=\"http:\/\/rocadecabra.com\/\">Queser\u00eda artesana<\/a><\/p>\n\n\n\n<p><strong>ALEX MU\u00d1OZ <\/strong>(Haro) &#8211; <a href=\"https:\/\/www.depop.com\/wildfaerieshop\/\">@succubpavvli<\/a><\/p>\n\n\n\n<p><strong>LA BIXXA<\/strong> (Asturies) &#8211; <a href=\"https:\/\/www.instagram.com\/labixxa\">@labixxa<\/a><\/p>\n\n\n\n<p><strong>TUTUAJE55 <\/strong>(Madrid) &#8211; <a href=\"https:\/\/www.instagram.com\/tutuaje55\">@tutuaje55<\/a><\/p>\n\n\n\n<p><strong>HAZTEUNACOSITA<\/strong> (Madrid) &#8211; <a href=\"https:\/\/www.instagram.com\/hazteunacosita\">@hazteunacosita<\/a><\/p>\n\n\n\n<p><strong>PUKA TATU<\/strong> (La Rioja) &#8211; <a href=\"https:\/\/www.instagram.com\/puka.tatu\">@puka.tatu<\/a><\/p>\n\n\n\n<p><strong>JOYITAS Y COSITAS<\/strong> (Madrid) &#8211; <a href=\"http:\/\/instagram.com\/joyitasycositas\">@joyitasycositas<\/a><\/p>\n\n\n\n<p><strong>VIZCA EDITORIAL<\/strong> (Madrid) &#8211; <a href=\"https:\/\/traficantes.net\/editoriales\/vizca-editorial\">Vizca editorial<\/a><\/p>\n\n\n\n<p><strong>CARYDAN<\/strong> (Logro\u00f1o) &#8211; <a href=\"https:\/\/www.instagram.com\/carydanaccesorios\/\">@carydanaccesorios<\/a><\/p>\n\n\n\n<p><strong>EVA ACCESORIOS<\/strong><\/p>\n","protected":false},"excerpt":{"rendered":"<p>Estamos encantadas de contar con este abanico de artesanes en el festi! Agradecemos tambi\u00e9n la participaci\u00f3n de FADEMUR (Federaci\u00f3n de Asociaciones de Mujeres Rurales). EL BA\u00daL DE LOS SUE\u00d1OS (Logro\u00f1o) &#8211; Artesan\u00eda textil BLANCA (La Rioja) &#8211; Flores QUESER\u00cdA ROCA DE CABRA (Ortigosa de Cameros) &#8211; Queser\u00eda artesana ALEX MU\u00d1OZ (Haro) &#8211; @succubpavvli LA BIXXA [&hellip;]<\/p>\n","protected":false},"author":242,"featured_media":0,"parent":0,"menu_order":0,"comment_status":"closed","ping_status":"closed","template":"","meta":{"footnotes":""},"class_list":["post-111","page","type-page","status-publish","czr-hentry"],"_links":{"self":[{"href":"https:\/\/blogs.sindominio.net\/cameroscuir\/wp-json\/wp\/v2\/pages\/111","targetHints":{"allow":["GET"]}}],"collection":[{"href":"https:\/\/blogs.sindominio.net\/cameroscuir\/wp-json\/wp\/v2\/pages"}],"about":[{"href":"https:\/\/blogs.sindominio.net\/cameroscuir\/wp-json\/wp\/v2\/types\/page"}],"author":[{"embeddable":true,"href":"https:\/\/blogs.sindominio.net\/cameroscuir\/wp-json\/wp\/v2\/users\/242"}],"replies":[{"embeddable":true,"href":"https:\/\/blogs.sindominio.net\/cameroscuir\/wp-json\/wp\/v2\/comments?post=111"}],"version-history":[{"count":10,"href":"https:\/\/blogs.sindominio.net\/cameroscuir\/wp-json\/wp\/v2\/pages\/111\/revisions"}],"predecessor-version":[{"id":332,"href":"https:\/\/blogs.sindominio.net\/cameroscuir\/wp-json\/wp\/v2\/pages\/111\/revisions\/332"}],"wp:attachment":[{"href":"https:\/\/blogs.sindominio.net\/cameroscuir\/wp-json\/wp\/v2\/media?parent=111"}],"curies":[{"name":"wp","href":"https:\/\/api.w.org\/{rel}","templated":true}]}}

<p id="block-2b130c0f-7e03-4506-938b-027918dfe32d">Estamos encantadas de contar con este abanico de artesanes en el festi! Agradecemos también la participación de FADEMUR (Federación de Asociaciones de Mujeres Rurales).</p>



<p><strong>EL BAÚL DE LOS SUEÑOS </strong>(Logroño) &#8211; <a href="https://el-baul-de-los-suenos.ueniweb.com/">Artesanía textil</a></p>



<p><strong>BLANCA </strong>(La Rioja) &#8211; Flores</p>



<p><strong>QUESERÍA ROCA DE CABRA</strong> (Ortigosa de Cameros) &#8211; <a href="http://rocadecabra.com/">Quesería artesana</a></p>



<p><strong>ALEX MUÑOZ </strong>(Haro) &#8211; <a href="https://www.depop.com/wildfaerieshop/">@succubpavvli</a></p>



<p><strong>LA BIXXA</strong> (Asturies) &#8211; <a href="https://www.instagram.com/labixxa">@labixxa</a></p>



<p><strong>TUTUAJE55 </strong>(Madrid) &#8211; <a href="https://www.instagram.com/tutuaje55">@tutuaje55</a></p>



<p><strong>HAZTEUNACOSITA</strong> (Madrid) &#8211; <a href="https://www.instagram.com/hazteunacosita">@hazteunacosita</a></p>



<p><strong>PUKA TATU</strong> (La Rioja) &#8211; <a href="https://www.instagram.com/puka.tatu">@puka.tatu</a></p>



<p><strong>JOYITAS Y COSITAS</strong> (Madrid) &#8211; <a href="http://instagram.com/joyitasycositas">@joyitasycositas</a></p>



<p><strong>VIZCA EDITORIAL</strong> (Madrid) &#8211; <a href="https://traficantes.net/editoriales/vizca-editorial">Vizca editorial</a></p>



<p><strong>CARYDAN</strong> (Logroño) &#8211; <a href="https://www.instagram.com/carydanaccesorios/">@carydanaccesorios</a></p>



<p><strong>EVA ACCESORIOS</strong></p>

<p>Estamos encantadas de contar con este abanico de artesanes en el festi! Agradecemos también la participación de FADEMUR (Federación de Asociaciones de Mujeres Rurales). EL BAÚL DE LOS SUEÑOS (Logroño) &#8211; Artesanía textil BLANCA (La Rioja) &#8211; Flores QUESERÍA ROCA DE CABRA (Ortigosa de Cameros) &#8211; Quesería artesana ALEX MUÑOZ (Haro) &#8211; @succubpavvli LA BIXXA [&hellip;]</p>
