{"id":108,"date":"2024-05-15T14:02:45","date_gmt":"2024-05-15T12:02:45","guid":{"rendered":"https:\/\/blogs.sindominio.net\/cameroscuir\/?page_id=108"},"modified":"2025-06-04T10:43:48","modified_gmt":"2025-06-04T08:43:48","slug":"exposiciones","status":"publish","type":"page","link":"https:\/\/blogs.sindominio.net\/cameroscuir\/exposiciones\/","title":{"rendered":"Exposiciones 2024"},"content":{"rendered":"\n<p id=\"block-2b130c0f-7e03-4506-938b-027918dfe32d\">En nuestra sala de exposiciones tenemos la suerte de contar con&#8230;<\/p>\n\n\n\n<p><strong>THE TILE PROJECT<\/strong><\/p>\n\n\n\n<p><a href=\"https:\/\/www.instagram.com\/the_tile_project\/\"><strong>The Tile Project<\/strong><\/a> es una innovadora iniciativa art\u00edstica que fusiona arte y tecnolog\u00eda para transformar el entorno urbano. Inspirados en la interacci\u00f3n entre lo p\u00fablico y lo privado, colaboran con la comunidad para redefinir el paisaje urbano mediante im\u00e1genes con perspectiva de g\u00e9nero y reivindicaci\u00f3n de derechos. Este proyecto combina la tradici\u00f3n de los azulejos con la modernidad digital para transformar la expresi\u00f3n art\u00edstica contempor\u00e1nea.<\/p>\n\n\n\n<figure class=\"wp-block-image size-large\"><img loading=\"lazy\" decoding=\"async\" width=\"1024\" height=\"1024\" src=\"https:\/\/blogs.sindominio.net\/cameroscuir\/files\/2024\/06\/tile-project-copia-1024x1024.jpg\" alt=\"\" class=\"wp-image-264\" srcset=\"https:\/\/blogs.sindominio.net\/cameroscuir\/files\/2024\/06\/tile-project-copia-1024x1024.jpg 1024w, https:\/\/blogs.sindominio.net\/cameroscuir\/files\/2024\/06\/tile-project-copia-300x300.jpg 300w, https:\/\/blogs.sindominio.net\/cameroscuir\/files\/2024\/06\/tile-project-copia-150x150.jpg 150w, https:\/\/blogs.sindominio.net\/cameroscuir\/files\/2024\/06\/tile-project-copia-768x768.jpg 768w, https:\/\/blogs.sindominio.net\/cameroscuir\/files\/2024\/06\/tile-project-copia-510x510.jpg 510w, https:\/\/blogs.sindominio.net\/cameroscuir\/files\/2024\/06\/tile-project-copia.jpg 1134w\" sizes=\"auto, (max-width: 1024px) 100vw, 1024px\" \/><\/figure>\n\n\n\n<p><\/p>\n\n\n\n<p><strong>CANDECONARTE<\/strong><\/p>\n\n\n\n<p><a href=\"https:\/\/www.instagram.com\/candeconarte\/\">Candela <\/a>es una artista multidisciplinar del pueblo inspirada por el amor a las cosas bonitas. Ella lo mismo te pinta un mural, te hace jabones naturales como te pinta sobre tela y te saca ilustraciones de las calles de Nieva o de desnudos.<\/p>\n\n\n\n<figure class=\"wp-block-image size-large\"><img loading=\"lazy\" decoding=\"async\" width=\"1024\" height=\"1024\" src=\"https:\/\/blogs.sindominio.net\/cameroscuir\/files\/2024\/06\/candeconarte-copia-1024x1024.jpg\" alt=\"\" class=\"wp-image-266\" srcset=\"https:\/\/blogs.sindominio.net\/cameroscuir\/files\/2024\/06\/candeconarte-copia-1024x1024.jpg 1024w, https:\/\/blogs.sindominio.net\/cameroscuir\/files\/2024\/06\/candeconarte-copia-300x300.jpg 300w, https:\/\/blogs.sindominio.net\/cameroscuir\/files\/2024\/06\/candeconarte-copia-150x150.jpg 150w, https:\/\/blogs.sindominio.net\/cameroscuir\/files\/2024\/06\/candeconarte-copia-768x768.jpg 768w, https:\/\/blogs.sindominio.net\/cameroscuir\/files\/2024\/06\/candeconarte-copia-510x510.jpg 510w, https:\/\/blogs.sindominio.net\/cameroscuir\/files\/2024\/06\/candeconarte-copia.jpg 1134w\" sizes=\"auto, (max-width: 1024px) 100vw, 1024px\" \/><\/figure>\n","protected":false},"excerpt":{"rendered":"<p>En nuestra sala de exposiciones tenemos la suerte de contar con&#8230; THE TILE PROJECT The Tile Project es una innovadora iniciativa art\u00edstica que fusiona arte y tecnolog\u00eda para transformar el entorno urbano. Inspirados en la interacci\u00f3n entre lo p\u00fablico y lo privado, colaboran con la comunidad para redefinir el paisaje urbano mediante im\u00e1genes con perspectiva [&hellip;]<\/p>\n","protected":false},"author":242,"featured_media":0,"parent":0,"menu_order":0,"comment_status":"closed","ping_status":"closed","template":"","meta":{"footnotes":""},"class_list":["post-108","page","type-page","status-publish","czr-hentry"],"_links":{"self":[{"href":"https:\/\/blogs.sindominio.net\/cameroscuir\/wp-json\/wp\/v2\/pages\/108","targetHints":{"allow":["GET"]}}],"collection":[{"href":"https:\/\/blogs.sindominio.net\/cameroscuir\/wp-json\/wp\/v2\/pages"}],"about":[{"href":"https:\/\/blogs.sindominio.net\/cameroscuir\/wp-json\/wp\/v2\/types\/page"}],"author":[{"embeddable":true,"href":"https:\/\/blogs.sindominio.net\/cameroscuir\/wp-json\/wp\/v2\/users\/242"}],"replies":[{"embeddable":true,"href":"https:\/\/blogs.sindominio.net\/cameroscuir\/wp-json\/wp\/v2\/comments?post=108"}],"version-history":[{"count":7,"href":"https:\/\/blogs.sindominio.net\/cameroscuir\/wp-json\/wp\/v2\/pages\/108\/revisions"}],"predecessor-version":[{"id":330,"href":"https:\/\/blogs.sindominio.net\/cameroscuir\/wp-json\/wp\/v2\/pages\/108\/revisions\/330"}],"wp:attachment":[{"href":"https:\/\/blogs.sindominio.net\/cameroscuir\/wp-json\/wp\/v2\/media?parent=108"}],"curies":[{"name":"wp","href":"https:\/\/api.w.org\/{rel}","templated":true}]}}