{"id":158,"date":"2025-03-11T13:59:32","date_gmt":"2025-03-11T12:59:32","guid":{"rendered":"https:\/\/blogs.sindominio.net\/antirrepreciutatvellavlc\/?page_id=158"},"modified":"2025-03-11T13:59:32","modified_gmt":"2025-03-11T12:59:32","slug":"textes","status":"publish","type":"page","link":"https:\/\/blogs.sindominio.net\/antirrepreciutatvellavlc\/textes\/","title":{"rendered":"TEXTES"},"content":{"rendered":"\n<h3 class=\"wp-block-heading\"><strong>COMUNICAT 1<\/strong><\/h3>\n\n\n\n<p><strong>ELLS MULTEN, NOSALTRIS MULTITUD<\/strong><\/p>\n\n\n\n<p>La lucha de Caixers contin\u00faa tras a\u00f1os de resistencia a la expulsi\u00f3n<br>gradual de vecines por parte del fondo buitre Good Capital Investment;<br>la posterior okupaci\u00f3n de las viviendas vac\u00edas en medio de este proceso<br>hace 4 a\u00f1os, y la inaguraci\u00f3n del centro social autogestionado BSOA Ca<br>La Caixeta en 2022.<\/p>\n\n\n\n<p>Tras una decena de intentos de desalojo en Caixers 2, la Polic\u00eda inicia<br>un nuevo proceso represivo bajo el amparo de la \u2018Ley Mordaza\u2019, poniendo<br>una veintena de multas (m\u00e1s de 12.000\u20ac) a quienes luchan por el derecho<br>a la vivienda, la autogesti\u00f3n y los espacios liberados; y en contra de<br>la turistificaci\u00f3n que est\u00e1 destruyendo el barrio.<\/p>\n\n\n\n<p>En el \u00faltimo intento de desalojo, colaborando los bomberos con la<br>Polic\u00eda, son trasladadas 4 personas a la comisar\u00eda de Zapadores para su<br>identificaci\u00f3n, esperando nuevas sanciones.<\/p>\n\n\n\n<p>Frente a su intencion de desmovilizaci\u00f3n a trav\u00e9s de este ahogo<br>econ\u00f3mico, Caixers continua resistiendo para evitar la construcci\u00f3n de<br>un proyecto tur\u00edstico de lujo y albergando una alternativa habitacional<br>y un centro social para el barrio.<\/p>\n\n\n\n<p><\/p>\n\n\n\n<p><strong>COMUNICADO 2<\/strong><\/p>\n\n\n\n<p><strong>3 CONTRA 6<\/strong><\/p>\n\n\n\n<p>La Peseta es un edificio que alberga un proyecto de vivienda, liberado<br>en 2024 del circuito de especulaci\u00f3n.<\/p>\n\n\n\n<p>El 15 de enero de 2025<br>una empresa de desokupaciones se present\u00f3 en la Peseta con la intenci\u00f3n<br>de desalojarla de forma ilegal, sin una orden judicial.<\/p>\n\n\n\n<p>La Policia colabor\u00f3 con la empresa de nazis desplegando un gran<br>operativo que les custodi\u00f3 mientras empezaban a destrozar la puerta con<br>herramientas como radiales y martillos.<\/p>\n\n\n\n<p>Los agentes cargaron violentamente contra les que estaban alli apoyando<br>a la Peseta, acabando con multitud de personas heridas y 3 detenidas,<br>acus\u00e1ndoles de atentado a la autoridad, resistencia, des\u00f3rdenes p\u00fablicos<br>y desobediencia.<br>La respuesta del barrio par\u00f3 el intento de desalojo y la Peseta sigue<br>resistiendo frente a los intereses de Reiman Inversiones, la<br>colaboraci\u00f3n entre \u2018desokupas\u2019 y Polic\u00eda, y las fuertes acusaciones<br>penales que han iniciado.<\/p>\n","protected":false},"excerpt":{"rendered":"<p>COMUNICAT 1 ELLS MULTEN, NOSALTRIS MULTITUD La lucha de Caixers contin\u00faa tras a\u00f1os de resistencia a la expulsi\u00f3ngradual de vecines por parte del fondo buitre Good Capital Investment;la posterior okupaci\u00f3n de las viviendas vac\u00edas en medio de este procesohace 4 &hellip; <a href=\"https:\/\/blogs.sindominio.net\/antirrepreciutatvellavlc\/textes\/\">Continua llegint <span class=\"meta-nav\">&rarr;<\/span><\/a><\/p>\n","protected":false},"author":256,"featured_media":0,"parent":0,"menu_order":0,"comment_status":"closed","ping_status":"closed","template":"","meta":{"footnotes":""},"class_list":["post-158","page","type-page","status-publish","hentry"],"_links":{"self":[{"href":"https:\/\/blogs.sindominio.net\/antirrepreciutatvellavlc\/wp-json\/wp\/v2\/pages\/158","targetHints":{"allow":["GET"]}}],"collection":[{"href":"https:\/\/blogs.sindominio.net\/antirrepreciutatvellavlc\/wp-json\/wp\/v2\/pages"}],"about":[{"href":"https:\/\/blogs.sindominio.net\/antirrepreciutatvellavlc\/wp-json\/wp\/v2\/types\/page"}],"author":[{"embeddable":true,"href":"https:\/\/blogs.sindominio.net\/antirrepreciutatvellavlc\/wp-json\/wp\/v2\/users\/256"}],"replies":[{"embeddable":true,"href":"https:\/\/blogs.sindominio.net\/antirrepreciutatvellavlc\/wp-json\/wp\/v2\/comments?post=158"}],"version-history":[{"count":1,"href":"https:\/\/blogs.sindominio.net\/antirrepreciutatvellavlc\/wp-json\/wp\/v2\/pages\/158\/revisions"}],"predecessor-version":[{"id":159,"href":"https:\/\/blogs.sindominio.net\/antirrepreciutatvellavlc\/wp-json\/wp\/v2\/pages\/158\/revisions\/159"}],"wp:attachment":[{"href":"https:\/\/blogs.sindominio.net\/antirrepreciutatvellavlc\/wp-json\/wp\/v2\/media?parent=158"}],"curies":[{"name":"wp","href":"https:\/\/api.w.org\/{rel}","templated":true}]}}